{"id":165,"date":"2017-07-26T15:55:05","date_gmt":"2017-07-26T13:55:05","guid":{"rendered":"http:\/\/www.avvisopubblico.it\/home\/?page_id=165"},"modified":"2017-07-26T15:55:05","modified_gmt":"2017-07-26T13:55:05","slug":"proposte","status":"publish","type":"page","link":"https:\/\/welaikaadv.site\/avviso\/home\/cosa-facciamo\/formare\/proposte\/","title":{"rendered":"Proposte"},"content":{"rendered":"<p>Percorsi, tematiche, servizi<\/p>\n<h2>I percorsi realizzati<\/h2>\n<p>In questi anni abbiamo realizzato percorsi formativi differenziati:<\/p>\n<ul>\n<li>per i temi affrontati;<\/li>\n<li>per la durata (dalla singola giornata a un percorso pi\u00f9 articolato che generalmente si conclude con un evento pubblico);<\/li>\n<li>per la metodologia (seminari; lezioni frontali; laboratori con studi di caso, workshop);<\/li>\n<li>per i destinatari coinvolti (amministratori locali, dipendenti pubblici, rappresentanti del mondo economico e produttivo, delle libere professioni, delle associazioni e cittadini).<\/li>\n<\/ul>\n<h2>I temi pi\u00f9 richiesti<\/h2>\n<ul>\n<li>Codice degli appalti e dei contratti pubblici;<\/li>\n<li>Prevenzione e contrasto della corruzione e promozione della trasparenza amministrativa;<\/li>\n<li>Prevenzione e contrasto alle ecomafie;<\/li>\n<li>Prevenzione e contrasto delle infiltrazioni mafiose negli Enti Locali;<\/li>\n<li>Prevenzione e contrasto a elusione, evasione e riciclaggio;<\/li>\n<li>Prevenzione e contrasto al gioco d\u2019azzardo patologico;<\/li>\n<li>Promozione dell\u2019etica pubblica: dalle carte dei valori ai codici di condotta per i dipendenti pubblici e gli amministratori locali;<\/li>\n<li>Utilizzo per fini sociali e istituzionali dei beni confiscati.<\/li>\n<\/ul>\n<h2>I servizi offerti<\/h2>\n<p>Agli Enti che intendono svolgere attivit\u00e0 di formazione con Avviso Pubblico, l\u2019Associazione offre i seguenti servizi:<\/p>\n<ul>\n<li>Ideazione e progettazione del percorso formativo;<\/li>\n<li>Individuazione e gestione del rapporto con i relatori, sia per gli aspetti formativi che amministrativi;<\/li>\n<li>Organizzazione degli incontri formativi;<\/li>\n<li>Fornitura del materiale didattico;<\/li>\n<li>Diffusione ai mezzi di comunicazione delle attivit\u00e0 svolte durante il percorso formativo;<\/li>\n<li>Attestazione della presenza dei partecipanti (se richiesta).<\/li>\n<\/ul>\n<h2>Enti coinvolti in questi anni<\/h2>\n<p>Dal 2014 ad oggi, tra le varie attivit\u00e0 svolte dal Dipartimento Formazione, si segnalano le seguenti per tipologia di Ente:<\/p>\n<p><strong>Comuni<\/strong><br \/>\nAbbiategrasso, Albano Laziale, Albignasego, Bologna, Budrio, Casalgrande, Chieri, Chivasso, Desio, Fidenza, Finale Ligure, \u00a0Fiorano, Grugliasco, Latina, Lucca, Mantova, Maranello, Modena, Nichelino, Pianoro, Reggio Emilia, San Giuliano Milanese, Solaro, Trecate,\u00a0 Treviso, Ulzio, Vedelago.<\/p>\n<p><strong>Unioni\u00a0<\/strong><strong>di Comuni e Province<\/strong><br \/>\nProvincia di Reggio Emilia, Unione Reno Galliera, Unione Tresinaro Secchia.<\/p>\n<p><strong>Regioni<br \/>\n<\/strong>Puglia, Veneto, Valle d&#8217;Aosta.<\/p>\n<p><strong>Consorzi<\/strong><br \/>\nComuni del Consorzio Co.Var 14 (Beinasco, Bruino, Candiolo, Carignano, Castagnole P.Te, La Loggia, Lombriasco, Moncalieri, Nichelino, Orbassano, Osasio, Pancalieri, Piobesi T.se, Piossasco, Rivalta di Torino, Trofarello, Villastellone, Vinovo, Virle P.te) e Consorzio Casalasco Servizi Sociali.<\/p>\n<p><strong>Altri enti<br \/>\n<\/strong>FP CGIL Lazio, Ordine degli Ingegneri di Padova e di Lodi, Universit\u00e0 di Firenze.<\/p>\n<h2>I costi<\/h2>\n<p>Avviso Pubblico considera la formazione un servizio fondamentale per gli amministratori locali e intende svolgere questa attivit\u00e0 con la massima efficacia, qualit\u00e0, efficienza, orientati dal principio che la professionalit\u00e0 vada riconosciuta.<\/p>\n<p>La redazione di un preventivo presuppone che vi sia un contatto diretto tra la nostra Associazione e un rappresentante dell\u2019Ente richiedente al fine di conoscere la tipologia delle prestazioni richieste. Per maggiori informazioni <a href=\"https:\/\/welaikaadv.site\/avviso\/home\/cosa-facciamo\/formare\/contatti\/\">cliccare qui<\/a><\/p>\n","protected":false},"excerpt":{"rendered":"<p>Percorsi formativi di medio e lungo periodo, seminari pubblici, laboratori di pratiche, workshop, sia in presenza sia online&nbsp;<span class=\"hellipsis\">[&hellip;]<\/span><a class=\"more-link\" href=\"https:\/\/welaikaadv.site\/avviso\/home\/cosa-facciamo\/formare\/proposte\/\">Leggi tutto <span class=\"screen-reader-text\">Proposte<\/span> <span class=\"meta-nav\" aria-hidden=\"true\">&rarr;<\/span><\/a><\/p>\n","protected":false},"author":1,"featured_media":7721,"parent":23538,"menu_order":20,"comment_status":"closed","ping_status":"closed","template":"","meta":{"_acf_changed":false,"_exactmetrics_skip_tracking":false,"_exactmetrics_sitenote_active":false,"_exactmetrics_sitenote_note":"","_exactmetrics_sitenote_category":0,"wp_social_preview_title":"","wp_social_preview_description":"","wp_social_preview_image":0,"footnotes":""},"class_list":["post-165","page","type-page","status-publish","has-post-thumbnail","hentry"],"acf":[],"yoast_head":"<!-- This site is optimized with the Yoast SEO plugin v27.2 - https:\/\/yoast.com\/product\/yoast-seo-wordpress\/ -->\n<title>Proposte - Staging Avviso Pubblico<\/title>\n<meta name=\"robots\" content=\"noindex, follow, max-snippet:-1, max-image-preview:large, max-video-preview:-1\" \/>\n<meta property=\"og:locale\" content=\"it_IT\" \/>\n<meta property=\"og:type\" content=\"article\" \/>\n<meta property=\"og:title\" content=\"Proposte - Staging Avviso Pubblico\" \/>\n<meta property=\"og:description\" content=\"Percorsi formativi di medio e lungo periodo, seminari pubblici, laboratori di pratiche, workshop, sia in presenza sia online&nbsp;[&hellip;]Leggi tutto Proposte &rarr;\" \/>\n<meta property=\"og:url\" content=\"https:\/\/welaikaadv.site\/avviso\/home\/cosa-facciamo\/formare\/proposte\/\" \/>\n<meta property=\"og:site_name\" content=\"Staging Avviso Pubblico\" \/>\n<meta name=\"twitter:card\" content=\"summary_large_image\" \/>\n<meta name=\"twitter:label1\" content=\"Tempo di lettura stimato\" \/>\n\t<meta name=\"twitter:data1\" content=\"2 minuti\" \/>\n<script type=\"application\/ld+json\" class=\"yoast-schema-graph\">{\"@context\":\"https:\/\/schema.org\",\"@graph\":[{\"@type\":\"WebPage\",\"@id\":\"https:\/\/welaikaadv.site\/avviso\/home\/cosa-facciamo\/formare\/proposte\/\",\"url\":\"https:\/\/welaikaadv.site\/avviso\/home\/cosa-facciamo\/formare\/proposte\/\",\"name\":\"Proposte - Staging Avviso Pubblico\",\"isPartOf\":{\"@id\":\"https:\/\/welaikaadv.site\/avviso\/#website\"},\"primaryImageOfPage\":{\"@id\":\"https:\/\/welaikaadv.site\/avviso\/home\/cosa-facciamo\/formare\/proposte\/#primaryimage\"},\"image\":{\"@id\":\"https:\/\/welaikaadv.site\/avviso\/home\/cosa-facciamo\/formare\/proposte\/#primaryimage\"},\"thumbnailUrl\":\"\",\"datePublished\":\"2017-07-26T13:55:05+00:00\",\"breadcrumb\":{\"@id\":\"https:\/\/welaikaadv.site\/avviso\/home\/cosa-facciamo\/formare\/proposte\/#breadcrumb\"},\"inLanguage\":\"it-IT\",\"potentialAction\":[{\"@type\":\"ReadAction\",\"target\":[\"https:\/\/welaikaadv.site\/avviso\/home\/cosa-facciamo\/formare\/proposte\/\"]}]},{\"@type\":\"ImageObject\",\"inLanguage\":\"it-IT\",\"@id\":\"https:\/\/welaikaadv.site\/avviso\/home\/cosa-facciamo\/formare\/proposte\/#primaryimage\",\"url\":\"\",\"contentUrl\":\"\"},{\"@type\":\"BreadcrumbList\",\"@id\":\"https:\/\/welaikaadv.site\/avviso\/home\/cosa-facciamo\/formare\/proposte\/#breadcrumb\",\"itemListElement\":[{\"@type\":\"ListItem\",\"position\":1,\"name\":\"Home\",\"item\":\"https:\/\/welaikaadv.site\/avviso\/\"},{\"@type\":\"ListItem\",\"position\":2,\"name\":\"Home\",\"item\":\"https:\/\/welaikaadv.site\/avviso\/home\/\"},{\"@type\":\"ListItem\",\"position\":3,\"name\":\"Cosa facciamo\",\"item\":\"https:\/\/welaikaadv.site\/avviso\/home\/cosa-facciamo\/\"},{\"@type\":\"ListItem\",\"position\":4,\"name\":\"Formare\",\"item\":\"https:\/\/welaikaadv.site\/avviso\/home\/cosa-facciamo\/formare\/\"},{\"@type\":\"ListItem\",\"position\":5,\"name\":\"Proposte\"}]},{\"@type\":\"WebSite\",\"@id\":\"https:\/\/welaikaadv.site\/avviso\/#website\",\"url\":\"https:\/\/welaikaadv.site\/avviso\/\",\"name\":\"Staging Avviso Pubblico\",\"description\":\"\",\"publisher\":{\"@id\":\"https:\/\/welaikaadv.site\/avviso\/#organization\"},\"potentialAction\":[{\"@type\":\"SearchAction\",\"target\":{\"@type\":\"EntryPoint\",\"urlTemplate\":\"https:\/\/welaikaadv.site\/avviso\/?s={search_term_string}\"},\"query-input\":{\"@type\":\"PropertyValueSpecification\",\"valueRequired\":true,\"valueName\":\"search_term_string\"}}],\"inLanguage\":\"it-IT\"},{\"@type\":\"Organization\",\"@id\":\"https:\/\/welaikaadv.site\/avviso\/#organization\",\"name\":\"Staging Avviso Pubblico\",\"url\":\"https:\/\/welaikaadv.site\/avviso\/\",\"logo\":{\"@type\":\"ImageObject\",\"inLanguage\":\"it-IT\",\"@id\":\"https:\/\/welaikaadv.site\/avviso\/#\/schema\/logo\/image\/\",\"url\":\"https:\/\/welaikaadv.site\/avviso\/wp-content\/uploads\/2024\/08\/logoAPsito-400.png\",\"contentUrl\":\"https:\/\/welaikaadv.site\/avviso\/wp-content\/uploads\/2024\/08\/logoAPsito-400.png\",\"width\":400,\"height\":97,\"caption\":\"Staging Avviso Pubblico\"},\"image\":{\"@id\":\"https:\/\/welaikaadv.site\/avviso\/#\/schema\/logo\/image\/\"}}]}<\/script>\n<!-- \/ Yoast SEO plugin. -->","yoast_head_json":{"title":"Proposte - Staging Avviso Pubblico","robots":{"index":"noindex","follow":"follow","max-snippet":"max-snippet:-1","max-image-preview":"max-image-preview:large","max-video-preview":"max-video-preview:-1"},"og_locale":"it_IT","og_type":"article","og_title":"Proposte - Staging Avviso Pubblico","og_description":"Percorsi formativi di medio e lungo periodo, seminari pubblici, laboratori di pratiche, workshop, sia in presenza sia online&nbsp;[&hellip;]Leggi tutto Proposte &rarr;","og_url":"https:\/\/welaikaadv.site\/avviso\/home\/cosa-facciamo\/formare\/proposte\/","og_site_name":"Staging Avviso Pubblico","twitter_card":"summary_large_image","twitter_misc":{"Tempo di lettura stimato":"2 minuti"},"schema":{"@context":"https:\/\/schema.org","@graph":[{"@type":"WebPage","@id":"https:\/\/welaikaadv.site\/avviso\/home\/cosa-facciamo\/formare\/proposte\/","url":"https:\/\/welaikaadv.site\/avviso\/home\/cosa-facciamo\/formare\/proposte\/","name":"Proposte - Staging Avviso Pubblico","isPartOf":{"@id":"https:\/\/welaikaadv.site\/avviso\/#website"},"primaryImageOfPage":{"@id":"https:\/\/welaikaadv.site\/avviso\/home\/cosa-facciamo\/formare\/proposte\/#primaryimage"},"image":{"@id":"https:\/\/welaikaadv.site\/avviso\/home\/cosa-facciamo\/formare\/proposte\/#primaryimage"},"thumbnailUrl":"","datePublished":"2017-07-26T13:55:05+00:00","breadcrumb":{"@id":"https:\/\/welaikaadv.site\/avviso\/home\/cosa-facciamo\/formare\/proposte\/#breadcrumb"},"inLanguage":"it-IT","potentialAction":[{"@type":"ReadAction","target":["https:\/\/welaikaadv.site\/avviso\/home\/cosa-facciamo\/formare\/proposte\/"]}]},{"@type":"ImageObject","inLanguage":"it-IT","@id":"https:\/\/welaikaadv.site\/avviso\/home\/cosa-facciamo\/formare\/proposte\/#primaryimage","url":"","contentUrl":""},{"@type":"BreadcrumbList","@id":"https:\/\/welaikaadv.site\/avviso\/home\/cosa-facciamo\/formare\/proposte\/#breadcrumb","itemListElement":[{"@type":"ListItem","position":1,"name":"Home","item":"https:\/\/welaikaadv.site\/avviso\/"},{"@type":"ListItem","position":2,"name":"Home","item":"https:\/\/welaikaadv.site\/avviso\/home\/"},{"@type":"ListItem","position":3,"name":"Cosa facciamo","item":"https:\/\/welaikaadv.site\/avviso\/home\/cosa-facciamo\/"},{"@type":"ListItem","position":4,"name":"Formare","item":"https:\/\/welaikaadv.site\/avviso\/home\/cosa-facciamo\/formare\/"},{"@type":"ListItem","position":5,"name":"Proposte"}]},{"@type":"WebSite","@id":"https:\/\/welaikaadv.site\/avviso\/#website","url":"https:\/\/welaikaadv.site\/avviso\/","name":"Staging Avviso Pubblico","description":"","publisher":{"@id":"https:\/\/welaikaadv.site\/avviso\/#organization"},"potentialAction":[{"@type":"SearchAction","target":{"@type":"EntryPoint","urlTemplate":"https:\/\/welaikaadv.site\/avviso\/?s={search_term_string}"},"query-input":{"@type":"PropertyValueSpecification","valueRequired":true,"valueName":"search_term_string"}}],"inLanguage":"it-IT"},{"@type":"Organization","@id":"https:\/\/welaikaadv.site\/avviso\/#organization","name":"Staging Avviso Pubblico","url":"https:\/\/welaikaadv.site\/avviso\/","logo":{"@type":"ImageObject","inLanguage":"it-IT","@id":"https:\/\/welaikaadv.site\/avviso\/#\/schema\/logo\/image\/","url":"https:\/\/welaikaadv.site\/avviso\/wp-content\/uploads\/2024\/08\/logoAPsito-400.png","contentUrl":"https:\/\/welaikaadv.site\/avviso\/wp-content\/uploads\/2024\/08\/logoAPsito-400.png","width":400,"height":97,"caption":"Staging Avviso Pubblico"},"image":{"@id":"https:\/\/welaikaadv.site\/avviso\/#\/schema\/logo\/image\/"}}]}},"_links":{"self":[{"href":"https:\/\/welaikaadv.site\/avviso\/wp-json\/wp\/v2\/pages\/165","targetHints":{"allow":["GET"]}}],"collection":[{"href":"https:\/\/welaikaadv.site\/avviso\/wp-json\/wp\/v2\/pages"}],"about":[{"href":"https:\/\/welaikaadv.site\/avviso\/wp-json\/wp\/v2\/types\/page"}],"author":[{"embeddable":true,"href":"https:\/\/welaikaadv.site\/avviso\/wp-json\/wp\/v2\/users\/1"}],"replies":[{"embeddable":true,"href":"https:\/\/welaikaadv.site\/avviso\/wp-json\/wp\/v2\/comments?post=165"}],"version-history":[{"count":0,"href":"https:\/\/welaikaadv.site\/avviso\/wp-json\/wp\/v2\/pages\/165\/revisions"}],"up":[{"embeddable":true,"href":"https:\/\/welaikaadv.site\/avviso\/wp-json\/wp\/v2\/pages\/23538"}],"wp:featuredmedia":[{"embeddable":true,"href":"https:\/\/welaikaadv.site\/avviso\/wp-json\/"}],"wp:attachment":[{"href":"https:\/\/welaikaadv.site\/avviso\/wp-json\/wp\/v2\/media?parent=165"}],"curies":[{"name":"wp","href":"https:\/\/api.w.org\/{rel}","templated":true}]}}