{"id":23481,"date":"2014-12-07T09:46:30","date_gmt":"2014-12-07T08:46:30","guid":{"rendered":"http:\/\/www.avvisopubblico.it\/osservatorio\/?page_id=3166"},"modified":"2014-12-07T09:46:30","modified_gmt":"2014-12-07T08:46:30","slug":"commissione-sul-ciclo-dei-rifiuti-audizione-dellagenzia-delle-entrate-scheda-di-sintesi","status":"publish","type":"page","link":"https:\/\/welaikaadv.site\/avviso\/home\/cosa-facciamo\/informare\/osservatorio-parlamentare\/attivita-dinchiesta\/attivita-dinchiesta-xvii\/commissione-bicamerale-sul-ciclo-dei-rifiuti\/commissione-sul-ciclo-dei-rifiuti-audizione-dellagenzia-delle-entrate-scheda-di-sintesi\/","title":{"rendered":"Commissione sul ciclo dei rifiuti: audizione dell\u2019Agenzia delle entrate"},"content":{"rendered":"<p>La Commissione parlamentare di inchiesta ha dedicato la seduta del <strong><a href=\"http:\/\/www.camera.it\/leg17\/1058?idLegislatura=17&amp;tipologia=audiz2&amp;sottotipologia=audizione&amp;anno=2014&amp;mese=11&amp;giorno=18&amp;idCommissione=39&amp;numero=0013&amp;file=indice_stenografico#stenograficoCommissione.tit00020.int00020\">18 novembre 2014<\/a><\/strong> all\u2019audizione del Direttore dell\u2019Agenzia delle entrate, incentrata sugli aspetti dell\u2019evasione fiscale connessa alle attivit\u00e0 illecite nel ciclo dei rifiuti.<\/p>\n<p>Si registra da anni il forte interesse della criminalit\u00e0 organizzata in questo settore, in risposta alla domanda di quegli imprenditori che desiderano abbattere i costi dello smaltimento delle scorie prodotte dalle loro imprese o hanno l&#8217;interesse a non far emergere lo smaltimento degli scarti, che si accompagna ad una forte evasione fiscale, facilitata anche dalle caratteristiche della filiera di recupero e riciclo dei rottami e del materiale di scarto (con un\u2019estrema frammentazione dei soggetti che vi partecipano a diverso titolo) con soggetti spesso allocati in Paesi esteri a fiscalit\u00e0 privilegiata, dove vengono trasferite ingenti somme di denaro.<\/p>\n<p>Le indagini compiute dall\u2019Agenzia mettono in luce il rilevante meccanismo di emissione di fatture per operazioni inesistenti, finalizzate ad occultare la provenienza dei rifiuti: spesso i soggetti strutturati non riescono avere fatturazioni per la provenienza illecita dei rifiuti e cos\u00ec si rivolgono ad altri soggetti che creano un complesso sistema di emissione di fatture false per coprire costi che non potrebbero essere documentati in quanto provenienti da fonti non tracciate o illecite. La frammentazione del mercato, con tantissime societ\u00e0 che chiudono e riaprono con altra denominazione, rendendo pi\u00f9 difficile le operazioni di verifica. In taluni casi sono state evidenziate sofisticate strategie con la creazione di fondi neri e la messa in atto di operazioni anche in altri settori (come quello immobiliare) finalizzate all\u2019esportazione di capitali all\u2019estero.<\/p>\n<p>Tra le proposte del Direttore dell\u2019Agenzia per contrastare tali fenomeni, oggetto di discussione da parte della Commissione, si ricordano in particolare quelle di un maggior scambio di informazioni tra tutte le Amministrazioni pubbliche interessate (ad esempio consentendo anche all\u2019Agenzia l\u2019acceso diretto al SISTRI &#8211; Sistema di controllo della tracciabilit\u00e0 dei rifiuti) ed un pi\u00f9 stretto coordinamento con le forze di polizia ed in particolare con l\u2019autorit\u00e0 giudiziaria, le cui indagini \u2013 volte ad accertare le responsabilit\u00e0 penali \u2013 potrebbero essere utilizzate anche per attivit\u00e0 di recupero delle imposte non versate, con un effetto molto rilevante in termini di deterrenza. A tale riguardo appare necessaria una revisione della normativa sul termine massimo per l\u2019esercizio del potere di accertamento, che rischia di vanificare l\u2019azione di recupero crediti in tutti quei casi in cui l\u2019indagine giudiziaria richiede analisi molto approfondite e complesse. Pi\u00f9 in generale occorre realizzare un sistema di tracciabilit\u00e0 efficiente, perch\u00e9 l\u2019attuale sistema risulta facilmente aggirabile dalla criminalit\u00e0 organizzata: l\u2019incrocio dei dati di diversa natura permetterebbe di evidenziare anomalie da sottoporre poi ad attenta verifica. Da modificare anche la disposizione che consente solo l\u2019iscrizione di un\u2019ipoteca (ma impedisce invece la vendita) in caso di beni immobili di ridotto valore.<\/p>\n<p style=\"text-align: right;\">(7 dicembre 2014)<\/p>\n","protected":false},"excerpt":{"rendered":"<p>La Commissione parlamentare di inchiesta ha dedicato la seduta del 18 novembre 2014 all\u2019audizione del Direttore dell\u2019Agenzia delle entrate, incentrata sugli aspetti dell\u2019evasione fiscale connessa&nbsp;<span class=\"hellipsis\">[&hellip;]<\/span><a class=\"more-link\" href=\"https:\/\/welaikaadv.site\/avviso\/home\/cosa-facciamo\/informare\/osservatorio-parlamentare\/attivita-dinchiesta\/attivita-dinchiesta-xvii\/commissione-bicamerale-sul-ciclo-dei-rifiuti\/commissione-sul-ciclo-dei-rifiuti-audizione-dellagenzia-delle-entrate-scheda-di-sintesi\/\">Leggi tutto <span class=\"screen-reader-text\">Commissione sul ciclo dei rifiuti: audizione dell\u2019Agenzia delle entrate<\/span> <span class=\"meta-nav\" aria-hidden=\"true\">&rarr;<\/span><\/a><\/p>\n","protected":false},"author":1,"featured_media":0,"parent":2831,"menu_order":0,"comment_status":"closed","ping_status":"closed","template":"","meta":{"_acf_changed":false,"_exactmetrics_skip_tracking":false,"_exactmetrics_sitenote_active":false,"_exactmetrics_sitenote_note":"","_exactmetrics_sitenote_category":0,"wp_social_preview_title":"","wp_social_preview_description":"","wp_social_preview_image":0,"footnotes":""},"class_list":["post-23481","page","type-page","status-publish","hentry"],"acf":[],"yoast_head":"<!-- This site is optimized with the Yoast SEO plugin v27.2 - https:\/\/yoast.com\/product\/yoast-seo-wordpress\/ -->\n<title>Commissione sul ciclo dei rifiuti: audizione dell\u2019Agenzia delle entrate - Staging Avviso Pubblico<\/title>\n<meta name=\"robots\" content=\"noindex, follow, max-snippet:-1, max-image-preview:large, max-video-preview:-1\" \/>\n<meta property=\"og:locale\" content=\"it_IT\" \/>\n<meta property=\"og:type\" content=\"article\" \/>\n<meta property=\"og:title\" content=\"Commissione sul ciclo dei rifiuti: audizione dell\u2019Agenzia delle entrate - Staging Avviso Pubblico\" \/>\n<meta property=\"og:description\" content=\"La Commissione parlamentare di inchiesta ha dedicato la seduta del 18 novembre 2014 all\u2019audizione del Direttore dell\u2019Agenzia delle entrate, incentrata sugli aspetti dell\u2019evasione fiscale connessa&nbsp;[&hellip;]Leggi tutto Commissione sul ciclo dei rifiuti: audizione dell\u2019Agenzia delle entrate &rarr;\" \/>\n<meta property=\"og:url\" content=\"https:\/\/welaikaadv.site\/avviso\/home\/cosa-facciamo\/informare\/osservatorio-parlamentare\/attivita-dinchiesta\/attivita-dinchiesta-xvii\/commissione-bicamerale-sul-ciclo-dei-rifiuti\/commissione-sul-ciclo-dei-rifiuti-audizione-dellagenzia-delle-entrate-scheda-di-sintesi\/\" \/>\n<meta property=\"og:site_name\" content=\"Staging Avviso Pubblico\" \/>\n<meta name=\"twitter:card\" content=\"summary_large_image\" \/>\n<meta name=\"twitter:label1\" content=\"Tempo di lettura stimato\" \/>\n\t<meta name=\"twitter:data1\" content=\"2 minuti\" \/>\n<script type=\"application\/ld+json\" class=\"yoast-schema-graph\">{\"@context\":\"https:\/\/schema.org\",\"@graph\":[{\"@type\":\"WebPage\",\"@id\":\"https:\/\/welaikaadv.site\/avviso\/home\/cosa-facciamo\/informare\/osservatorio-parlamentare\/attivita-dinchiesta\/attivita-dinchiesta-xvii\/commissione-bicamerale-sul-ciclo-dei-rifiuti\/commissione-sul-ciclo-dei-rifiuti-audizione-dellagenzia-delle-entrate-scheda-di-sintesi\/\",\"url\":\"https:\/\/welaikaadv.site\/avviso\/home\/cosa-facciamo\/informare\/osservatorio-parlamentare\/attivita-dinchiesta\/attivita-dinchiesta-xvii\/commissione-bicamerale-sul-ciclo-dei-rifiuti\/commissione-sul-ciclo-dei-rifiuti-audizione-dellagenzia-delle-entrate-scheda-di-sintesi\/\",\"name\":\"Commissione sul ciclo dei rifiuti: audizione dell\u2019Agenzia delle entrate - Staging Avviso Pubblico\",\"isPartOf\":{\"@id\":\"https:\/\/welaikaadv.site\/avviso\/#website\"},\"datePublished\":\"2014-12-07T08:46:30+00:00\",\"breadcrumb\":{\"@id\":\"https:\/\/welaikaadv.site\/avviso\/home\/cosa-facciamo\/informare\/osservatorio-parlamentare\/attivita-dinchiesta\/attivita-dinchiesta-xvii\/commissione-bicamerale-sul-ciclo-dei-rifiuti\/commissione-sul-ciclo-dei-rifiuti-audizione-dellagenzia-delle-entrate-scheda-di-sintesi\/#breadcrumb\"},\"inLanguage\":\"it-IT\",\"potentialAction\":[{\"@type\":\"ReadAction\",\"target\":[\"https:\/\/welaikaadv.site\/avviso\/home\/cosa-facciamo\/informare\/osservatorio-parlamentare\/attivita-dinchiesta\/attivita-dinchiesta-xvii\/commissione-bicamerale-sul-ciclo-dei-rifiuti\/commissione-sul-ciclo-dei-rifiuti-audizione-dellagenzia-delle-entrate-scheda-di-sintesi\/\"]}]},{\"@type\":\"BreadcrumbList\",\"@id\":\"https:\/\/welaikaadv.site\/avviso\/home\/cosa-facciamo\/informare\/osservatorio-parlamentare\/attivita-dinchiesta\/attivita-dinchiesta-xvii\/commissione-bicamerale-sul-ciclo-dei-rifiuti\/commissione-sul-ciclo-dei-rifiuti-audizione-dellagenzia-delle-entrate-scheda-di-sintesi\/#breadcrumb\",\"itemListElement\":[{\"@type\":\"ListItem\",\"position\":1,\"name\":\"Home\",\"item\":\"https:\/\/welaikaadv.site\/avviso\/\"},{\"@type\":\"ListItem\",\"position\":2,\"name\":\"Commissione sul ciclo dei rifiuti: audizione dell\u2019Agenzia delle entrate\"}]},{\"@type\":\"WebSite\",\"@id\":\"https:\/\/welaikaadv.site\/avviso\/#website\",\"url\":\"https:\/\/welaikaadv.site\/avviso\/\",\"name\":\"Staging Avviso Pubblico\",\"description\":\"\",\"publisher\":{\"@id\":\"https:\/\/welaikaadv.site\/avviso\/#organization\"},\"potentialAction\":[{\"@type\":\"SearchAction\",\"target\":{\"@type\":\"EntryPoint\",\"urlTemplate\":\"https:\/\/welaikaadv.site\/avviso\/?s={search_term_string}\"},\"query-input\":{\"@type\":\"PropertyValueSpecification\",\"valueRequired\":true,\"valueName\":\"search_term_string\"}}],\"inLanguage\":\"it-IT\"},{\"@type\":\"Organization\",\"@id\":\"https:\/\/welaikaadv.site\/avviso\/#organization\",\"name\":\"Staging Avviso Pubblico\",\"url\":\"https:\/\/welaikaadv.site\/avviso\/\",\"logo\":{\"@type\":\"ImageObject\",\"inLanguage\":\"it-IT\",\"@id\":\"https:\/\/welaikaadv.site\/avviso\/#\/schema\/logo\/image\/\",\"url\":\"https:\/\/welaikaadv.site\/avviso\/wp-content\/uploads\/2024\/08\/logoAPsito-400.png\",\"contentUrl\":\"https:\/\/welaikaadv.site\/avviso\/wp-content\/uploads\/2024\/08\/logoAPsito-400.png\",\"width\":400,\"height\":97,\"caption\":\"Staging Avviso Pubblico\"},\"image\":{\"@id\":\"https:\/\/welaikaadv.site\/avviso\/#\/schema\/logo\/image\/\"}}]}<\/script>\n<!-- \/ Yoast SEO plugin. -->","yoast_head_json":{"title":"Commissione sul ciclo dei rifiuti: audizione dell\u2019Agenzia delle entrate - Staging Avviso Pubblico","robots":{"index":"noindex","follow":"follow","max-snippet":"max-snippet:-1","max-image-preview":"max-image-preview:large","max-video-preview":"max-video-preview:-1"},"og_locale":"it_IT","og_type":"article","og_title":"Commissione sul ciclo dei rifiuti: audizione dell\u2019Agenzia delle entrate - Staging Avviso Pubblico","og_description":"La Commissione parlamentare di inchiesta ha dedicato la seduta del 18 novembre 2014 all\u2019audizione del Direttore dell\u2019Agenzia delle entrate, incentrata sugli aspetti dell\u2019evasione fiscale connessa&nbsp;[&hellip;]Leggi tutto Commissione sul ciclo dei rifiuti: audizione dell\u2019Agenzia delle entrate &rarr;","og_url":"https:\/\/welaikaadv.site\/avviso\/home\/cosa-facciamo\/informare\/osservatorio-parlamentare\/attivita-dinchiesta\/attivita-dinchiesta-xvii\/commissione-bicamerale-sul-ciclo-dei-rifiuti\/commissione-sul-ciclo-dei-rifiuti-audizione-dellagenzia-delle-entrate-scheda-di-sintesi\/","og_site_name":"Staging Avviso Pubblico","twitter_card":"summary_large_image","twitter_misc":{"Tempo di lettura stimato":"2 minuti"},"schema":{"@context":"https:\/\/schema.org","@graph":[{"@type":"WebPage","@id":"https:\/\/welaikaadv.site\/avviso\/home\/cosa-facciamo\/informare\/osservatorio-parlamentare\/attivita-dinchiesta\/attivita-dinchiesta-xvii\/commissione-bicamerale-sul-ciclo-dei-rifiuti\/commissione-sul-ciclo-dei-rifiuti-audizione-dellagenzia-delle-entrate-scheda-di-sintesi\/","url":"https:\/\/welaikaadv.site\/avviso\/home\/cosa-facciamo\/informare\/osservatorio-parlamentare\/attivita-dinchiesta\/attivita-dinchiesta-xvii\/commissione-bicamerale-sul-ciclo-dei-rifiuti\/commissione-sul-ciclo-dei-rifiuti-audizione-dellagenzia-delle-entrate-scheda-di-sintesi\/","name":"Commissione sul ciclo dei rifiuti: audizione dell\u2019Agenzia delle entrate - Staging Avviso Pubblico","isPartOf":{"@id":"https:\/\/welaikaadv.site\/avviso\/#website"},"datePublished":"2014-12-07T08:46:30+00:00","breadcrumb":{"@id":"https:\/\/welaikaadv.site\/avviso\/home\/cosa-facciamo\/informare\/osservatorio-parlamentare\/attivita-dinchiesta\/attivita-dinchiesta-xvii\/commissione-bicamerale-sul-ciclo-dei-rifiuti\/commissione-sul-ciclo-dei-rifiuti-audizione-dellagenzia-delle-entrate-scheda-di-sintesi\/#breadcrumb"},"inLanguage":"it-IT","potentialAction":[{"@type":"ReadAction","target":["https:\/\/welaikaadv.site\/avviso\/home\/cosa-facciamo\/informare\/osservatorio-parlamentare\/attivita-dinchiesta\/attivita-dinchiesta-xvii\/commissione-bicamerale-sul-ciclo-dei-rifiuti\/commissione-sul-ciclo-dei-rifiuti-audizione-dellagenzia-delle-entrate-scheda-di-sintesi\/"]}]},{"@type":"BreadcrumbList","@id":"https:\/\/welaikaadv.site\/avviso\/home\/cosa-facciamo\/informare\/osservatorio-parlamentare\/attivita-dinchiesta\/attivita-dinchiesta-xvii\/commissione-bicamerale-sul-ciclo-dei-rifiuti\/commissione-sul-ciclo-dei-rifiuti-audizione-dellagenzia-delle-entrate-scheda-di-sintesi\/#breadcrumb","itemListElement":[{"@type":"ListItem","position":1,"name":"Home","item":"https:\/\/welaikaadv.site\/avviso\/"},{"@type":"ListItem","position":2,"name":"Commissione sul ciclo dei rifiuti: audizione dell\u2019Agenzia delle entrate"}]},{"@type":"WebSite","@id":"https:\/\/welaikaadv.site\/avviso\/#website","url":"https:\/\/welaikaadv.site\/avviso\/","name":"Staging Avviso Pubblico","description":"","publisher":{"@id":"https:\/\/welaikaadv.site\/avviso\/#organization"},"potentialAction":[{"@type":"SearchAction","target":{"@type":"EntryPoint","urlTemplate":"https:\/\/welaikaadv.site\/avviso\/?s={search_term_string}"},"query-input":{"@type":"PropertyValueSpecification","valueRequired":true,"valueName":"search_term_string"}}],"inLanguage":"it-IT"},{"@type":"Organization","@id":"https:\/\/welaikaadv.site\/avviso\/#organization","name":"Staging Avviso Pubblico","url":"https:\/\/welaikaadv.site\/avviso\/","logo":{"@type":"ImageObject","inLanguage":"it-IT","@id":"https:\/\/welaikaadv.site\/avviso\/#\/schema\/logo\/image\/","url":"https:\/\/welaikaadv.site\/avviso\/wp-content\/uploads\/2024\/08\/logoAPsito-400.png","contentUrl":"https:\/\/welaikaadv.site\/avviso\/wp-content\/uploads\/2024\/08\/logoAPsito-400.png","width":400,"height":97,"caption":"Staging Avviso Pubblico"},"image":{"@id":"https:\/\/welaikaadv.site\/avviso\/#\/schema\/logo\/image\/"}}]}},"_links":{"self":[{"href":"https:\/\/welaikaadv.site\/avviso\/wp-json\/wp\/v2\/pages\/23481","targetHints":{"allow":["GET"]}}],"collection":[{"href":"https:\/\/welaikaadv.site\/avviso\/wp-json\/wp\/v2\/pages"}],"about":[{"href":"https:\/\/welaikaadv.site\/avviso\/wp-json\/wp\/v2\/types\/page"}],"author":[{"embeddable":true,"href":"https:\/\/welaikaadv.site\/avviso\/wp-json\/wp\/v2\/users\/1"}],"replies":[{"embeddable":true,"href":"https:\/\/welaikaadv.site\/avviso\/wp-json\/wp\/v2\/comments?post=23481"}],"version-history":[{"count":0,"href":"https:\/\/welaikaadv.site\/avviso\/wp-json\/wp\/v2\/pages\/23481\/revisions"}],"up":[{"embeddable":true,"href":"https:\/\/welaikaadv.site\/avviso\/wp-json\/wp\/v2\/pages\/2831"}],"wp:attachment":[{"href":"https:\/\/welaikaadv.site\/avviso\/wp-json\/wp\/v2\/media?parent=23481"}],"curies":[{"name":"wp","href":"https:\/\/api.w.org\/{rel}","templated":true}]}}