{"id":23494,"date":"2016-03-30T07:13:46","date_gmt":"2016-03-30T05:13:46","guid":{"rendered":"http:\/\/www.avvisopubblico.it\/osservatorio\/?page_id=4143"},"modified":"2016-03-30T07:13:46","modified_gmt":"2016-03-30T05:13:46","slug":"audizioni-della-commissione-di-inchiesta-parlamentare-sul-fenomeno-della-contraffazione-degli-oli-di-oliva","status":"publish","type":"page","link":"https:\/\/welaikaadv.site\/avviso\/home\/cosa-facciamo\/informare\/osservatorio-parlamentare\/attivita-dinchiesta\/attivita-dinchiesta-xvii\/commissione-sulla-contraffazione\/audizioni-della-commissione-di-inchiesta-parlamentare-sul-fenomeno-della-contraffazione-degli-oli-di-oliva\/","title":{"rendered":"Audizioni della Commissione di inchiesta sul fenomeno della contraffazione degli oli di oliva"},"content":{"rendered":"<p><strong>Premessa<\/strong>. La Commissione parlamentare sulla contraffazione ha svolto una serie di audizioni \u00a0al fine di approfondire le misure di contrasto del fenomeno della contraffazione degli oli di oliva. Il <a href=\"http:\/\/www.camera.it\/leg17\/1058?idLegislatura=17&amp;tipologia=audiz2&amp;sottotipologia=audizione&amp;anno=2015&amp;mese=02&amp;giorno=16&amp;idCommissione=64&amp;numero=0012&amp;file=indice_stenografico\"><strong>16 febbraio 2015<\/strong><\/a> sono stati ascoltati i magistrati della Procura di Siena e di Trani, nonch\u00e9 i rappresentanti di Guardia di finanza, Carabinieri e Corpo forestale dello Stato. Il <a href=\"http:\/\/www.camera.it\/leg17\/1058?idLegislatura=17&amp;tipologia=audiz2&amp;sottotipologia=audizione&amp;anno=2015&amp;mese=03&amp;giorno=26&amp;idCommissione=64&amp;numero=0015&amp;file=indice_stenografico\"><strong>26 marzo 2015<\/strong><\/a> si sono svolte le audizioni del\u00a0 Comandante dei NAS (Arma dei Carabinieri), e dei rappresentanti dell\u2019Osservatorio sulla criminalit\u00e0 nell&#8217;agricoltura e sul sistema agroalimentare e del Ministero dell\u2019agricoltura (Ispettorato Centrale della Qualit\u00e0 e Repressione Frodi dei prodotti agroalimentari). Il <a href=\"http:\/\/www.camera.it\/leg17\/1058?idLegislatura=17&amp;tipologia=audiz2&amp;sottotipologia=audizione&amp;anno=2015&amp;mese=04&amp;giorno=23&amp;idCommissione=64&amp;numero=0019&amp;file=indice_stenografico\"><strong>23 aprile 2015<\/strong><\/a> sono stati ascoltati esponenti delle associazioni dei consumatori e dell&#8217;Associazione Italiana dell&#8217;Industria Olearia (ASSITOL) ed <a href=\"http:\/\/www.camera.it\/leg17\/1058?idLegislatura=17&amp;tipologia=audiz2&amp;sottotipologia=audizione&amp;anno=2015&amp;mese=06&amp;giorno=24&amp;idCommissione=64&amp;numero=0026&amp;file=indice_stenografico\"><strong>24 giugno 2015<\/strong><\/a> quelli della Federolio. Nella seduta del <a href=\"http:\/\/www.camera.it\/leg17\/824?tipo=C&amp;anno=2015&amp;mese=09&amp;giorno=10&amp;view=&amp;commissione=64&amp;pagina=#data.20150910.com64.bollettino.sede00010.tit00010\"><strong>10 settembre 2015<\/strong><\/a> \u00e8 stata ascoltata la Procura di Bari. Qui di seguito sono sintetizzati alcuni dei temi trattati.<\/p>\n<p><strong>Contesto generale di riferimento<\/strong>. La produzione nazionale \u00e8 stata sempre inferiore rispetto alla richiesta, e questo obbliga a importare in Italia prodotti provenienti non solo da Spagna e Grecia, ma anche dal Nord africana e dal Medioriente (circa 600.000 tonnellate l\u2019anno), ancor pi\u00f9 in caso di annate particolarmente sfavorevoli come quella del 2014-2015: quindi molte aziende lavorano nella miscelazione di prodotti di diversa origine. Esiste un fortissimo rischio che siano commercializzati prodotti fortemente adulterati e manipolati attraverso l&#8217;aggiunta di additivi o imbottigliati in maniera fraudolenta. Ci sono varie forme di truffe\u00a0 possibili: in particolare, nella parte alta della filiera, sono messe in atto dai frantoi attraverso la lavorazione di olive provenienti dall\u2019estero\u00a0 che vengono commercializzate come prodotto italiano (anche se il fenomeno \u00e8 stato ridimensionato con l\u2019introduzione del registro SIAN &#8211; Sistema informativo agricolo nazionale &#8211; da rafforzare ulteriormente\u00a0 e da estendere anche a livello europeo); \u00a0ovvero avvengono nella fase industriale, con la commercializzazione \u00a0come olio extravergine di olio deodorato (proveniente in particolare dalla Spagna) oppure di olio di soia. C\u2019\u00e8 poi anche il fenomeno della miscelazione impropria fra l&#8217;olio extravergine e olio di categoria diversa (quindi olio di oliva vergine e di sansa di oliva) con successiva commercializzazione come olio extraavergine. Accanto ai profili sanitari, per i rischi sulla salute del consumatore (come nel caso delle inchieste \u00a0The <em>Good of Italy<\/em> e <em>Aliud pro olio<\/em>), ci sono gli aspetti di natura commerciale, che danneggiano economicamente il consumatore ed il produttore onesto.<\/p>\n<p><strong>Le inchieste giudiziarie.<\/strong> I controlli a tappeto effettuati dalle diverse forze di polizia evidenziano il forte interesse della criminalit\u00e0 organizzata (ed anche dei piccoli frodatori) a mettere in atto attivit\u00e0 illecite in un settore cos\u00ec importante come quello degli olii di oliva, al fine di ricavare facili ed ingenti guadagni. Le inchieste giudiziarie (come quelle denominate <em>Arbequino<\/em> e <em>Fuente<\/em>) hanno dato risultati molto rilevanti, in particolare nel campo della contraffazione dell\u2019olio di oliva, con miscelazione di olive di diversa categoria merceologica e provenienza ed aggiunte di\u00a0 \u201cdeodorato\u201d, una\u00a0 materia prima di scarsa qualit\u00e0 utilizzata sia per \u201caddolcire\u201d il prodotto finale che per aumentarne la quantit\u00e0 di volume e, quindi, abbassare il prezzo finale: sono state messe in atto processi di adulterazione molto sofisticati, rendendo le indagini particolarmente complesse e difficile l\u2019accertamento delle frodi, in presenza di analisi \u201cufficiali\u201d che non evidenziavano irregolarit\u00e0. Sulla base delle risultanze di queste inchieste \u00e8 stato contestato l\u2019associazione per delinquere, ai sensi dell\u2019art. 416 c.p., finalizzata alla frode in commercio.<\/p>\n<p>Numerosi sono i casi di applicazione di misure preventive antimafia nei confronti di aziende agricole, come ad esempio, nell\u2019operazione Eden (che ha portato al sequestro di beni appartenenti a Matteo Messina Denaro)\u00a0 e all&#8217;operazione Matrioska (nei confronti di soggetti appartenenti alla cosca \u2019ndranghetista Alvaro).<\/p>\n<p><strong>Le iniziative delle associazioni dei produttori<\/strong>. E\u2019 amentata la consapevolezza degli operatori sull\u2019importanza di contrastare le diverse forme di contraffazione. A tale riguardo Federolio ha riferito delle sollecitazioni rivolte ai propri associati di adottare, da un lato, un sistema di tracciabilit\u00e0 molto avanzato acquisendo la documentazione fino allo stato del frantoio (essendo molto onerosi arrivare fino allo stadio delle olive) che deve mettere a disposizione l&#8217;attestazione sulla provenienza delle olive; dall\u2019altro un sistema di denominazione dei marchi che preservi da possibili fraintendimenti sulla origine del prodotto. Sono state dettate disposizioni restrittive anche per quanto riguarda la miscelazione degli olii e le analisi di conformit\u00e0.<\/p>\n<p><strong>Le proposte di intervento<\/strong>.\u00a0 La legge n. 9 del 2013 rappresenta un momento importante nella lotta alle frodi e alla contraffazione ed i risultati lo dimostrano; per\u00f2 nel corso delle audizioni sono state avanzate critiche sulla mancata o inadeguata attuazione di alcune delle misure previste (ad esempio la pubblicazione periodica delle risultanze delle analisi, il diritto di accesso da parte delle pubbliche amministrazioni ai dati sull\u2019origine dei prodotti utilizzati, i controlli delle amministrazioni comunali sulle vendite sottocosto etc.). Cos\u00ec come dovrebbe essere finalmente istituito il Registro unico dei controlli e della vigilanza sulle produzioni agroalimentari vigilate, per evitare inutili sovrapposizioni dei controlli effettuati dalle diverse amministrazioni, e potenziare cos\u00ec la tracciabilit\u00e0 ed il sistema dei controlli, in particolare durante il trasporto della merce, nel corso del quale pu\u00f2 avvenire facilmente l\u2019alterazione del prodotto.<\/p>\n<p>Pi\u00f9 in generale, nel corso delle audizioni \u00e8 stata sottolineata l\u2019esigenza di una riscrittura complessiva delle disposizioni in materia di contraffazione e frode in commercio (sintetizzate in questa <a href=\"https:\/\/welaikaadv.site\/avviso\/home\/cosa-facciamo\/informare\/osservatorio-parlamentare\/attivita-dinchiesta\/attivita-dinchiesta-xvii\/commissione-sulla-contraffazione\/commissione-sulla-contraffazione-audizioni-di-esponenti-della-magistratura\/\"><strong>scheda<\/strong><\/a>). Aldil\u00e0 dell\u2019inasprimento delle pene, servirebbero comunque misure interdittive con esecutivit\u00e0 immediata, che costituiscono un deterrente molto efficace in questo settore, pi\u00f9 della stessa sanzione penale; inoltre sarebbe utile aggredire il patrimonio delle imprese legate alla criminalit\u00e0 organizzata, utilizzando a tal fine le misure dettate dal decreto legislativo 231 del 2001. Sarebbe infine utile diffondere una maggior cultura all&#8217;interno della magistratura, attraverso specifiche attivit\u00e0 formative, e realizzare una migliore organizzazione della giustizia su questo versante.<\/p>\n<p><strong>Relazione finale<\/strong>. Il 17 settembre 2015\u00a0la Commissione ha approvato un documento sulla contraffazione dell\u2019olio di oliva (leggi questa<strong><strong> <a href=\"https:\/\/welaikaadv.site\/avviso\/home\/cosa-facciamo\/informare\/osservatorio-parlamentare\/attivita-dinchiesta\/attivita-dinchiesta-xvii\/commissione-sulla-contraffazione\/la-contraffazione-degli-oli-di-oliva-relazione-della-commissione-di-inchiesta-parlamentare\/\">scheda<\/a>)<\/strong><\/strong>.\u00a0L\u2019Aula di Montecitorio ha avviato la discussione della relazione nella seduta del <strong><a href=\"http:\/\/www.camera.it\/leg17\/410?idSeduta=0597&amp;tipo=stenografico#sed0597.stenografico.tit00070\">29 marzo 2016<\/a><\/strong>; al termine sono state presentate alcune risoluzioni.<\/p>\n<p>(<em>ultimo aggiornamento 30 marzo 2016<\/em>)<\/p>\n","protected":false},"excerpt":{"rendered":"<p>Premessa. La Commissione parlamentare sulla contraffazione ha svolto una serie di audizioni \u00a0al fine di approfondire le misure di contrasto del fenomeno della contraffazione degli&nbsp;<span class=\"hellipsis\">[&hellip;]<\/span><a class=\"more-link\" href=\"https:\/\/welaikaadv.site\/avviso\/home\/cosa-facciamo\/informare\/osservatorio-parlamentare\/attivita-dinchiesta\/attivita-dinchiesta-xvii\/commissione-sulla-contraffazione\/audizioni-della-commissione-di-inchiesta-parlamentare-sul-fenomeno-della-contraffazione-degli-oli-di-oliva\/\">Leggi tutto <span class=\"screen-reader-text\">Audizioni della Commissione di inchiesta sul fenomeno della contraffazione degli oli di oliva<\/span> <span class=\"meta-nav\" aria-hidden=\"true\">&rarr;<\/span><\/a><\/p>\n","protected":false},"author":1,"featured_media":0,"parent":23482,"menu_order":0,"comment_status":"closed","ping_status":"closed","template":"","meta":{"_acf_changed":false,"_exactmetrics_skip_tracking":false,"_exactmetrics_sitenote_active":false,"_exactmetrics_sitenote_note":"","_exactmetrics_sitenote_category":0,"wp_social_preview_title":"","wp_social_preview_description":"","wp_social_preview_image":0,"footnotes":""},"class_list":["post-23494","page","type-page","status-publish","hentry"],"acf":[],"yoast_head":"<!-- This site is optimized with the Yoast SEO plugin v27.2 - https:\/\/yoast.com\/product\/yoast-seo-wordpress\/ -->\n<title>Audizioni della Commissione di inchiesta sul fenomeno della contraffazione degli oli di oliva - Staging Avviso Pubblico<\/title>\n<meta name=\"robots\" content=\"noindex, follow, max-snippet:-1, max-image-preview:large, max-video-preview:-1\" \/>\n<meta property=\"og:locale\" content=\"it_IT\" \/>\n<meta property=\"og:type\" content=\"article\" \/>\n<meta property=\"og:title\" content=\"Audizioni della Commissione di inchiesta sul fenomeno della contraffazione degli oli di oliva - Staging Avviso Pubblico\" \/>\n<meta property=\"og:description\" content=\"Premessa. La Commissione parlamentare sulla contraffazione ha svolto una serie di audizioni \u00a0al fine di approfondire le misure di contrasto del fenomeno della contraffazione degli&nbsp;[&hellip;]Leggi tutto Audizioni della Commissione di inchiesta sul fenomeno della contraffazione degli oli di oliva &rarr;\" \/>\n<meta property=\"og:url\" content=\"https:\/\/welaikaadv.site\/avviso\/home\/cosa-facciamo\/informare\/osservatorio-parlamentare\/attivita-dinchiesta\/attivita-dinchiesta-xvii\/commissione-sulla-contraffazione\/audizioni-della-commissione-di-inchiesta-parlamentare-sul-fenomeno-della-contraffazione-degli-oli-di-oliva\/\" \/>\n<meta property=\"og:site_name\" content=\"Staging Avviso Pubblico\" \/>\n<meta name=\"twitter:card\" content=\"summary_large_image\" \/>\n<meta name=\"twitter:label1\" content=\"Tempo di lettura stimato\" \/>\n\t<meta name=\"twitter:data1\" content=\"5 minuti\" \/>\n<script type=\"application\/ld+json\" class=\"yoast-schema-graph\">{\"@context\":\"https:\/\/schema.org\",\"@graph\":[{\"@type\":\"WebPage\",\"@id\":\"https:\/\/welaikaadv.site\/avviso\/home\/cosa-facciamo\/informare\/osservatorio-parlamentare\/attivita-dinchiesta\/attivita-dinchiesta-xvii\/commissione-sulla-contraffazione\/audizioni-della-commissione-di-inchiesta-parlamentare-sul-fenomeno-della-contraffazione-degli-oli-di-oliva\/\",\"url\":\"https:\/\/welaikaadv.site\/avviso\/home\/cosa-facciamo\/informare\/osservatorio-parlamentare\/attivita-dinchiesta\/attivita-dinchiesta-xvii\/commissione-sulla-contraffazione\/audizioni-della-commissione-di-inchiesta-parlamentare-sul-fenomeno-della-contraffazione-degli-oli-di-oliva\/\",\"name\":\"Audizioni della Commissione di inchiesta sul fenomeno della contraffazione degli oli di oliva - Staging Avviso Pubblico\",\"isPartOf\":{\"@id\":\"https:\/\/welaikaadv.site\/avviso\/#website\"},\"datePublished\":\"2016-03-30T05:13:46+00:00\",\"breadcrumb\":{\"@id\":\"https:\/\/welaikaadv.site\/avviso\/home\/cosa-facciamo\/informare\/osservatorio-parlamentare\/attivita-dinchiesta\/attivita-dinchiesta-xvii\/commissione-sulla-contraffazione\/audizioni-della-commissione-di-inchiesta-parlamentare-sul-fenomeno-della-contraffazione-degli-oli-di-oliva\/#breadcrumb\"},\"inLanguage\":\"it-IT\",\"potentialAction\":[{\"@type\":\"ReadAction\",\"target\":[\"https:\/\/welaikaadv.site\/avviso\/home\/cosa-facciamo\/informare\/osservatorio-parlamentare\/attivita-dinchiesta\/attivita-dinchiesta-xvii\/commissione-sulla-contraffazione\/audizioni-della-commissione-di-inchiesta-parlamentare-sul-fenomeno-della-contraffazione-degli-oli-di-oliva\/\"]}]},{\"@type\":\"BreadcrumbList\",\"@id\":\"https:\/\/welaikaadv.site\/avviso\/home\/cosa-facciamo\/informare\/osservatorio-parlamentare\/attivita-dinchiesta\/attivita-dinchiesta-xvii\/commissione-sulla-contraffazione\/audizioni-della-commissione-di-inchiesta-parlamentare-sul-fenomeno-della-contraffazione-degli-oli-di-oliva\/#breadcrumb\",\"itemListElement\":[{\"@type\":\"ListItem\",\"position\":1,\"name\":\"Home\",\"item\":\"https:\/\/welaikaadv.site\/avviso\/\"},{\"@type\":\"ListItem\",\"position\":2,\"name\":\"Attivit\u00e0 d&#8217;inchiesta nella XVII legislatura\",\"item\":\"https:\/\/welaikaadv.site\/avviso\/home\/cosa-facciamo\/informare\/osservatorio-parlamentare\/attivita-dinchiesta\/attivita-dinchiesta-xvii\/\"},{\"@type\":\"ListItem\",\"position\":3,\"name\":\"Commissione sulla contraffazione \u2013 XVII legislatura\",\"item\":\"https:\/\/welaikaadv.site\/avviso\/home\/cosa-facciamo\/informare\/osservatorio-parlamentare\/attivita-dinchiesta\/attivita-dinchiesta-xvii\/commissione-sulla-contraffazione\/\"},{\"@type\":\"ListItem\",\"position\":4,\"name\":\"Audizioni della Commissione di inchiesta sul fenomeno della contraffazione degli oli di oliva\"}]},{\"@type\":\"WebSite\",\"@id\":\"https:\/\/welaikaadv.site\/avviso\/#website\",\"url\":\"https:\/\/welaikaadv.site\/avviso\/\",\"name\":\"Staging Avviso Pubblico\",\"description\":\"\",\"publisher\":{\"@id\":\"https:\/\/welaikaadv.site\/avviso\/#organization\"},\"potentialAction\":[{\"@type\":\"SearchAction\",\"target\":{\"@type\":\"EntryPoint\",\"urlTemplate\":\"https:\/\/welaikaadv.site\/avviso\/?s={search_term_string}\"},\"query-input\":{\"@type\":\"PropertyValueSpecification\",\"valueRequired\":true,\"valueName\":\"search_term_string\"}}],\"inLanguage\":\"it-IT\"},{\"@type\":\"Organization\",\"@id\":\"https:\/\/welaikaadv.site\/avviso\/#organization\",\"name\":\"Staging Avviso Pubblico\",\"url\":\"https:\/\/welaikaadv.site\/avviso\/\",\"logo\":{\"@type\":\"ImageObject\",\"inLanguage\":\"it-IT\",\"@id\":\"https:\/\/welaikaadv.site\/avviso\/#\/schema\/logo\/image\/\",\"url\":\"https:\/\/welaikaadv.site\/avviso\/wp-content\/uploads\/2024\/08\/logoAPsito-400.png\",\"contentUrl\":\"https:\/\/welaikaadv.site\/avviso\/wp-content\/uploads\/2024\/08\/logoAPsito-400.png\",\"width\":400,\"height\":97,\"caption\":\"Staging Avviso Pubblico\"},\"image\":{\"@id\":\"https:\/\/welaikaadv.site\/avviso\/#\/schema\/logo\/image\/\"}}]}<\/script>\n<!-- \/ Yoast SEO plugin. -->","yoast_head_json":{"title":"Audizioni della Commissione di inchiesta sul fenomeno della contraffazione degli oli di oliva - Staging Avviso Pubblico","robots":{"index":"noindex","follow":"follow","max-snippet":"max-snippet:-1","max-image-preview":"max-image-preview:large","max-video-preview":"max-video-preview:-1"},"og_locale":"it_IT","og_type":"article","og_title":"Audizioni della Commissione di inchiesta sul fenomeno della contraffazione degli oli di oliva - Staging Avviso Pubblico","og_description":"Premessa. La Commissione parlamentare sulla contraffazione ha svolto una serie di audizioni \u00a0al fine di approfondire le misure di contrasto del fenomeno della contraffazione degli&nbsp;[&hellip;]Leggi tutto Audizioni della Commissione di inchiesta sul fenomeno della contraffazione degli oli di oliva &rarr;","og_url":"https:\/\/welaikaadv.site\/avviso\/home\/cosa-facciamo\/informare\/osservatorio-parlamentare\/attivita-dinchiesta\/attivita-dinchiesta-xvii\/commissione-sulla-contraffazione\/audizioni-della-commissione-di-inchiesta-parlamentare-sul-fenomeno-della-contraffazione-degli-oli-di-oliva\/","og_site_name":"Staging Avviso Pubblico","twitter_card":"summary_large_image","twitter_misc":{"Tempo di lettura stimato":"5 minuti"},"schema":{"@context":"https:\/\/schema.org","@graph":[{"@type":"WebPage","@id":"https:\/\/welaikaadv.site\/avviso\/home\/cosa-facciamo\/informare\/osservatorio-parlamentare\/attivita-dinchiesta\/attivita-dinchiesta-xvii\/commissione-sulla-contraffazione\/audizioni-della-commissione-di-inchiesta-parlamentare-sul-fenomeno-della-contraffazione-degli-oli-di-oliva\/","url":"https:\/\/welaikaadv.site\/avviso\/home\/cosa-facciamo\/informare\/osservatorio-parlamentare\/attivita-dinchiesta\/attivita-dinchiesta-xvii\/commissione-sulla-contraffazione\/audizioni-della-commissione-di-inchiesta-parlamentare-sul-fenomeno-della-contraffazione-degli-oli-di-oliva\/","name":"Audizioni della Commissione di inchiesta sul fenomeno della contraffazione degli oli di oliva - Staging Avviso Pubblico","isPartOf":{"@id":"https:\/\/welaikaadv.site\/avviso\/#website"},"datePublished":"2016-03-30T05:13:46+00:00","breadcrumb":{"@id":"https:\/\/welaikaadv.site\/avviso\/home\/cosa-facciamo\/informare\/osservatorio-parlamentare\/attivita-dinchiesta\/attivita-dinchiesta-xvii\/commissione-sulla-contraffazione\/audizioni-della-commissione-di-inchiesta-parlamentare-sul-fenomeno-della-contraffazione-degli-oli-di-oliva\/#breadcrumb"},"inLanguage":"it-IT","potentialAction":[{"@type":"ReadAction","target":["https:\/\/welaikaadv.site\/avviso\/home\/cosa-facciamo\/informare\/osservatorio-parlamentare\/attivita-dinchiesta\/attivita-dinchiesta-xvii\/commissione-sulla-contraffazione\/audizioni-della-commissione-di-inchiesta-parlamentare-sul-fenomeno-della-contraffazione-degli-oli-di-oliva\/"]}]},{"@type":"BreadcrumbList","@id":"https:\/\/welaikaadv.site\/avviso\/home\/cosa-facciamo\/informare\/osservatorio-parlamentare\/attivita-dinchiesta\/attivita-dinchiesta-xvii\/commissione-sulla-contraffazione\/audizioni-della-commissione-di-inchiesta-parlamentare-sul-fenomeno-della-contraffazione-degli-oli-di-oliva\/#breadcrumb","itemListElement":[{"@type":"ListItem","position":1,"name":"Home","item":"https:\/\/welaikaadv.site\/avviso\/"},{"@type":"ListItem","position":2,"name":"Attivit\u00e0 d&#8217;inchiesta nella XVII legislatura","item":"https:\/\/welaikaadv.site\/avviso\/home\/cosa-facciamo\/informare\/osservatorio-parlamentare\/attivita-dinchiesta\/attivita-dinchiesta-xvii\/"},{"@type":"ListItem","position":3,"name":"Commissione sulla contraffazione \u2013 XVII legislatura","item":"https:\/\/welaikaadv.site\/avviso\/home\/cosa-facciamo\/informare\/osservatorio-parlamentare\/attivita-dinchiesta\/attivita-dinchiesta-xvii\/commissione-sulla-contraffazione\/"},{"@type":"ListItem","position":4,"name":"Audizioni della Commissione di inchiesta sul fenomeno della contraffazione degli oli di oliva"}]},{"@type":"WebSite","@id":"https:\/\/welaikaadv.site\/avviso\/#website","url":"https:\/\/welaikaadv.site\/avviso\/","name":"Staging Avviso Pubblico","description":"","publisher":{"@id":"https:\/\/welaikaadv.site\/avviso\/#organization"},"potentialAction":[{"@type":"SearchAction","target":{"@type":"EntryPoint","urlTemplate":"https:\/\/welaikaadv.site\/avviso\/?s={search_term_string}"},"query-input":{"@type":"PropertyValueSpecification","valueRequired":true,"valueName":"search_term_string"}}],"inLanguage":"it-IT"},{"@type":"Organization","@id":"https:\/\/welaikaadv.site\/avviso\/#organization","name":"Staging Avviso Pubblico","url":"https:\/\/welaikaadv.site\/avviso\/","logo":{"@type":"ImageObject","inLanguage":"it-IT","@id":"https:\/\/welaikaadv.site\/avviso\/#\/schema\/logo\/image\/","url":"https:\/\/welaikaadv.site\/avviso\/wp-content\/uploads\/2024\/08\/logoAPsito-400.png","contentUrl":"https:\/\/welaikaadv.site\/avviso\/wp-content\/uploads\/2024\/08\/logoAPsito-400.png","width":400,"height":97,"caption":"Staging Avviso Pubblico"},"image":{"@id":"https:\/\/welaikaadv.site\/avviso\/#\/schema\/logo\/image\/"}}]}},"_links":{"self":[{"href":"https:\/\/welaikaadv.site\/avviso\/wp-json\/wp\/v2\/pages\/23494","targetHints":{"allow":["GET"]}}],"collection":[{"href":"https:\/\/welaikaadv.site\/avviso\/wp-json\/wp\/v2\/pages"}],"about":[{"href":"https:\/\/welaikaadv.site\/avviso\/wp-json\/wp\/v2\/types\/page"}],"author":[{"embeddable":true,"href":"https:\/\/welaikaadv.site\/avviso\/wp-json\/wp\/v2\/users\/1"}],"replies":[{"embeddable":true,"href":"https:\/\/welaikaadv.site\/avviso\/wp-json\/wp\/v2\/comments?post=23494"}],"version-history":[{"count":0,"href":"https:\/\/welaikaadv.site\/avviso\/wp-json\/wp\/v2\/pages\/23494\/revisions"}],"up":[{"embeddable":true,"href":"https:\/\/welaikaadv.site\/avviso\/wp-json\/wp\/v2\/pages\/23482"}],"wp:attachment":[{"href":"https:\/\/welaikaadv.site\/avviso\/wp-json\/wp\/v2\/media?parent=23494"}],"curies":[{"name":"wp","href":"https:\/\/api.w.org\/{rel}","templated":true}]}}