{"id":23530,"date":"2017-07-06T07:05:56","date_gmt":"2017-07-06T05:05:56","guid":{"rendered":"http:\/\/www.avvisopubblico.it\/osservatorio\/?page_id=6017"},"modified":"2017-07-06T07:05:56","modified_gmt":"2017-07-06T05:05:56","slug":"legge-n-229-del-2016-interventi-urgenti-in-favore-delle-popolazioni-colpite-dagli-eventi-sismici-del-2016","status":"publish","type":"page","link":"https:\/\/welaikaadv.site\/avviso\/home\/cosa-facciamo\/informare\/osservatorio-parlamentare\/attivita-legislativa\/legge-n-229-del-2016-interventi-urgenti-in-favore-delle-popolazioni-colpite-dagli-eventi-sismici-del-2016\/","title":{"rendered":"Legge n. 229 del 2016 Interventi urgenti in favore delle popolazioni colpite dagli eventi sismici del 2016"},"content":{"rendered":"<p><strong>Premessa<\/strong>. La <strong><a href=\"http:\/\/www.normattiva.it\/uri-res\/N2Ls?urn:nir:stato:legge:2016;229\">legge 15 dicembre 2016 n. 229<\/a><\/strong> (di conversione del D.L. 189\/2016 e del successivo D.L. 205\/2016) reca in particolare una serie di disposizioni volte ad assicurare la trasparenza delle procedure di spesa (artt. 30-36). Nel corso dell\u2019iter \u00e8 stata altres\u00ec introdotta una disposizione in materia di gioco d\u2019azzardo (art. 36 bis).<\/p>\n<p><strong>Trasparenza delle procedure di spesa<\/strong>. Presso il Ministero dell&#8217;interno \u00e8 istituita una Struttura di missione &#8211; di cui fa parte anche il Presidente dell&#8217;Autorit\u00e0 nazionale anticorruzione \u2013 per il coordinamento delle attivit\u00e0 volte alla prevenzione ed al contrasto delle infiltrazioni della criminalit\u00e0 organizzata nei lavori di ricostruzione; tale struttura \u00e8 competente ad eseguire le verifiche ed il rilascio dell&#8217;informazione antimafia per tali contratti, qualunque sia il loro valore e importo. Nell&#8217;attivit\u00e0 di svolgimento delle verifiche ai fini dell&#8217;informazione antimafia, la Struttura si conforma alle linee guida del Comitato di coordinamento per il monitoraggio delle infrastrutture e degli insediamenti produttivi, istituito ai sensi del nuovo codice degli appalti) (art. 30, commi 1-4).<\/p>\n<p>Inoltre viene istituita l&#8217;Anagrafe antimafia degli esecutori, al fine di garantire che gli operatori economici che intendono partecipare agli interventi di ricostruzione di cui al provvedimento in esame non siano soggetti a tentativi di infiltrazione mafiosa. Sono inoltre introdotte specifiche disposizioni per i contratti di ricostruzione, tra le quali: l&#8217;obbligo di apposizione, a pena di nullit\u00e0, della clausola automatica di risoluzione; l&#8217;immodificabilit\u00e0 soggettiva del contraente; l&#8217;applicazione della normativa in materia di tracciabilit\u00e0 dei flussi finanziari di cui alla legge n. 136 del 2010 (art. 30, commi 6 -15).<\/p>\n<p><strong>Tracciabilit\u00e0 dei pagamenti<\/strong>. L\u2019articolo 31 contiene una serie di disposizioni in merito alla ricostruzione privata. In particolare, viene introdotto l\u2019obbligo, nei contratti per le opere di ricostruzione stipulati tra privati, di inserire una clausola di tracciabilit\u00e0 finanziaria dei pagamenti, pena la perdita del relativo contributo statale per la ricostruzione dell\u2019immobile. Ulteriori disposizioni fissano una serie di obblighi per gli operatori economici interessati ed individuano i casi in cui \u00e8 possibile ricorrere al subappalto dei lavori.<\/p>\n<p>In tale modo l&#8217;appaltatore assume una serie di obblighi tra cui quelli contenuti nella legge n. 136 del 2010 (cosiddetta normativa antimafia). L\u2019appaltatore dovr\u00e0 inoltre comunicare alla Struttura di missione di cui all\u2019art. 30 (vedi sopra) la presenza di eventuali inottemperanze da parte dei propri subappaltatori o subaffidatari per quanto concerne gli obblighi di tracciabilit\u00e0 dei flussi finanziari.<\/p>\n<p><strong>Ruolo dell\u2019Anac<\/strong>. L&#8217;articolo 32 attribuisce al Presidente dell\u2019Autorit\u00e0 nazionale anticorruzione (ANAC) una serie di compiti di alta sorveglianza e garanzia della correttezza e trasparenza delle procedure connesse alla realizzazione degli interventi di ricostruzione pubblica, sul modello gi\u00e0 sperimentato in occasione di Expo 2016, avvalendosi di una apposita Unit\u00e0 operativa speciale.<\/p>\n<p><strong>Controllo della Corte dei conti<\/strong>. L&#8217;articolo 33 prevede che i provvedimenti di natura regolatoria ed organizzativa (ma non gestionale) adottati dal Commissario straordinario siano sottoposti al controllo preventivo di legittimit\u00e0 della Corte dei conti.<\/p>\n<p><strong>Pubblicit\u00e0 degli atti<\/strong>. L&#8217;articolo 36 reca disposizioni in materia di trasparenza e di pubblicit\u00e0 degli atti, prevedendo la pubblicazione di una serie di atti del Commissario straordinario (nomine e designazioni di collaboratori e consulenti; procedure per l\u2019affidamento di appalti pubblici di servizi, forniture, lavori e opere etc).<\/p>\n<p><strong>Gioco d\u2019azzardo<\/strong>. L&#8217;articolo 36 bis vieta fino al 31 dicembre 2017, nei Comuni colpiti dagli eventi simici, l&#8217;installazione di slot machine, videolottery e di altri apparecchi e congegni per il gioco lecito con e senza vincite in denaro.<\/p>\n<p>In attuazione di quanto previsto dal presente decreto legge l\u2019ANAC, il Commissario straordinario del Governo e Invitalia hanno stipulato il 28 dicembre 2016 uno specifico <strong><a href=\"http:\/\/www.anticorruzione.it\/portal\/rest\/jcr\/repository\/collaboration\/Digital%20Assets\/anacdocs\/Attivita\/ProtocolliIntesa\/2016\/prot.invitalia.ricostruzione.sisma.28.12.16.pdf\">Protocollo<\/a><\/strong> al fine di disciplinare le modalit\u00e0 e gli interventi di controllo sugli interventi di ricostruzione.<\/p>\n<p><em>Per ulteriori approfondimenti consulta il <\/em><a href=\"http:\/\/documenti.camera.it\/Leg17\/Dossier\/Pdf\/D16189B.Pdf\"><strong><em>dossier<\/em><\/strong><\/a><em> del Servizio studi della Camera.\u00a0Vedi anche le considerazioni contenute nella <strong><a href=\"https:\/\/welaikaadv.site\/avviso\/wp-content\/uploads\/2017\/07\/Relazione_Anac2016.pdf\">Relazione del luglio 2017 dell\u2019Autorit\u00e0 anticorruzione<\/a><\/strong> (capitolo primo). Vedi anche le successive modifiche contenute nella<strong> <a href=\"\/home\/home\/cosa-facciamo\/informare\/osservatorio-parlamentare\/attivita-legislativa\/legge-n-172-del-2017-sintesi-di-alcune-disposizioni-contenute-nel-decreto-legge-in-materia-fiscale\/\">legge n. 172 del 2017<\/a><\/strong>.<\/em><\/p>\n","protected":false},"excerpt":{"rendered":"<p>Premessa. La legge 15 dicembre 2016 n. 229 (di conversione del D.L. 189\/2016 e del successivo D.L. 205\/2016) reca in particolare una serie di disposizioni&nbsp;<span class=\"hellipsis\">[&hellip;]<\/span><a class=\"more-link\" href=\"https:\/\/welaikaadv.site\/avviso\/home\/cosa-facciamo\/informare\/osservatorio-parlamentare\/attivita-legislativa\/legge-n-229-del-2016-interventi-urgenti-in-favore-delle-popolazioni-colpite-dagli-eventi-sismici-del-2016\/\">Leggi tutto <span class=\"screen-reader-text\">Legge n. 229 del 2016 Interventi urgenti in favore delle popolazioni colpite dagli eventi sismici del 2016<\/span> <span class=\"meta-nav\" aria-hidden=\"true\">&rarr;<\/span><\/a><\/p>\n","protected":false},"author":1,"featured_media":0,"parent":2537,"menu_order":0,"comment_status":"closed","ping_status":"closed","template":"","meta":{"_acf_changed":false,"_exactmetrics_skip_tracking":false,"_exactmetrics_sitenote_active":false,"_exactmetrics_sitenote_note":"","_exactmetrics_sitenote_category":0,"wp_social_preview_title":"","wp_social_preview_description":"","wp_social_preview_image":0,"footnotes":""},"class_list":["post-23530","page","type-page","status-publish","hentry"],"acf":[],"yoast_head":"<!-- This site is optimized with the Yoast SEO plugin v27.2 - https:\/\/yoast.com\/product\/yoast-seo-wordpress\/ -->\n<title>Legge n. 229 del 2016 Interventi urgenti in favore delle popolazioni colpite dagli eventi sismici del 2016 - Staging Avviso Pubblico<\/title>\n<meta name=\"robots\" content=\"noindex, follow, max-snippet:-1, max-image-preview:large, max-video-preview:-1\" \/>\n<meta property=\"og:locale\" content=\"it_IT\" \/>\n<meta property=\"og:type\" content=\"article\" \/>\n<meta property=\"og:title\" content=\"Legge n. 229 del 2016 Interventi urgenti in favore delle popolazioni colpite dagli eventi sismici del 2016 - Staging Avviso Pubblico\" \/>\n<meta property=\"og:description\" content=\"Premessa. La legge 15 dicembre 2016 n. 229 (di conversione del D.L. 189\/2016 e del successivo D.L. 205\/2016) reca in particolare una serie di disposizioni&nbsp;[&hellip;]Leggi tutto Legge n. 229 del 2016 Interventi urgenti in favore delle popolazioni colpite dagli eventi sismici del 2016 &rarr;\" \/>\n<meta property=\"og:url\" content=\"https:\/\/welaikaadv.site\/avviso\/home\/cosa-facciamo\/informare\/osservatorio-parlamentare\/attivita-legislativa\/legge-n-229-del-2016-interventi-urgenti-in-favore-delle-popolazioni-colpite-dagli-eventi-sismici-del-2016\/\" \/>\n<meta property=\"og:site_name\" content=\"Staging Avviso Pubblico\" \/>\n<meta name=\"twitter:card\" content=\"summary_large_image\" \/>\n<meta name=\"twitter:label1\" content=\"Tempo di lettura stimato\" \/>\n\t<meta name=\"twitter:data1\" content=\"3 minuti\" \/>\n<script type=\"application\/ld+json\" class=\"yoast-schema-graph\">{\"@context\":\"https:\/\/schema.org\",\"@graph\":[{\"@type\":\"WebPage\",\"@id\":\"https:\/\/welaikaadv.site\/avviso\/home\/cosa-facciamo\/informare\/osservatorio-parlamentare\/attivita-legislativa\/legge-n-229-del-2016-interventi-urgenti-in-favore-delle-popolazioni-colpite-dagli-eventi-sismici-del-2016\/\",\"url\":\"https:\/\/welaikaadv.site\/avviso\/home\/cosa-facciamo\/informare\/osservatorio-parlamentare\/attivita-legislativa\/legge-n-229-del-2016-interventi-urgenti-in-favore-delle-popolazioni-colpite-dagli-eventi-sismici-del-2016\/\",\"name\":\"Legge n. 229 del 2016 Interventi urgenti in favore delle popolazioni colpite dagli eventi sismici del 2016 - Staging Avviso Pubblico\",\"isPartOf\":{\"@id\":\"https:\/\/welaikaadv.site\/avviso\/#website\"},\"datePublished\":\"2017-07-06T05:05:56+00:00\",\"breadcrumb\":{\"@id\":\"https:\/\/welaikaadv.site\/avviso\/home\/cosa-facciamo\/informare\/osservatorio-parlamentare\/attivita-legislativa\/legge-n-229-del-2016-interventi-urgenti-in-favore-delle-popolazioni-colpite-dagli-eventi-sismici-del-2016\/#breadcrumb\"},\"inLanguage\":\"it-IT\",\"potentialAction\":[{\"@type\":\"ReadAction\",\"target\":[\"https:\/\/welaikaadv.site\/avviso\/home\/cosa-facciamo\/informare\/osservatorio-parlamentare\/attivita-legislativa\/legge-n-229-del-2016-interventi-urgenti-in-favore-delle-popolazioni-colpite-dagli-eventi-sismici-del-2016\/\"]}]},{\"@type\":\"BreadcrumbList\",\"@id\":\"https:\/\/welaikaadv.site\/avviso\/home\/cosa-facciamo\/informare\/osservatorio-parlamentare\/attivita-legislativa\/legge-n-229-del-2016-interventi-urgenti-in-favore-delle-popolazioni-colpite-dagli-eventi-sismici-del-2016\/#breadcrumb\",\"itemListElement\":[{\"@type\":\"ListItem\",\"position\":1,\"name\":\"Home\",\"item\":\"https:\/\/welaikaadv.site\/avviso\/\"},{\"@type\":\"ListItem\",\"position\":2,\"name\":\"Legge n. 229 del 2016 Interventi urgenti in favore delle popolazioni colpite dagli eventi sismici del 2016\"}]},{\"@type\":\"WebSite\",\"@id\":\"https:\/\/welaikaadv.site\/avviso\/#website\",\"url\":\"https:\/\/welaikaadv.site\/avviso\/\",\"name\":\"Staging Avviso Pubblico\",\"description\":\"\",\"publisher\":{\"@id\":\"https:\/\/welaikaadv.site\/avviso\/#organization\"},\"potentialAction\":[{\"@type\":\"SearchAction\",\"target\":{\"@type\":\"EntryPoint\",\"urlTemplate\":\"https:\/\/welaikaadv.site\/avviso\/?s={search_term_string}\"},\"query-input\":{\"@type\":\"PropertyValueSpecification\",\"valueRequired\":true,\"valueName\":\"search_term_string\"}}],\"inLanguage\":\"it-IT\"},{\"@type\":\"Organization\",\"@id\":\"https:\/\/welaikaadv.site\/avviso\/#organization\",\"name\":\"Staging Avviso Pubblico\",\"url\":\"https:\/\/welaikaadv.site\/avviso\/\",\"logo\":{\"@type\":\"ImageObject\",\"inLanguage\":\"it-IT\",\"@id\":\"https:\/\/welaikaadv.site\/avviso\/#\/schema\/logo\/image\/\",\"url\":\"https:\/\/welaikaadv.site\/avviso\/wp-content\/uploads\/2024\/08\/logoAPsito-400.png\",\"contentUrl\":\"https:\/\/welaikaadv.site\/avviso\/wp-content\/uploads\/2024\/08\/logoAPsito-400.png\",\"width\":400,\"height\":97,\"caption\":\"Staging Avviso Pubblico\"},\"image\":{\"@id\":\"https:\/\/welaikaadv.site\/avviso\/#\/schema\/logo\/image\/\"}}]}<\/script>\n<!-- \/ Yoast SEO plugin. -->","yoast_head_json":{"title":"Legge n. 229 del 2016 Interventi urgenti in favore delle popolazioni colpite dagli eventi sismici del 2016 - Staging Avviso Pubblico","robots":{"index":"noindex","follow":"follow","max-snippet":"max-snippet:-1","max-image-preview":"max-image-preview:large","max-video-preview":"max-video-preview:-1"},"og_locale":"it_IT","og_type":"article","og_title":"Legge n. 229 del 2016 Interventi urgenti in favore delle popolazioni colpite dagli eventi sismici del 2016 - Staging Avviso Pubblico","og_description":"Premessa. La legge 15 dicembre 2016 n. 229 (di conversione del D.L. 189\/2016 e del successivo D.L. 205\/2016) reca in particolare una serie di disposizioni&nbsp;[&hellip;]Leggi tutto Legge n. 229 del 2016 Interventi urgenti in favore delle popolazioni colpite dagli eventi sismici del 2016 &rarr;","og_url":"https:\/\/welaikaadv.site\/avviso\/home\/cosa-facciamo\/informare\/osservatorio-parlamentare\/attivita-legislativa\/legge-n-229-del-2016-interventi-urgenti-in-favore-delle-popolazioni-colpite-dagli-eventi-sismici-del-2016\/","og_site_name":"Staging Avviso Pubblico","twitter_card":"summary_large_image","twitter_misc":{"Tempo di lettura stimato":"3 minuti"},"schema":{"@context":"https:\/\/schema.org","@graph":[{"@type":"WebPage","@id":"https:\/\/welaikaadv.site\/avviso\/home\/cosa-facciamo\/informare\/osservatorio-parlamentare\/attivita-legislativa\/legge-n-229-del-2016-interventi-urgenti-in-favore-delle-popolazioni-colpite-dagli-eventi-sismici-del-2016\/","url":"https:\/\/welaikaadv.site\/avviso\/home\/cosa-facciamo\/informare\/osservatorio-parlamentare\/attivita-legislativa\/legge-n-229-del-2016-interventi-urgenti-in-favore-delle-popolazioni-colpite-dagli-eventi-sismici-del-2016\/","name":"Legge n. 229 del 2016 Interventi urgenti in favore delle popolazioni colpite dagli eventi sismici del 2016 - Staging Avviso Pubblico","isPartOf":{"@id":"https:\/\/welaikaadv.site\/avviso\/#website"},"datePublished":"2017-07-06T05:05:56+00:00","breadcrumb":{"@id":"https:\/\/welaikaadv.site\/avviso\/home\/cosa-facciamo\/informare\/osservatorio-parlamentare\/attivita-legislativa\/legge-n-229-del-2016-interventi-urgenti-in-favore-delle-popolazioni-colpite-dagli-eventi-sismici-del-2016\/#breadcrumb"},"inLanguage":"it-IT","potentialAction":[{"@type":"ReadAction","target":["https:\/\/welaikaadv.site\/avviso\/home\/cosa-facciamo\/informare\/osservatorio-parlamentare\/attivita-legislativa\/legge-n-229-del-2016-interventi-urgenti-in-favore-delle-popolazioni-colpite-dagli-eventi-sismici-del-2016\/"]}]},{"@type":"BreadcrumbList","@id":"https:\/\/welaikaadv.site\/avviso\/home\/cosa-facciamo\/informare\/osservatorio-parlamentare\/attivita-legislativa\/legge-n-229-del-2016-interventi-urgenti-in-favore-delle-popolazioni-colpite-dagli-eventi-sismici-del-2016\/#breadcrumb","itemListElement":[{"@type":"ListItem","position":1,"name":"Home","item":"https:\/\/welaikaadv.site\/avviso\/"},{"@type":"ListItem","position":2,"name":"Legge n. 229 del 2016 Interventi urgenti in favore delle popolazioni colpite dagli eventi sismici del 2016"}]},{"@type":"WebSite","@id":"https:\/\/welaikaadv.site\/avviso\/#website","url":"https:\/\/welaikaadv.site\/avviso\/","name":"Staging Avviso Pubblico","description":"","publisher":{"@id":"https:\/\/welaikaadv.site\/avviso\/#organization"},"potentialAction":[{"@type":"SearchAction","target":{"@type":"EntryPoint","urlTemplate":"https:\/\/welaikaadv.site\/avviso\/?s={search_term_string}"},"query-input":{"@type":"PropertyValueSpecification","valueRequired":true,"valueName":"search_term_string"}}],"inLanguage":"it-IT"},{"@type":"Organization","@id":"https:\/\/welaikaadv.site\/avviso\/#organization","name":"Staging Avviso Pubblico","url":"https:\/\/welaikaadv.site\/avviso\/","logo":{"@type":"ImageObject","inLanguage":"it-IT","@id":"https:\/\/welaikaadv.site\/avviso\/#\/schema\/logo\/image\/","url":"https:\/\/welaikaadv.site\/avviso\/wp-content\/uploads\/2024\/08\/logoAPsito-400.png","contentUrl":"https:\/\/welaikaadv.site\/avviso\/wp-content\/uploads\/2024\/08\/logoAPsito-400.png","width":400,"height":97,"caption":"Staging Avviso Pubblico"},"image":{"@id":"https:\/\/welaikaadv.site\/avviso\/#\/schema\/logo\/image\/"}}]}},"_links":{"self":[{"href":"https:\/\/welaikaadv.site\/avviso\/wp-json\/wp\/v2\/pages\/23530","targetHints":{"allow":["GET"]}}],"collection":[{"href":"https:\/\/welaikaadv.site\/avviso\/wp-json\/wp\/v2\/pages"}],"about":[{"href":"https:\/\/welaikaadv.site\/avviso\/wp-json\/wp\/v2\/types\/page"}],"author":[{"embeddable":true,"href":"https:\/\/welaikaadv.site\/avviso\/wp-json\/wp\/v2\/users\/1"}],"replies":[{"embeddable":true,"href":"https:\/\/welaikaadv.site\/avviso\/wp-json\/wp\/v2\/comments?post=23530"}],"version-history":[{"count":0,"href":"https:\/\/welaikaadv.site\/avviso\/wp-json\/wp\/v2\/pages\/23530\/revisions"}],"up":[{"embeddable":true,"href":"https:\/\/welaikaadv.site\/avviso\/wp-json\/wp\/v2\/pages\/2537"}],"wp:attachment":[{"href":"https:\/\/welaikaadv.site\/avviso\/wp-json\/wp\/v2\/media?parent=23530"}],"curies":[{"name":"wp","href":"https:\/\/api.w.org\/{rel}","templated":true}]}}