{"id":23561,"date":"2017-09-29T07:15:35","date_gmt":"2017-09-29T05:15:35","guid":{"rendered":"http:\/\/www.avvisopubblico.it\/osservatorio\/?page_id=7110"},"modified":"2017-09-29T07:15:35","modified_gmt":"2017-09-29T05:15:35","slug":"commissione-antimafia-audizioni-sulle-infiltrazioni-della-criminalita-organizzata-in-liguria","status":"publish","type":"page","link":"https:\/\/welaikaadv.site\/avviso\/home\/cosa-facciamo\/informare\/osservatorio-parlamentare\/attivita-dinchiesta\/attivita-dinchiesta-xvii\/commissione-bicamerale-antimafia\/commissione-antimafia-audizioni-sulle-infiltrazioni-della-criminalita-organizzata-in-liguria\/","title":{"rendered":"Commissione antimafia: audizioni sulle infiltrazioni della criminalit\u00e0 organizzata in Liguria"},"content":{"rendered":"<p><strong>Premessa<\/strong>. La Commissione di inchiesta antimafia ha dedicato una specifica attenzione al tema della presenza delle organizzazioni di tipo mafioso in Liguria. A tal fine, oltre ad alcune missioni a Imperia e a Genova, la Commissione ha ascoltato il <strong><a href=\"http:\/\/www.camera.it\/leg17\/1058?idLegislatura=17&amp;tipologia=audiz2&amp;sottotipologia=audizione&amp;anno=2017&amp;mese=09&amp;giorno=19&amp;idCommissione=24&amp;numero=0224&amp;file=indice_stenografico\">19 settembre 2017<\/a><\/strong> il presidente della Regione Liguria, Giovanni Toti.<\/p>\n<p><strong>Le nuove mafie al Nord<\/strong>. Il Presidente della Regione sottolinea la maggiore consapevolezza da parte delle Istituzioni del radicamento al Nord delle nuove mafie, che tendono a evitare atti o comportamenti che potrebbero suscitare l&#8217;attenzione delle forze di polizia e dell\u2019opinione pubblica, privilegiando metodi collusivi e corruttivi. Le indagini della magistratura hanno infatti evidenziato gli interessi di potenti gruppi criminali (aldil\u00e0 della loro riconducibilit\u00e0 o meno alle associazioni mafiose) con particolare riferimento all\u2019utilizzo dei porti di Savona, Spezia e Genova per il commercio di droga e di armi. Lo scioglimento di alcuni consigli comunali (l\u2019ultimo in ordine di tempo Lavagna) evidenzia la volont\u00e0 di tali gruppi di infiltrarsi nelle istituzioni locali per accedere agli appalti e trovare appoggi nei settori strategici dell\u2019edilizia, trasporti, giochi, rifiuti etc<\/p>\n<p><strong>La reazione delle Istituzioni<\/strong>. A tale consapevolezza hanno fatto seguito rilevanti misure volte a contrastare la criminalit\u00e0, favorire la trasparenza della amministrazione pubblica, promuovere il riutilizzo sociale dei beni confiscati (tra cui i 115 immobili della famiglia Canfarotta) e diffondere la cultura della legalit\u00e0. Si inseriscono in quest\u2019ottica la legge regionale n. 7 del 2012 e le recenti leggi regionali nn. 2 e 3 del 2017. Di rilevo i protocolli d&#8217;intesa stipulati con l&#8217;Arma dei carabinieri e con il Ministero dell&#8217;interno e quello in via di definizione con altre Regioni, tra cui la Lombardia, per la formazione ed aggiornamento professionale del personale della polizia locale. Giovanni Toti ricorda altre importanti iniziative, tra le quali la convenzione con l&#8217;Universit\u00e0 di Genova per analisi, il Tavolo della legalit\u00e0, in cui sono presenti anche enti locali e rappresentanti della societ\u00e0 civile ed il nuovo Piano anticorruzione regionale. Il Presidente riferisce infine delle misure adottate con riferimento ai lavori per la realizzazione del Terzo Valico, oggetto di inchiesta giudiziaria.<\/p>\n","protected":false},"excerpt":{"rendered":"<p>Premessa. La Commissione di inchiesta antimafia ha dedicato una specifica attenzione al tema della presenza delle organizzazioni di tipo mafioso in Liguria. A tal fine,&nbsp;<span class=\"hellipsis\">[&hellip;]<\/span><a class=\"more-link\" href=\"https:\/\/welaikaadv.site\/avviso\/home\/cosa-facciamo\/informare\/osservatorio-parlamentare\/attivita-dinchiesta\/attivita-dinchiesta-xvii\/commissione-bicamerale-antimafia\/commissione-antimafia-audizioni-sulle-infiltrazioni-della-criminalita-organizzata-in-liguria\/\">Leggi tutto <span class=\"screen-reader-text\">Commissione antimafia: audizioni sulle infiltrazioni della criminalit\u00e0 organizzata in Liguria<\/span> <span class=\"meta-nav\" aria-hidden=\"true\">&rarr;<\/span><\/a><\/p>\n","protected":false},"author":1,"featured_media":0,"parent":2662,"menu_order":0,"comment_status":"closed","ping_status":"closed","template":"","meta":{"_acf_changed":false,"_exactmetrics_skip_tracking":false,"_exactmetrics_sitenote_active":false,"_exactmetrics_sitenote_note":"","_exactmetrics_sitenote_category":0,"wp_social_preview_title":"","wp_social_preview_description":"","wp_social_preview_image":0,"footnotes":""},"class_list":["post-23561","page","type-page","status-publish","hentry"],"acf":[],"yoast_head":"<!-- This site is optimized with the Yoast SEO plugin v27.2 - https:\/\/yoast.com\/product\/yoast-seo-wordpress\/ -->\n<title>Commissione antimafia: audizioni sulle infiltrazioni della criminalit\u00e0 organizzata in Liguria - Staging Avviso Pubblico<\/title>\n<meta name=\"robots\" content=\"noindex, follow, max-snippet:-1, max-image-preview:large, max-video-preview:-1\" \/>\n<meta property=\"og:locale\" content=\"it_IT\" \/>\n<meta property=\"og:type\" content=\"article\" \/>\n<meta property=\"og:title\" content=\"Commissione antimafia: audizioni sulle infiltrazioni della criminalit\u00e0 organizzata in Liguria - Staging Avviso Pubblico\" \/>\n<meta property=\"og:description\" content=\"Premessa. La Commissione di inchiesta antimafia ha dedicato una specifica attenzione al tema della presenza delle organizzazioni di tipo mafioso in Liguria. A tal fine,&nbsp;[&hellip;]Leggi tutto Commissione antimafia: audizioni sulle infiltrazioni della criminalit\u00e0 organizzata in Liguria &rarr;\" \/>\n<meta property=\"og:url\" content=\"https:\/\/welaikaadv.site\/avviso\/home\/cosa-facciamo\/informare\/osservatorio-parlamentare\/attivita-dinchiesta\/attivita-dinchiesta-xvii\/commissione-bicamerale-antimafia\/commissione-antimafia-audizioni-sulle-infiltrazioni-della-criminalita-organizzata-in-liguria\/\" \/>\n<meta property=\"og:site_name\" content=\"Staging Avviso Pubblico\" \/>\n<meta name=\"twitter:card\" content=\"summary_large_image\" \/>\n<meta name=\"twitter:label1\" content=\"Tempo di lettura stimato\" \/>\n\t<meta name=\"twitter:data1\" content=\"2 minuti\" \/>\n<script type=\"application\/ld+json\" class=\"yoast-schema-graph\">{\"@context\":\"https:\/\/schema.org\",\"@graph\":[{\"@type\":\"WebPage\",\"@id\":\"https:\/\/welaikaadv.site\/avviso\/home\/cosa-facciamo\/informare\/osservatorio-parlamentare\/attivita-dinchiesta\/attivita-dinchiesta-xvii\/commissione-bicamerale-antimafia\/commissione-antimafia-audizioni-sulle-infiltrazioni-della-criminalita-organizzata-in-liguria\/\",\"url\":\"https:\/\/welaikaadv.site\/avviso\/home\/cosa-facciamo\/informare\/osservatorio-parlamentare\/attivita-dinchiesta\/attivita-dinchiesta-xvii\/commissione-bicamerale-antimafia\/commissione-antimafia-audizioni-sulle-infiltrazioni-della-criminalita-organizzata-in-liguria\/\",\"name\":\"Commissione antimafia: audizioni sulle infiltrazioni della criminalit\u00e0 organizzata in Liguria - Staging Avviso Pubblico\",\"isPartOf\":{\"@id\":\"https:\/\/welaikaadv.site\/avviso\/#website\"},\"datePublished\":\"2017-09-29T05:15:35+00:00\",\"breadcrumb\":{\"@id\":\"https:\/\/welaikaadv.site\/avviso\/home\/cosa-facciamo\/informare\/osservatorio-parlamentare\/attivita-dinchiesta\/attivita-dinchiesta-xvii\/commissione-bicamerale-antimafia\/commissione-antimafia-audizioni-sulle-infiltrazioni-della-criminalita-organizzata-in-liguria\/#breadcrumb\"},\"inLanguage\":\"it-IT\",\"potentialAction\":[{\"@type\":\"ReadAction\",\"target\":[\"https:\/\/welaikaadv.site\/avviso\/home\/cosa-facciamo\/informare\/osservatorio-parlamentare\/attivita-dinchiesta\/attivita-dinchiesta-xvii\/commissione-bicamerale-antimafia\/commissione-antimafia-audizioni-sulle-infiltrazioni-della-criminalita-organizzata-in-liguria\/\"]}]},{\"@type\":\"BreadcrumbList\",\"@id\":\"https:\/\/welaikaadv.site\/avviso\/home\/cosa-facciamo\/informare\/osservatorio-parlamentare\/attivita-dinchiesta\/attivita-dinchiesta-xvii\/commissione-bicamerale-antimafia\/commissione-antimafia-audizioni-sulle-infiltrazioni-della-criminalita-organizzata-in-liguria\/#breadcrumb\",\"itemListElement\":[{\"@type\":\"ListItem\",\"position\":1,\"name\":\"Home\",\"item\":\"https:\/\/welaikaadv.site\/avviso\/\"},{\"@type\":\"ListItem\",\"position\":2,\"name\":\"Commissione antimafia: audizioni sulle infiltrazioni della criminalit\u00e0 organizzata in Liguria\"}]},{\"@type\":\"WebSite\",\"@id\":\"https:\/\/welaikaadv.site\/avviso\/#website\",\"url\":\"https:\/\/welaikaadv.site\/avviso\/\",\"name\":\"Staging Avviso Pubblico\",\"description\":\"\",\"publisher\":{\"@id\":\"https:\/\/welaikaadv.site\/avviso\/#organization\"},\"potentialAction\":[{\"@type\":\"SearchAction\",\"target\":{\"@type\":\"EntryPoint\",\"urlTemplate\":\"https:\/\/welaikaadv.site\/avviso\/?s={search_term_string}\"},\"query-input\":{\"@type\":\"PropertyValueSpecification\",\"valueRequired\":true,\"valueName\":\"search_term_string\"}}],\"inLanguage\":\"it-IT\"},{\"@type\":\"Organization\",\"@id\":\"https:\/\/welaikaadv.site\/avviso\/#organization\",\"name\":\"Staging Avviso Pubblico\",\"url\":\"https:\/\/welaikaadv.site\/avviso\/\",\"logo\":{\"@type\":\"ImageObject\",\"inLanguage\":\"it-IT\",\"@id\":\"https:\/\/welaikaadv.site\/avviso\/#\/schema\/logo\/image\/\",\"url\":\"https:\/\/welaikaadv.site\/avviso\/wp-content\/uploads\/2024\/08\/logoAPsito-400.png\",\"contentUrl\":\"https:\/\/welaikaadv.site\/avviso\/wp-content\/uploads\/2024\/08\/logoAPsito-400.png\",\"width\":400,\"height\":97,\"caption\":\"Staging Avviso Pubblico\"},\"image\":{\"@id\":\"https:\/\/welaikaadv.site\/avviso\/#\/schema\/logo\/image\/\"}}]}<\/script>\n<!-- \/ Yoast SEO plugin. -->","yoast_head_json":{"title":"Commissione antimafia: audizioni sulle infiltrazioni della criminalit\u00e0 organizzata in Liguria - Staging Avviso Pubblico","robots":{"index":"noindex","follow":"follow","max-snippet":"max-snippet:-1","max-image-preview":"max-image-preview:large","max-video-preview":"max-video-preview:-1"},"og_locale":"it_IT","og_type":"article","og_title":"Commissione antimafia: audizioni sulle infiltrazioni della criminalit\u00e0 organizzata in Liguria - Staging Avviso Pubblico","og_description":"Premessa. La Commissione di inchiesta antimafia ha dedicato una specifica attenzione al tema della presenza delle organizzazioni di tipo mafioso in Liguria. A tal fine,&nbsp;[&hellip;]Leggi tutto Commissione antimafia: audizioni sulle infiltrazioni della criminalit\u00e0 organizzata in Liguria &rarr;","og_url":"https:\/\/welaikaadv.site\/avviso\/home\/cosa-facciamo\/informare\/osservatorio-parlamentare\/attivita-dinchiesta\/attivita-dinchiesta-xvii\/commissione-bicamerale-antimafia\/commissione-antimafia-audizioni-sulle-infiltrazioni-della-criminalita-organizzata-in-liguria\/","og_site_name":"Staging Avviso Pubblico","twitter_card":"summary_large_image","twitter_misc":{"Tempo di lettura stimato":"2 minuti"},"schema":{"@context":"https:\/\/schema.org","@graph":[{"@type":"WebPage","@id":"https:\/\/welaikaadv.site\/avviso\/home\/cosa-facciamo\/informare\/osservatorio-parlamentare\/attivita-dinchiesta\/attivita-dinchiesta-xvii\/commissione-bicamerale-antimafia\/commissione-antimafia-audizioni-sulle-infiltrazioni-della-criminalita-organizzata-in-liguria\/","url":"https:\/\/welaikaadv.site\/avviso\/home\/cosa-facciamo\/informare\/osservatorio-parlamentare\/attivita-dinchiesta\/attivita-dinchiesta-xvii\/commissione-bicamerale-antimafia\/commissione-antimafia-audizioni-sulle-infiltrazioni-della-criminalita-organizzata-in-liguria\/","name":"Commissione antimafia: audizioni sulle infiltrazioni della criminalit\u00e0 organizzata in Liguria - Staging Avviso Pubblico","isPartOf":{"@id":"https:\/\/welaikaadv.site\/avviso\/#website"},"datePublished":"2017-09-29T05:15:35+00:00","breadcrumb":{"@id":"https:\/\/welaikaadv.site\/avviso\/home\/cosa-facciamo\/informare\/osservatorio-parlamentare\/attivita-dinchiesta\/attivita-dinchiesta-xvii\/commissione-bicamerale-antimafia\/commissione-antimafia-audizioni-sulle-infiltrazioni-della-criminalita-organizzata-in-liguria\/#breadcrumb"},"inLanguage":"it-IT","potentialAction":[{"@type":"ReadAction","target":["https:\/\/welaikaadv.site\/avviso\/home\/cosa-facciamo\/informare\/osservatorio-parlamentare\/attivita-dinchiesta\/attivita-dinchiesta-xvii\/commissione-bicamerale-antimafia\/commissione-antimafia-audizioni-sulle-infiltrazioni-della-criminalita-organizzata-in-liguria\/"]}]},{"@type":"BreadcrumbList","@id":"https:\/\/welaikaadv.site\/avviso\/home\/cosa-facciamo\/informare\/osservatorio-parlamentare\/attivita-dinchiesta\/attivita-dinchiesta-xvii\/commissione-bicamerale-antimafia\/commissione-antimafia-audizioni-sulle-infiltrazioni-della-criminalita-organizzata-in-liguria\/#breadcrumb","itemListElement":[{"@type":"ListItem","position":1,"name":"Home","item":"https:\/\/welaikaadv.site\/avviso\/"},{"@type":"ListItem","position":2,"name":"Commissione antimafia: audizioni sulle infiltrazioni della criminalit\u00e0 organizzata in Liguria"}]},{"@type":"WebSite","@id":"https:\/\/welaikaadv.site\/avviso\/#website","url":"https:\/\/welaikaadv.site\/avviso\/","name":"Staging Avviso Pubblico","description":"","publisher":{"@id":"https:\/\/welaikaadv.site\/avviso\/#organization"},"potentialAction":[{"@type":"SearchAction","target":{"@type":"EntryPoint","urlTemplate":"https:\/\/welaikaadv.site\/avviso\/?s={search_term_string}"},"query-input":{"@type":"PropertyValueSpecification","valueRequired":true,"valueName":"search_term_string"}}],"inLanguage":"it-IT"},{"@type":"Organization","@id":"https:\/\/welaikaadv.site\/avviso\/#organization","name":"Staging Avviso Pubblico","url":"https:\/\/welaikaadv.site\/avviso\/","logo":{"@type":"ImageObject","inLanguage":"it-IT","@id":"https:\/\/welaikaadv.site\/avviso\/#\/schema\/logo\/image\/","url":"https:\/\/welaikaadv.site\/avviso\/wp-content\/uploads\/2024\/08\/logoAPsito-400.png","contentUrl":"https:\/\/welaikaadv.site\/avviso\/wp-content\/uploads\/2024\/08\/logoAPsito-400.png","width":400,"height":97,"caption":"Staging Avviso Pubblico"},"image":{"@id":"https:\/\/welaikaadv.site\/avviso\/#\/schema\/logo\/image\/"}}]}},"_links":{"self":[{"href":"https:\/\/welaikaadv.site\/avviso\/wp-json\/wp\/v2\/pages\/23561","targetHints":{"allow":["GET"]}}],"collection":[{"href":"https:\/\/welaikaadv.site\/avviso\/wp-json\/wp\/v2\/pages"}],"about":[{"href":"https:\/\/welaikaadv.site\/avviso\/wp-json\/wp\/v2\/types\/page"}],"author":[{"embeddable":true,"href":"https:\/\/welaikaadv.site\/avviso\/wp-json\/wp\/v2\/users\/1"}],"replies":[{"embeddable":true,"href":"https:\/\/welaikaadv.site\/avviso\/wp-json\/wp\/v2\/comments?post=23561"}],"version-history":[{"count":0,"href":"https:\/\/welaikaadv.site\/avviso\/wp-json\/wp\/v2\/pages\/23561\/revisions"}],"up":[{"embeddable":true,"href":"https:\/\/welaikaadv.site\/avviso\/wp-json\/wp\/v2\/pages\/2662"}],"wp:attachment":[{"href":"https:\/\/welaikaadv.site\/avviso\/wp-json\/wp\/v2\/media?parent=23561"}],"curies":[{"name":"wp","href":"https:\/\/api.w.org\/{rel}","templated":true}]}}