{"id":25022,"date":"2016-04-23T16:19:26","date_gmt":"2016-04-23T14:19:26","guid":{"rendered":"http:\/\/www.avvisopubblico.it\/home\/?page_id=25022"},"modified":"2016-04-23T16:19:26","modified_gmt":"2016-04-23T14:19:26","slug":"conflitto-di-interessi-e-prevenzione-della-corruzione-analisi-di-una-sentenza-del-tar-di-pescara","status":"publish","type":"page","link":"https:\/\/welaikaadv.site\/avviso\/home\/cosa-facciamo\/informare\/documenti-tematici\/corruzione-appalti\/conflitto-di-interessi-e-prevenzione-della-corruzione-analisi-di-una-sentenza-del-tar-di-pescara\/","title":{"rendered":"Conflitto di interessi e prevenzione della corruzione. Analisi di una sentenza del Tar di Pescara"},"content":{"rendered":"<p>\u201cIl conflitto di interessi\u201d \u00e8 l\u2019argomento chiave della prevenzione della corruzione. A conferma di ci\u00f2 basti pensare che il legislatore, all\u2019interno della legge n. 190\/2012 (legge anticorruzione) ha previsto l\u2019introduzione di questa figura aggiungendo un articolo (il 6 \u2013 bis) alla legge 241\/1990, sul procedimento amministrativo.<\/p>\n<p>Quell\u2019articolo prevede, in modo esplicito, per i responsabili del procedimento e per i dirigenti degli uffici, l\u2019obbligo dell\u2019astensione e della segnalazione di confitti anche potenziali.<\/p>\n<p>Tuttavia la questione, in ordine alla effettiva presenza del conflitto di interesse, non \u00e8 chiara e in tale senso prendiamo in esame una sentenza (la n.195\/2014) del Tribunale amministrativo dell\u2019Abruzzo.<\/p>\n<p>Il fatto riguarda l\u2019annullamento della procedura di affidamento, da parte di un Comune, dei servizi di supporto nelle mense scolastiche a una societ\u00e0 cooperativa in quanto l\u2019aggiudicazione risulterebbe illegittima, poich\u00e8 il figlio del responsabile unico del procedimento (rup) risulta essere alle dipendenze della societ\u00e0 aggiudicataria.<\/p>\n<p>La sentenza che esaminiamo risulta \u201csingolare\u201d perch\u00e9 fornisce una interpretazione che alleggerisce la figura del conflitto di interesse.<\/p>\n<p>In particolare, nel testo della sentenza si evidenzia il fatto che si tratta di un \u201cappalto ripetitivo\u201d che si svolge gi\u00e0 da diversi anni, aggiungendo che il Rup, nella circostanza, si \u201climitava a corredare i vari capitolati d\u2019appalto dei dati numerici ed economici necessari per determinare l\u2019importo a base d\u2019asta\u201d, senza alcuna \u201cincidenza sul piano logico \u2013razionale\u201d.<\/p>\n<p>Peraltro, si legge nella sentenza, il figlio che risulta dipendente della ditta aggiudicataria, svolge le funzioni di magazziniere, posizione che si caratterizza per il coordinamento tecnico esecutivo, dotato di una autonoma tutela di continuit\u00e0 del servizio.\u201d<\/p>\n<p>Il tribunale, inoltre, ricorrendo a una interpretazione \u201cforzata\u201d, riferendosi all\u2019articolo 6 bis, che prima abbiamo citato, aggiunge \u201cla norma, che prevede una notevole ampiezza di compiti, stabilisce un obbligo d\u2019astensione da parte del dipendente pubblico, mentre nessuna preclusione di partecipazione alla gara vi \u00e8 per la ditta che, da parte sua, non \u00e8 tenuta a verificare alcunch\u00e9, potendo ignorare la parentela esistente e che comunque non avrebbe alcun altro mezzo per eliminare l\u2019ostacolo, se non il licenziamento del proprio subordinato. La disposizione esprime un principio generale dell\u2019attivit\u00e0 amministrativa, che implica tutta una seria di compiti da parte del Rup, con una puntuale indicazione della sfera delle situazioni di conflitto d\u2019interesse.<\/p>\n<p>Nel caso in esame, inoltre, prosegue la sentenza, in rup non risulterebbe in conflitto, in quanto non ha preso parte della commissione, a cui, nella procedura ad evidenza pubblica, spetta ogni potere decisionale. Il Rup, invece, riveste una posizione di supporto esterno, senza alcuna effettiva incidenza n\u00e9 in fase istruttoria, n\u00e9 in quella decisionale. In ragione di ci\u00f2, conclude il tribunale, non si pu\u00f2 configurare il conflitto di interessi, neppure in via potenziale, proprio per i compiti del Rup, che sono limitatissimi (indicazione dei dati numerici per determinare l\u2019importo a base d\u2019asta), del tutto preliminari.<\/p>\n<p>Conseguentemente il Tribunale accoglie il ricorso rivolto a rimuovere l\u2019annullamento affermando che con quell\u2019atto \u201cil Comune ha ritenuto di dover fare una rigorosa quanto astratta applicazione dell\u2019art. 6-bis citato, sul presupposto che il Rup si sarebbe dovuto comunque astenere pur non avendo preso parte attiva alla procedura, rimettendo ogni decisione alla Commissione aggiudicatrice.\u201d E aggiunge \u201cL\u2019annullamento d\u2019ufficio appare essere una soluzione estrema ed abnorme della cd. mera legalit\u00e0. La potenziale situazione di conflitto d\u2019interesse non significa dare valore decisivo ad ogni osservazione strumentale, ma deve essere sempre verificata una valida ragione d\u2019incompatibilit\u00e0 che possa inficiare in modo visibile il buon andamento della P.A..<\/p>\n<p>Nel caso in esame, la procedura di gara si \u00e8 conclusa con l\u2019aggiudicazione e non ha senso parlare di un intervento di prevenzione ante-corruttiva<strong>.<\/strong><\/p>\n","protected":false},"excerpt":{"rendered":"<p>\u201cIl conflitto di interessi\u201d \u00e8 l\u2019argomento chiave della prevenzione della corruzione. A conferma di ci\u00f2 basti pensare che il legislatore, all\u2019interno della legge n. 190\/2012&nbsp;<span class=\"hellipsis\">[&hellip;]<\/span><a class=\"more-link\" href=\"https:\/\/welaikaadv.site\/avviso\/home\/cosa-facciamo\/informare\/documenti-tematici\/corruzione-appalti\/conflitto-di-interessi-e-prevenzione-della-corruzione-analisi-di-una-sentenza-del-tar-di-pescara\/\">Leggi tutto <span class=\"screen-reader-text\">Conflitto di interessi e prevenzione della corruzione. Analisi di una sentenza del Tar di Pescara<\/span> <span class=\"meta-nav\" aria-hidden=\"true\">&rarr;<\/span><\/a><\/p>\n","protected":false},"author":1,"featured_media":0,"parent":198,"menu_order":0,"comment_status":"closed","ping_status":"closed","template":"","meta":{"_acf_changed":false,"_exactmetrics_skip_tracking":false,"_exactmetrics_sitenote_active":false,"_exactmetrics_sitenote_note":"","_exactmetrics_sitenote_category":0,"wp_social_preview_title":"","wp_social_preview_description":"","wp_social_preview_image":0,"footnotes":""},"class_list":["post-25022","page","type-page","status-publish","hentry"],"acf":[],"yoast_head":"<!-- This site is optimized with the Yoast SEO plugin v27.2 - https:\/\/yoast.com\/product\/yoast-seo-wordpress\/ -->\n<title>Conflitto di interessi e prevenzione della corruzione. Analisi di una sentenza del Tar di Pescara - Staging Avviso Pubblico<\/title>\n<meta name=\"robots\" content=\"noindex, follow, max-snippet:-1, max-image-preview:large, max-video-preview:-1\" \/>\n<meta property=\"og:locale\" content=\"it_IT\" \/>\n<meta property=\"og:type\" content=\"article\" \/>\n<meta property=\"og:title\" content=\"Conflitto di interessi e prevenzione della corruzione. Analisi di una sentenza del Tar di Pescara - Staging Avviso Pubblico\" \/>\n<meta property=\"og:description\" content=\"\u201cIl conflitto di interessi\u201d \u00e8 l\u2019argomento chiave della prevenzione della corruzione. A conferma di ci\u00f2 basti pensare che il legislatore, all\u2019interno della legge n. 190\/2012&nbsp;[&hellip;]Leggi tutto Conflitto di interessi e prevenzione della corruzione. Analisi di una sentenza del Tar di Pescara &rarr;\" \/>\n<meta property=\"og:url\" content=\"https:\/\/welaikaadv.site\/avviso\/home\/cosa-facciamo\/informare\/documenti-tematici\/corruzione-appalti\/conflitto-di-interessi-e-prevenzione-della-corruzione-analisi-di-una-sentenza-del-tar-di-pescara\/\" \/>\n<meta property=\"og:site_name\" content=\"Staging Avviso Pubblico\" \/>\n<meta name=\"twitter:card\" content=\"summary_large_image\" \/>\n<meta name=\"twitter:label1\" content=\"Tempo di lettura stimato\" \/>\n\t<meta name=\"twitter:data1\" content=\"3 minuti\" \/>\n<script type=\"application\/ld+json\" class=\"yoast-schema-graph\">{\"@context\":\"https:\/\/schema.org\",\"@graph\":[{\"@type\":\"WebPage\",\"@id\":\"https:\/\/welaikaadv.site\/avviso\/home\/cosa-facciamo\/informare\/documenti-tematici\/corruzione-appalti\/conflitto-di-interessi-e-prevenzione-della-corruzione-analisi-di-una-sentenza-del-tar-di-pescara\/\",\"url\":\"https:\/\/welaikaadv.site\/avviso\/home\/cosa-facciamo\/informare\/documenti-tematici\/corruzione-appalti\/conflitto-di-interessi-e-prevenzione-della-corruzione-analisi-di-una-sentenza-del-tar-di-pescara\/\",\"name\":\"Conflitto di interessi e prevenzione della corruzione. Analisi di una sentenza del Tar di Pescara - Staging Avviso Pubblico\",\"isPartOf\":{\"@id\":\"https:\/\/welaikaadv.site\/avviso\/#website\"},\"datePublished\":\"2016-04-23T14:19:26+00:00\",\"breadcrumb\":{\"@id\":\"https:\/\/welaikaadv.site\/avviso\/home\/cosa-facciamo\/informare\/documenti-tematici\/corruzione-appalti\/conflitto-di-interessi-e-prevenzione-della-corruzione-analisi-di-una-sentenza-del-tar-di-pescara\/#breadcrumb\"},\"inLanguage\":\"it-IT\",\"potentialAction\":[{\"@type\":\"ReadAction\",\"target\":[\"https:\/\/welaikaadv.site\/avviso\/home\/cosa-facciamo\/informare\/documenti-tematici\/corruzione-appalti\/conflitto-di-interessi-e-prevenzione-della-corruzione-analisi-di-una-sentenza-del-tar-di-pescara\/\"]}]},{\"@type\":\"BreadcrumbList\",\"@id\":\"https:\/\/welaikaadv.site\/avviso\/home\/cosa-facciamo\/informare\/documenti-tematici\/corruzione-appalti\/conflitto-di-interessi-e-prevenzione-della-corruzione-analisi-di-una-sentenza-del-tar-di-pescara\/#breadcrumb\",\"itemListElement\":[{\"@type\":\"ListItem\",\"position\":1,\"name\":\"Home\",\"item\":\"https:\/\/welaikaadv.site\/avviso\/\"},{\"@type\":\"ListItem\",\"position\":2,\"name\":\"Conflitto di interessi e prevenzione della corruzione. Analisi di una sentenza del Tar di Pescara\"}]},{\"@type\":\"WebSite\",\"@id\":\"https:\/\/welaikaadv.site\/avviso\/#website\",\"url\":\"https:\/\/welaikaadv.site\/avviso\/\",\"name\":\"Staging Avviso Pubblico\",\"description\":\"\",\"publisher\":{\"@id\":\"https:\/\/welaikaadv.site\/avviso\/#organization\"},\"potentialAction\":[{\"@type\":\"SearchAction\",\"target\":{\"@type\":\"EntryPoint\",\"urlTemplate\":\"https:\/\/welaikaadv.site\/avviso\/?s={search_term_string}\"},\"query-input\":{\"@type\":\"PropertyValueSpecification\",\"valueRequired\":true,\"valueName\":\"search_term_string\"}}],\"inLanguage\":\"it-IT\"},{\"@type\":\"Organization\",\"@id\":\"https:\/\/welaikaadv.site\/avviso\/#organization\",\"name\":\"Staging Avviso Pubblico\",\"url\":\"https:\/\/welaikaadv.site\/avviso\/\",\"logo\":{\"@type\":\"ImageObject\",\"inLanguage\":\"it-IT\",\"@id\":\"https:\/\/welaikaadv.site\/avviso\/#\/schema\/logo\/image\/\",\"url\":\"https:\/\/welaikaadv.site\/avviso\/wp-content\/uploads\/2024\/08\/logoAPsito-400.png\",\"contentUrl\":\"https:\/\/welaikaadv.site\/avviso\/wp-content\/uploads\/2024\/08\/logoAPsito-400.png\",\"width\":400,\"height\":97,\"caption\":\"Staging Avviso Pubblico\"},\"image\":{\"@id\":\"https:\/\/welaikaadv.site\/avviso\/#\/schema\/logo\/image\/\"}}]}<\/script>\n<!-- \/ Yoast SEO plugin. -->","yoast_head_json":{"title":"Conflitto di interessi e prevenzione della corruzione. Analisi di una sentenza del Tar di Pescara - Staging Avviso Pubblico","robots":{"index":"noindex","follow":"follow","max-snippet":"max-snippet:-1","max-image-preview":"max-image-preview:large","max-video-preview":"max-video-preview:-1"},"og_locale":"it_IT","og_type":"article","og_title":"Conflitto di interessi e prevenzione della corruzione. Analisi di una sentenza del Tar di Pescara - Staging Avviso Pubblico","og_description":"\u201cIl conflitto di interessi\u201d \u00e8 l\u2019argomento chiave della prevenzione della corruzione. A conferma di ci\u00f2 basti pensare che il legislatore, all\u2019interno della legge n. 190\/2012&nbsp;[&hellip;]Leggi tutto Conflitto di interessi e prevenzione della corruzione. Analisi di una sentenza del Tar di Pescara &rarr;","og_url":"https:\/\/welaikaadv.site\/avviso\/home\/cosa-facciamo\/informare\/documenti-tematici\/corruzione-appalti\/conflitto-di-interessi-e-prevenzione-della-corruzione-analisi-di-una-sentenza-del-tar-di-pescara\/","og_site_name":"Staging Avviso Pubblico","twitter_card":"summary_large_image","twitter_misc":{"Tempo di lettura stimato":"3 minuti"},"schema":{"@context":"https:\/\/schema.org","@graph":[{"@type":"WebPage","@id":"https:\/\/welaikaadv.site\/avviso\/home\/cosa-facciamo\/informare\/documenti-tematici\/corruzione-appalti\/conflitto-di-interessi-e-prevenzione-della-corruzione-analisi-di-una-sentenza-del-tar-di-pescara\/","url":"https:\/\/welaikaadv.site\/avviso\/home\/cosa-facciamo\/informare\/documenti-tematici\/corruzione-appalti\/conflitto-di-interessi-e-prevenzione-della-corruzione-analisi-di-una-sentenza-del-tar-di-pescara\/","name":"Conflitto di interessi e prevenzione della corruzione. Analisi di una sentenza del Tar di Pescara - Staging Avviso Pubblico","isPartOf":{"@id":"https:\/\/welaikaadv.site\/avviso\/#website"},"datePublished":"2016-04-23T14:19:26+00:00","breadcrumb":{"@id":"https:\/\/welaikaadv.site\/avviso\/home\/cosa-facciamo\/informare\/documenti-tematici\/corruzione-appalti\/conflitto-di-interessi-e-prevenzione-della-corruzione-analisi-di-una-sentenza-del-tar-di-pescara\/#breadcrumb"},"inLanguage":"it-IT","potentialAction":[{"@type":"ReadAction","target":["https:\/\/welaikaadv.site\/avviso\/home\/cosa-facciamo\/informare\/documenti-tematici\/corruzione-appalti\/conflitto-di-interessi-e-prevenzione-della-corruzione-analisi-di-una-sentenza-del-tar-di-pescara\/"]}]},{"@type":"BreadcrumbList","@id":"https:\/\/welaikaadv.site\/avviso\/home\/cosa-facciamo\/informare\/documenti-tematici\/corruzione-appalti\/conflitto-di-interessi-e-prevenzione-della-corruzione-analisi-di-una-sentenza-del-tar-di-pescara\/#breadcrumb","itemListElement":[{"@type":"ListItem","position":1,"name":"Home","item":"https:\/\/welaikaadv.site\/avviso\/"},{"@type":"ListItem","position":2,"name":"Conflitto di interessi e prevenzione della corruzione. Analisi di una sentenza del Tar di Pescara"}]},{"@type":"WebSite","@id":"https:\/\/welaikaadv.site\/avviso\/#website","url":"https:\/\/welaikaadv.site\/avviso\/","name":"Staging Avviso Pubblico","description":"","publisher":{"@id":"https:\/\/welaikaadv.site\/avviso\/#organization"},"potentialAction":[{"@type":"SearchAction","target":{"@type":"EntryPoint","urlTemplate":"https:\/\/welaikaadv.site\/avviso\/?s={search_term_string}"},"query-input":{"@type":"PropertyValueSpecification","valueRequired":true,"valueName":"search_term_string"}}],"inLanguage":"it-IT"},{"@type":"Organization","@id":"https:\/\/welaikaadv.site\/avviso\/#organization","name":"Staging Avviso Pubblico","url":"https:\/\/welaikaadv.site\/avviso\/","logo":{"@type":"ImageObject","inLanguage":"it-IT","@id":"https:\/\/welaikaadv.site\/avviso\/#\/schema\/logo\/image\/","url":"https:\/\/welaikaadv.site\/avviso\/wp-content\/uploads\/2024\/08\/logoAPsito-400.png","contentUrl":"https:\/\/welaikaadv.site\/avviso\/wp-content\/uploads\/2024\/08\/logoAPsito-400.png","width":400,"height":97,"caption":"Staging Avviso Pubblico"},"image":{"@id":"https:\/\/welaikaadv.site\/avviso\/#\/schema\/logo\/image\/"}}]}},"_links":{"self":[{"href":"https:\/\/welaikaadv.site\/avviso\/wp-json\/wp\/v2\/pages\/25022","targetHints":{"allow":["GET"]}}],"collection":[{"href":"https:\/\/welaikaadv.site\/avviso\/wp-json\/wp\/v2\/pages"}],"about":[{"href":"https:\/\/welaikaadv.site\/avviso\/wp-json\/wp\/v2\/types\/page"}],"author":[{"embeddable":true,"href":"https:\/\/welaikaadv.site\/avviso\/wp-json\/wp\/v2\/users\/1"}],"replies":[{"embeddable":true,"href":"https:\/\/welaikaadv.site\/avviso\/wp-json\/wp\/v2\/comments?post=25022"}],"version-history":[{"count":0,"href":"https:\/\/welaikaadv.site\/avviso\/wp-json\/wp\/v2\/pages\/25022\/revisions"}],"up":[{"embeddable":true,"href":"https:\/\/welaikaadv.site\/avviso\/wp-json\/wp\/v2\/pages\/198"}],"wp:attachment":[{"href":"https:\/\/welaikaadv.site\/avviso\/wp-json\/wp\/v2\/media?parent=25022"}],"curies":[{"name":"wp","href":"https:\/\/api.w.org\/{rel}","templated":true}]}}