{"id":25821,"date":"2018-05-28T17:13:17","date_gmt":"2018-05-28T15:13:17","guid":{"rendered":"http:\/\/www.avvisopubblico.it\/home\/?page_id=25821"},"modified":"2018-05-28T17:13:17","modified_gmt":"2018-05-28T15:13:17","slug":"il-nuovo-regolamento-del-comune-di-bologna-per-il-contrasto-del-gioco-dazzardo","status":"publish","type":"page","link":"https:\/\/welaikaadv.site\/avviso\/home\/cosa-facciamo\/informare\/documenti-tematici\/gioco-dazzardo\/il-nuovo-regolamento-del-comune-di-bologna-per-il-contrasto-del-gioco-dazzardo\/","title":{"rendered":"Il nuovo Regolamento del comune di Bologna per il contrasto del gioco d\u2019azzardo"},"content":{"rendered":"<p><strong>Premessa. <\/strong>Il comune di Bologna ha approvato il 14 maggio 2018 un nuovo regolamento per disciplinare tutte le tipologie di gioco lecito che prevedono vincite in denaro, al fine di limitare le conseguenze sociali dell\u2019offerta di gioco sui consumatori, anche attraverso attivit\u00e0 di disincentivazione e prevenzione. Il regolamento \u00e8 stato redatto per dare piena applicazione alla legge regionale n. 5 del 4 luglio 2013 (<em>al riguardo leggi anche questa <strong><a href=\"https:\/\/welaikaadv.site\/avviso\/gioco-dazzardo-dalla-regione-emilia-romagna-stop-allapertura-delle-sale-da-gioco-vicino-ai-luoghi-sensibili-piu-frequentati-dai-giovani\/\">scheda<\/a><\/strong>)<\/em> e reca anche la mappatura dei luoghi sensibili. Qui di seguito sono sintetizzati gli aspetti principali della nuova normativa <em>(all,to 1<\/em>).<\/p>\n<p><strong>Il nuovo regime di autorizzazioni da parte del Comune. <\/strong>La disciplina detta restrizioni per gli esercizi commerciali che prevedono come attivit\u00e0 principale o secondaria l\u2019offerta di giochi leciti, vietando in particolare:<\/p>\n<ul>\n<li>l\u2019istallazione di apparecchi entro un limite massimo di 500 metri dai luoghi sensibili (istituti scolastici di ogni ordine e grado, luoghi di culto, impianti sportivi, strutture residenziali o semiresidenziali operanti in ambito sanitario o sociosanitario, strutture ricettive per categorie protette, luoghi di aggregazione giovanile e oratori) sulla base della mappatura (<em> all.ti<\/em> <em>2 e 3<\/em>) calcolata secondo il criterio del percorso pedonale pi\u00f9 breve; nella mappatura vengono considerati anche i luoghi sensibili situati nei Comuni del territorio regionale confinante con il territorio comunale di Bologna;<\/li>\n<li>l\u2019esposizione all\u2019interno e all\u2019esterno dei locali di cartelli, immagini o proiezioni che pubblicizzano le vincite avvenute;<\/li>\n<li>la locazione o concessione di immobili pubblici o di societ\u00e0 controllate che intendono aprire attivit\u00e0 relative all\u2019esercizio del gioco lecito;<\/li>\n<li>il rinnovo della locazione o concessione ad attivit\u00e0 operanti in immobili pubblici;<\/li>\n<li>l\u2019istallazione di insegne luminose all\u2019esterno e all\u2019interno delle attivit\u00e0.<\/li>\n<\/ul>\n<p>I nuovi esercizi commerciali, pubblici servizi e attivit\u00e0, all\u2019interno dei quali possono essere istallati apparecchi per il gioco, devono produrre un\u2019autocertificazione attestante di essere ad una distanza superiore ai 500 metri dai luoghi sensibili, utilizzando la mappatura operata preventivamente dal comune al comune.<\/p>\n<p><strong>Mappatura luoghi sensibili. <\/strong>La mappatura operata permette di disporre preventivamente degli strumenti per individuare i luoghi sensibili, dei percorsi pedonali pi\u00f9 brevi e delle aree di prossimit\u00e0 ai luoghi sensibili (in ocra), in modo che i gestori di attivit\u00e0 commerciali possano predisporre l\u2019autocertificazione richiesta dal Comune per l\u2019apertura, il rinnovo o il trasferimento dell\u2019attivit\u00e0. A completamento della mappa, in allegato al regolamento, vi \u00e8 un elenco dettagliato dei luoghi sensibili, divisi per sezioni, con l\u2019indicazione del nome e l\u2019indirizzo.<\/p>\n<p><strong>No a patrocinio del comune. <\/strong>Il comune non concede il proprio patrocinio per eventi, manifestazioni, spettacoli, mostre, convegni, iniziative sportive, che ospitano o pubblicizzano attivit\u00e0 contrarie alla cultura dell\u2019utilizzo responsabile del denaro o eventi in cui son presenti sponsor o espositori promotori di attivit\u00e0 che favoriscono o inducono la dipendenza dal gioco d\u2019azzardo.<\/p>\n<p><strong>Pubblicit\u00e0<\/strong>. Il regolamento vieta alle societ\u00e0 controllate, o alle quali l\u2019amministrazione ha affidato incarichi per la gestione di servizi pubblici, di accogliere le richieste di pubblicit\u00e0 relative all\u2019esercizio del gioco lecito.<\/p>\n<p><strong>Informazioni per l\u2019utente<\/strong>. Viene indicato l\u2019obbligo di esporre all\u2019interno degli esercizi commerciali: la tabella dei giochi proibiti, le indicazioni di utilizzo degli apparecchi e dei valori relativi, e del divieto del gioco per i minori (in italiano, inglese, francese, spagnolo e arabo).<\/p>\n<p><strong>Orari. <\/strong>L\u2019orario di apertura e del funzionamento degli apparecchi da gioco verr\u00e0 stabilito tramite ordinanza sindacale, con una disciplina specifica per le sale Bingo.<\/p>\n<p><strong>Sanzioni.<\/strong> Per le violazioni dell\u2019art.6 (Ubicazione dei locali e installazione degli apparecchi da gioco) la sanzione amministrativa va da 50 a 500 euro per ogni apparecchio, oltre alla chiusura mediante sigillo. Per le violazioni delle altre disposizioni \u00e8 prevista una sanzione amministrativa da 100 a 500 euro. Per tutte le violazioni \u00e8 prevista la possibilit\u00e0 di sequestro amministrativo. Per quanto non previsto dal regolamento viene fatto rinvio alla Legge Regionale n. 5 del 2013.<\/p>\n<p><strong><a href=\"https:\/\/welaikaadv.site\/avviso\/wp-content\/uploads\/2018\/05\/bologna-Regolamento-GAP-maggio-2018.pdf\">All.to 1: Regolamento comune di Bologna maggio 2018<\/a><\/strong><\/p>\n<p><strong><a href=\"https:\/\/welaikaadv.site\/avviso\/wp-content\/uploads\/2018\/05\/Bologna-regolamento-Allegato-B-mappa.pdf\">All. to 2 Regolamento comune di Bologna Allegato B &#8211; mappa<\/a><\/strong><\/p>\n<p><strong><a href=\"https:\/\/welaikaadv.site\/avviso\/wp-content\/uploads\/2018\/05\/Bologna-Allegato-C-Luoghi-sensibili.pdf\">All.to 3 Regolamento comune di Bologna Allegato C &#8211; Luoghi sensibili<\/a><\/strong><\/p>\n<p><em>(a cura di Sara Capitanio, vincitrice della borsa di studio di Avviso Pubblico sul gioco d\u2019azzardo)<\/em><\/p>\n<p>&nbsp;<\/p>\n","protected":false},"excerpt":{"rendered":"<p>Premessa. Il comune di Bologna ha approvato il 14 maggio 2018 un nuovo regolamento per disciplinare tutte le tipologie di gioco lecito che prevedono vincite&nbsp;<span class=\"hellipsis\">[&hellip;]<\/span><a class=\"more-link\" href=\"https:\/\/welaikaadv.site\/avviso\/home\/cosa-facciamo\/informare\/documenti-tematici\/gioco-dazzardo\/il-nuovo-regolamento-del-comune-di-bologna-per-il-contrasto-del-gioco-dazzardo\/\">Leggi tutto <span class=\"screen-reader-text\">Il nuovo Regolamento del comune di Bologna per il contrasto del gioco d\u2019azzardo<\/span> <span class=\"meta-nav\" aria-hidden=\"true\">&rarr;<\/span><\/a><\/p>\n","protected":false},"author":1,"featured_media":0,"parent":202,"menu_order":0,"comment_status":"closed","ping_status":"closed","template":"","meta":{"_acf_changed":false,"_exactmetrics_skip_tracking":false,"_exactmetrics_sitenote_active":false,"_exactmetrics_sitenote_note":"","_exactmetrics_sitenote_category":0,"wp_social_preview_title":"","wp_social_preview_description":"","wp_social_preview_image":0,"footnotes":""},"class_list":["post-25821","page","type-page","status-publish","hentry"],"acf":[],"yoast_head":"<!-- This site is optimized with the Yoast SEO plugin v27.2 - https:\/\/yoast.com\/product\/yoast-seo-wordpress\/ -->\n<title>Il nuovo Regolamento del comune di Bologna per il contrasto del gioco d\u2019azzardo - Staging Avviso Pubblico<\/title>\n<meta name=\"robots\" content=\"noindex, follow, max-snippet:-1, max-image-preview:large, max-video-preview:-1\" \/>\n<meta property=\"og:locale\" content=\"it_IT\" \/>\n<meta property=\"og:type\" content=\"article\" \/>\n<meta property=\"og:title\" content=\"Il nuovo Regolamento del comune di Bologna per il contrasto del gioco d\u2019azzardo - Staging Avviso Pubblico\" \/>\n<meta property=\"og:description\" content=\"Premessa. Il comune di Bologna ha approvato il 14 maggio 2018 un nuovo regolamento per disciplinare tutte le tipologie di gioco lecito che prevedono vincite&nbsp;[&hellip;]Leggi tutto Il nuovo Regolamento del comune di Bologna per il contrasto del gioco d\u2019azzardo &rarr;\" \/>\n<meta property=\"og:url\" content=\"https:\/\/welaikaadv.site\/avviso\/home\/cosa-facciamo\/informare\/documenti-tematici\/gioco-dazzardo\/il-nuovo-regolamento-del-comune-di-bologna-per-il-contrasto-del-gioco-dazzardo\/\" \/>\n<meta property=\"og:site_name\" content=\"Staging Avviso Pubblico\" \/>\n<meta name=\"twitter:card\" content=\"summary_large_image\" \/>\n<meta name=\"twitter:label1\" content=\"Tempo di lettura stimato\" \/>\n\t<meta name=\"twitter:data1\" content=\"3 minuti\" \/>\n<script type=\"application\/ld+json\" class=\"yoast-schema-graph\">{\"@context\":\"https:\/\/schema.org\",\"@graph\":[{\"@type\":\"WebPage\",\"@id\":\"https:\/\/welaikaadv.site\/avviso\/home\/cosa-facciamo\/informare\/documenti-tematici\/gioco-dazzardo\/il-nuovo-regolamento-del-comune-di-bologna-per-il-contrasto-del-gioco-dazzardo\/\",\"url\":\"https:\/\/welaikaadv.site\/avviso\/home\/cosa-facciamo\/informare\/documenti-tematici\/gioco-dazzardo\/il-nuovo-regolamento-del-comune-di-bologna-per-il-contrasto-del-gioco-dazzardo\/\",\"name\":\"Il nuovo Regolamento del comune di Bologna per il contrasto del gioco d\u2019azzardo - Staging Avviso Pubblico\",\"isPartOf\":{\"@id\":\"https:\/\/welaikaadv.site\/avviso\/#website\"},\"datePublished\":\"2018-05-28T15:13:17+00:00\",\"breadcrumb\":{\"@id\":\"https:\/\/welaikaadv.site\/avviso\/home\/cosa-facciamo\/informare\/documenti-tematici\/gioco-dazzardo\/il-nuovo-regolamento-del-comune-di-bologna-per-il-contrasto-del-gioco-dazzardo\/#breadcrumb\"},\"inLanguage\":\"it-IT\",\"potentialAction\":[{\"@type\":\"ReadAction\",\"target\":[\"https:\/\/welaikaadv.site\/avviso\/home\/cosa-facciamo\/informare\/documenti-tematici\/gioco-dazzardo\/il-nuovo-regolamento-del-comune-di-bologna-per-il-contrasto-del-gioco-dazzardo\/\"]}]},{\"@type\":\"BreadcrumbList\",\"@id\":\"https:\/\/welaikaadv.site\/avviso\/home\/cosa-facciamo\/informare\/documenti-tematici\/gioco-dazzardo\/il-nuovo-regolamento-del-comune-di-bologna-per-il-contrasto-del-gioco-dazzardo\/#breadcrumb\",\"itemListElement\":[{\"@type\":\"ListItem\",\"position\":1,\"name\":\"Home\",\"item\":\"https:\/\/welaikaadv.site\/avviso\/\"},{\"@type\":\"ListItem\",\"position\":2,\"name\":\"Il nuovo Regolamento del comune di Bologna per il contrasto del gioco d\u2019azzardo\"}]},{\"@type\":\"WebSite\",\"@id\":\"https:\/\/welaikaadv.site\/avviso\/#website\",\"url\":\"https:\/\/welaikaadv.site\/avviso\/\",\"name\":\"Staging Avviso Pubblico\",\"description\":\"\",\"publisher\":{\"@id\":\"https:\/\/welaikaadv.site\/avviso\/#organization\"},\"potentialAction\":[{\"@type\":\"SearchAction\",\"target\":{\"@type\":\"EntryPoint\",\"urlTemplate\":\"https:\/\/welaikaadv.site\/avviso\/?s={search_term_string}\"},\"query-input\":{\"@type\":\"PropertyValueSpecification\",\"valueRequired\":true,\"valueName\":\"search_term_string\"}}],\"inLanguage\":\"it-IT\"},{\"@type\":\"Organization\",\"@id\":\"https:\/\/welaikaadv.site\/avviso\/#organization\",\"name\":\"Staging Avviso Pubblico\",\"url\":\"https:\/\/welaikaadv.site\/avviso\/\",\"logo\":{\"@type\":\"ImageObject\",\"inLanguage\":\"it-IT\",\"@id\":\"https:\/\/welaikaadv.site\/avviso\/#\/schema\/logo\/image\/\",\"url\":\"https:\/\/welaikaadv.site\/avviso\/wp-content\/uploads\/2024\/08\/logoAPsito-400.png\",\"contentUrl\":\"https:\/\/welaikaadv.site\/avviso\/wp-content\/uploads\/2024\/08\/logoAPsito-400.png\",\"width\":400,\"height\":97,\"caption\":\"Staging Avviso Pubblico\"},\"image\":{\"@id\":\"https:\/\/welaikaadv.site\/avviso\/#\/schema\/logo\/image\/\"}}]}<\/script>\n<!-- \/ Yoast SEO plugin. -->","yoast_head_json":{"title":"Il nuovo Regolamento del comune di Bologna per il contrasto del gioco d\u2019azzardo - Staging Avviso Pubblico","robots":{"index":"noindex","follow":"follow","max-snippet":"max-snippet:-1","max-image-preview":"max-image-preview:large","max-video-preview":"max-video-preview:-1"},"og_locale":"it_IT","og_type":"article","og_title":"Il nuovo Regolamento del comune di Bologna per il contrasto del gioco d\u2019azzardo - Staging Avviso Pubblico","og_description":"Premessa. Il comune di Bologna ha approvato il 14 maggio 2018 un nuovo regolamento per disciplinare tutte le tipologie di gioco lecito che prevedono vincite&nbsp;[&hellip;]Leggi tutto Il nuovo Regolamento del comune di Bologna per il contrasto del gioco d\u2019azzardo &rarr;","og_url":"https:\/\/welaikaadv.site\/avviso\/home\/cosa-facciamo\/informare\/documenti-tematici\/gioco-dazzardo\/il-nuovo-regolamento-del-comune-di-bologna-per-il-contrasto-del-gioco-dazzardo\/","og_site_name":"Staging Avviso Pubblico","twitter_card":"summary_large_image","twitter_misc":{"Tempo di lettura stimato":"3 minuti"},"schema":{"@context":"https:\/\/schema.org","@graph":[{"@type":"WebPage","@id":"https:\/\/welaikaadv.site\/avviso\/home\/cosa-facciamo\/informare\/documenti-tematici\/gioco-dazzardo\/il-nuovo-regolamento-del-comune-di-bologna-per-il-contrasto-del-gioco-dazzardo\/","url":"https:\/\/welaikaadv.site\/avviso\/home\/cosa-facciamo\/informare\/documenti-tematici\/gioco-dazzardo\/il-nuovo-regolamento-del-comune-di-bologna-per-il-contrasto-del-gioco-dazzardo\/","name":"Il nuovo Regolamento del comune di Bologna per il contrasto del gioco d\u2019azzardo - Staging Avviso Pubblico","isPartOf":{"@id":"https:\/\/welaikaadv.site\/avviso\/#website"},"datePublished":"2018-05-28T15:13:17+00:00","breadcrumb":{"@id":"https:\/\/welaikaadv.site\/avviso\/home\/cosa-facciamo\/informare\/documenti-tematici\/gioco-dazzardo\/il-nuovo-regolamento-del-comune-di-bologna-per-il-contrasto-del-gioco-dazzardo\/#breadcrumb"},"inLanguage":"it-IT","potentialAction":[{"@type":"ReadAction","target":["https:\/\/welaikaadv.site\/avviso\/home\/cosa-facciamo\/informare\/documenti-tematici\/gioco-dazzardo\/il-nuovo-regolamento-del-comune-di-bologna-per-il-contrasto-del-gioco-dazzardo\/"]}]},{"@type":"BreadcrumbList","@id":"https:\/\/welaikaadv.site\/avviso\/home\/cosa-facciamo\/informare\/documenti-tematici\/gioco-dazzardo\/il-nuovo-regolamento-del-comune-di-bologna-per-il-contrasto-del-gioco-dazzardo\/#breadcrumb","itemListElement":[{"@type":"ListItem","position":1,"name":"Home","item":"https:\/\/welaikaadv.site\/avviso\/"},{"@type":"ListItem","position":2,"name":"Il nuovo Regolamento del comune di Bologna per il contrasto del gioco d\u2019azzardo"}]},{"@type":"WebSite","@id":"https:\/\/welaikaadv.site\/avviso\/#website","url":"https:\/\/welaikaadv.site\/avviso\/","name":"Staging Avviso Pubblico","description":"","publisher":{"@id":"https:\/\/welaikaadv.site\/avviso\/#organization"},"potentialAction":[{"@type":"SearchAction","target":{"@type":"EntryPoint","urlTemplate":"https:\/\/welaikaadv.site\/avviso\/?s={search_term_string}"},"query-input":{"@type":"PropertyValueSpecification","valueRequired":true,"valueName":"search_term_string"}}],"inLanguage":"it-IT"},{"@type":"Organization","@id":"https:\/\/welaikaadv.site\/avviso\/#organization","name":"Staging Avviso Pubblico","url":"https:\/\/welaikaadv.site\/avviso\/","logo":{"@type":"ImageObject","inLanguage":"it-IT","@id":"https:\/\/welaikaadv.site\/avviso\/#\/schema\/logo\/image\/","url":"https:\/\/welaikaadv.site\/avviso\/wp-content\/uploads\/2024\/08\/logoAPsito-400.png","contentUrl":"https:\/\/welaikaadv.site\/avviso\/wp-content\/uploads\/2024\/08\/logoAPsito-400.png","width":400,"height":97,"caption":"Staging Avviso Pubblico"},"image":{"@id":"https:\/\/welaikaadv.site\/avviso\/#\/schema\/logo\/image\/"}}]}},"_links":{"self":[{"href":"https:\/\/welaikaadv.site\/avviso\/wp-json\/wp\/v2\/pages\/25821","targetHints":{"allow":["GET"]}}],"collection":[{"href":"https:\/\/welaikaadv.site\/avviso\/wp-json\/wp\/v2\/pages"}],"about":[{"href":"https:\/\/welaikaadv.site\/avviso\/wp-json\/wp\/v2\/types\/page"}],"author":[{"embeddable":true,"href":"https:\/\/welaikaadv.site\/avviso\/wp-json\/wp\/v2\/users\/1"}],"replies":[{"embeddable":true,"href":"https:\/\/welaikaadv.site\/avviso\/wp-json\/wp\/v2\/comments?post=25821"}],"version-history":[{"count":0,"href":"https:\/\/welaikaadv.site\/avviso\/wp-json\/wp\/v2\/pages\/25821\/revisions"}],"up":[{"embeddable":true,"href":"https:\/\/welaikaadv.site\/avviso\/wp-json\/wp\/v2\/pages\/202"}],"wp:attachment":[{"href":"https:\/\/welaikaadv.site\/avviso\/wp-json\/wp\/v2\/media?parent=25821"}],"curies":[{"name":"wp","href":"https:\/\/api.w.org\/{rel}","templated":true}]}}