{"id":25978,"date":"2018-06-04T18:00:56","date_gmt":"2018-06-04T16:00:56","guid":{"rendered":"http:\/\/www.avvisopubblico.it\/home\/?page_id=25978"},"modified":"2018-06-04T18:00:56","modified_gmt":"2018-06-04T16:00:56","slug":"limitazione-degli-orari-delle-sale-da-gioco-le-recenti-sentenze-del-tar-veneto","status":"publish","type":"page","link":"https:\/\/welaikaadv.site\/avviso\/home\/cosa-facciamo\/informare\/documenti-tematici\/gioco-dazzardo\/limitazione-degli-orari-delle-sale-da-gioco-le-recenti-sentenze-del-tar-veneto\/","title":{"rendered":"Limitazione degli orari delle sale da gioco: le recenti sentenze del Tar Veneto"},"content":{"rendered":"<p>Il Tar Veneto ha recentemente respinto i ricorsi presentati da alcuni esercenti nei confronti delle ordinanze dei sindaci di Bassano del Grappa e Montebelluna volti a limitare gli orari degli esercizi che svolgono la loro attivit\u00e0 nel settore delle scommesse sportive e dei sistemi di gioco con vincita in denaro: in base all\u2019ordinanza di Bassano del Grappa l\u2019attivit\u00e0 \u00e8 oggi aperta al pubblico dalle ore 10.00 alle ore 13.00 e dalle ore 17.00 alle ore 22.00 di tutti i giorni; mentre a Montebelluna l\u2019orario di apertura \u00e8 dalle ore 8.00 alle 22.00 di tutti i giorni.<\/p>\n<p>Confermando un <strong>orientamento ormai consolidato<\/strong>, i giudici amministrativi (<em>sentenze nn. 417 e 598 del 2018<\/em>) sottolineano in particolare la congrua istruttoria compiuta dalle Amministrazioni comunali sulla forte crescita del fenomeno della ludopatia (definita come una vera e propria emergenza sociale) nei rispettivi ambiti territoriali.<\/p>\n<p>Il Tar ribadisce inoltre la piena compatibilit\u00e0 delle misure in questione con i principi di tutela della libert\u00e0 economica stabiliti dalla normativa costituzionale e comunitaria, realizzando un ragionevole contemperamento degli interessi economici degli imprenditori del settore con l\u2019interesse pubblico a prevenire e contrastare fenomeni di patologia sociale connessi al gioco compulsivo. I provvedimenti di limitazione degli orari delle sale pubbliche da gioco rappresentano infatti una delle molteplici misure che le Amministrazioni possono adottare per combattere il fenomeno della ludopatia, che ha radici complesse e rispetto al quale non esistono soluzioni di sicura efficacia.<\/p>\n<p>Appare giustificata anche la chiusura delle sale VLT alle ore 22 \u201cin ragione della pi\u00f9 elevata pericolosit\u00e0, ai fini del rischio di determinare forme di dipendenza patologica, dei giochi praticati presso le sale dedicate, in quanto, come chiarito dalla giurisprudenza, gli apparecchi a ci\u00f2 destinati, per la loro ubicazione, modalit\u00e0, tempistica, danno luogo &#8211; pi\u00f9 di altre &#8211; a manifestazioni di accesso al gioco irrefrenabili e compulsive, non comparabili, per contenuti ed effetti, ad altre forme di scommessa che possono anch&#8217;esse dare dipendenza\u201d.<\/p>\n<p>Risulta infine pacifica la competenza del Sindaco delle ordinanze in materia, disposte dal Comune per tutelare la salute pubblica e il benessere socio-economico dei cittadini (vedi, tra le altre, le sentenze della Corte costituzionale n. 220 del 2014 e del Consiglio di Stato n. 4794 del 2015).<\/p>\n<p>Osserva infine il Tar che <a href=\"https:\/\/welaikaadv.site\/avviso\/home\/cosa-facciamo\/informare\/documenti-tematici\/gioco-dazzardo\/raggiunta-lintesa-sul-gioco-dazzardo-conferenza-unificata-un-primo-commento\/\">l\u2019<strong>Intesa raggiunta in sede di Conferenza Unificata<\/strong><\/a>, che indica tra l\u2019altro un orario minimo di apertura di 18 ore giornaliere \u201cnon pu\u00f2 spiegare efficacia invalidante sull\u2019ordinanza impugnata, considerato che l\u2019intesa de qua \u00e8, allo stato, priva di valore cogente in quanto non recepita da alcun atto normativo\u201d mancando il decreto ministeriale di recepimento previsto dalla legge n. 208 del 2015.<\/p>\n","protected":false},"excerpt":{"rendered":"<p>Il Tar Veneto ha recentemente respinto i ricorsi presentati da alcuni esercenti nei confronti delle ordinanze dei sindaci di Bassano del Grappa e Montebelluna volti&nbsp;<span class=\"hellipsis\">[&hellip;]<\/span><a class=\"more-link\" href=\"https:\/\/welaikaadv.site\/avviso\/home\/cosa-facciamo\/informare\/documenti-tematici\/gioco-dazzardo\/limitazione-degli-orari-delle-sale-da-gioco-le-recenti-sentenze-del-tar-veneto\/\">Leggi tutto <span class=\"screen-reader-text\">Limitazione degli orari delle sale da gioco: le recenti sentenze del Tar Veneto<\/span> <span class=\"meta-nav\" aria-hidden=\"true\">&rarr;<\/span><\/a><\/p>\n","protected":false},"author":1,"featured_media":0,"parent":202,"menu_order":0,"comment_status":"closed","ping_status":"closed","template":"","meta":{"_acf_changed":false,"_exactmetrics_skip_tracking":false,"_exactmetrics_sitenote_active":false,"_exactmetrics_sitenote_note":"","_exactmetrics_sitenote_category":0,"wp_social_preview_title":"","wp_social_preview_description":"","wp_social_preview_image":0,"footnotes":""},"class_list":["post-25978","page","type-page","status-publish","hentry"],"acf":[],"yoast_head":"<!-- This site is optimized with the Yoast SEO plugin v27.2 - https:\/\/yoast.com\/product\/yoast-seo-wordpress\/ -->\n<title>Limitazione degli orari delle sale da gioco: le recenti sentenze del Tar Veneto - Staging Avviso Pubblico<\/title>\n<meta name=\"robots\" content=\"noindex, follow, max-snippet:-1, max-image-preview:large, max-video-preview:-1\" \/>\n<meta property=\"og:locale\" content=\"it_IT\" \/>\n<meta property=\"og:type\" content=\"article\" \/>\n<meta property=\"og:title\" content=\"Limitazione degli orari delle sale da gioco: le recenti sentenze del Tar Veneto - Staging Avviso Pubblico\" \/>\n<meta property=\"og:description\" content=\"Il Tar Veneto ha recentemente respinto i ricorsi presentati da alcuni esercenti nei confronti delle ordinanze dei sindaci di Bassano del Grappa e Montebelluna volti&nbsp;[&hellip;]Leggi tutto Limitazione degli orari delle sale da gioco: le recenti sentenze del Tar Veneto &rarr;\" \/>\n<meta property=\"og:url\" content=\"https:\/\/welaikaadv.site\/avviso\/home\/cosa-facciamo\/informare\/documenti-tematici\/gioco-dazzardo\/limitazione-degli-orari-delle-sale-da-gioco-le-recenti-sentenze-del-tar-veneto\/\" \/>\n<meta property=\"og:site_name\" content=\"Staging Avviso Pubblico\" \/>\n<meta name=\"twitter:card\" content=\"summary_large_image\" \/>\n<meta name=\"twitter:label1\" content=\"Tempo di lettura stimato\" \/>\n\t<meta name=\"twitter:data1\" content=\"2 minuti\" \/>\n<script type=\"application\/ld+json\" class=\"yoast-schema-graph\">{\"@context\":\"https:\/\/schema.org\",\"@graph\":[{\"@type\":\"WebPage\",\"@id\":\"https:\/\/welaikaadv.site\/avviso\/home\/cosa-facciamo\/informare\/documenti-tematici\/gioco-dazzardo\/limitazione-degli-orari-delle-sale-da-gioco-le-recenti-sentenze-del-tar-veneto\/\",\"url\":\"https:\/\/welaikaadv.site\/avviso\/home\/cosa-facciamo\/informare\/documenti-tematici\/gioco-dazzardo\/limitazione-degli-orari-delle-sale-da-gioco-le-recenti-sentenze-del-tar-veneto\/\",\"name\":\"Limitazione degli orari delle sale da gioco: le recenti sentenze del Tar Veneto - Staging Avviso Pubblico\",\"isPartOf\":{\"@id\":\"https:\/\/welaikaadv.site\/avviso\/#website\"},\"datePublished\":\"2018-06-04T16:00:56+00:00\",\"breadcrumb\":{\"@id\":\"https:\/\/welaikaadv.site\/avviso\/home\/cosa-facciamo\/informare\/documenti-tematici\/gioco-dazzardo\/limitazione-degli-orari-delle-sale-da-gioco-le-recenti-sentenze-del-tar-veneto\/#breadcrumb\"},\"inLanguage\":\"it-IT\",\"potentialAction\":[{\"@type\":\"ReadAction\",\"target\":[\"https:\/\/welaikaadv.site\/avviso\/home\/cosa-facciamo\/informare\/documenti-tematici\/gioco-dazzardo\/limitazione-degli-orari-delle-sale-da-gioco-le-recenti-sentenze-del-tar-veneto\/\"]}]},{\"@type\":\"BreadcrumbList\",\"@id\":\"https:\/\/welaikaadv.site\/avviso\/home\/cosa-facciamo\/informare\/documenti-tematici\/gioco-dazzardo\/limitazione-degli-orari-delle-sale-da-gioco-le-recenti-sentenze-del-tar-veneto\/#breadcrumb\",\"itemListElement\":[{\"@type\":\"ListItem\",\"position\":1,\"name\":\"Home\",\"item\":\"https:\/\/welaikaadv.site\/avviso\/\"},{\"@type\":\"ListItem\",\"position\":2,\"name\":\"Limitazione degli orari delle sale da gioco: le recenti sentenze del Tar Veneto\"}]},{\"@type\":\"WebSite\",\"@id\":\"https:\/\/welaikaadv.site\/avviso\/#website\",\"url\":\"https:\/\/welaikaadv.site\/avviso\/\",\"name\":\"Staging Avviso Pubblico\",\"description\":\"\",\"publisher\":{\"@id\":\"https:\/\/welaikaadv.site\/avviso\/#organization\"},\"potentialAction\":[{\"@type\":\"SearchAction\",\"target\":{\"@type\":\"EntryPoint\",\"urlTemplate\":\"https:\/\/welaikaadv.site\/avviso\/?s={search_term_string}\"},\"query-input\":{\"@type\":\"PropertyValueSpecification\",\"valueRequired\":true,\"valueName\":\"search_term_string\"}}],\"inLanguage\":\"it-IT\"},{\"@type\":\"Organization\",\"@id\":\"https:\/\/welaikaadv.site\/avviso\/#organization\",\"name\":\"Staging Avviso Pubblico\",\"url\":\"https:\/\/welaikaadv.site\/avviso\/\",\"logo\":{\"@type\":\"ImageObject\",\"inLanguage\":\"it-IT\",\"@id\":\"https:\/\/welaikaadv.site\/avviso\/#\/schema\/logo\/image\/\",\"url\":\"https:\/\/welaikaadv.site\/avviso\/wp-content\/uploads\/2024\/08\/logoAPsito-400.png\",\"contentUrl\":\"https:\/\/welaikaadv.site\/avviso\/wp-content\/uploads\/2024\/08\/logoAPsito-400.png\",\"width\":400,\"height\":97,\"caption\":\"Staging Avviso Pubblico\"},\"image\":{\"@id\":\"https:\/\/welaikaadv.site\/avviso\/#\/schema\/logo\/image\/\"}}]}<\/script>\n<!-- \/ Yoast SEO plugin. -->","yoast_head_json":{"title":"Limitazione degli orari delle sale da gioco: le recenti sentenze del Tar Veneto - Staging Avviso Pubblico","robots":{"index":"noindex","follow":"follow","max-snippet":"max-snippet:-1","max-image-preview":"max-image-preview:large","max-video-preview":"max-video-preview:-1"},"og_locale":"it_IT","og_type":"article","og_title":"Limitazione degli orari delle sale da gioco: le recenti sentenze del Tar Veneto - Staging Avviso Pubblico","og_description":"Il Tar Veneto ha recentemente respinto i ricorsi presentati da alcuni esercenti nei confronti delle ordinanze dei sindaci di Bassano del Grappa e Montebelluna volti&nbsp;[&hellip;]Leggi tutto Limitazione degli orari delle sale da gioco: le recenti sentenze del Tar Veneto &rarr;","og_url":"https:\/\/welaikaadv.site\/avviso\/home\/cosa-facciamo\/informare\/documenti-tematici\/gioco-dazzardo\/limitazione-degli-orari-delle-sale-da-gioco-le-recenti-sentenze-del-tar-veneto\/","og_site_name":"Staging Avviso Pubblico","twitter_card":"summary_large_image","twitter_misc":{"Tempo di lettura stimato":"2 minuti"},"schema":{"@context":"https:\/\/schema.org","@graph":[{"@type":"WebPage","@id":"https:\/\/welaikaadv.site\/avviso\/home\/cosa-facciamo\/informare\/documenti-tematici\/gioco-dazzardo\/limitazione-degli-orari-delle-sale-da-gioco-le-recenti-sentenze-del-tar-veneto\/","url":"https:\/\/welaikaadv.site\/avviso\/home\/cosa-facciamo\/informare\/documenti-tematici\/gioco-dazzardo\/limitazione-degli-orari-delle-sale-da-gioco-le-recenti-sentenze-del-tar-veneto\/","name":"Limitazione degli orari delle sale da gioco: le recenti sentenze del Tar Veneto - Staging Avviso Pubblico","isPartOf":{"@id":"https:\/\/welaikaadv.site\/avviso\/#website"},"datePublished":"2018-06-04T16:00:56+00:00","breadcrumb":{"@id":"https:\/\/welaikaadv.site\/avviso\/home\/cosa-facciamo\/informare\/documenti-tematici\/gioco-dazzardo\/limitazione-degli-orari-delle-sale-da-gioco-le-recenti-sentenze-del-tar-veneto\/#breadcrumb"},"inLanguage":"it-IT","potentialAction":[{"@type":"ReadAction","target":["https:\/\/welaikaadv.site\/avviso\/home\/cosa-facciamo\/informare\/documenti-tematici\/gioco-dazzardo\/limitazione-degli-orari-delle-sale-da-gioco-le-recenti-sentenze-del-tar-veneto\/"]}]},{"@type":"BreadcrumbList","@id":"https:\/\/welaikaadv.site\/avviso\/home\/cosa-facciamo\/informare\/documenti-tematici\/gioco-dazzardo\/limitazione-degli-orari-delle-sale-da-gioco-le-recenti-sentenze-del-tar-veneto\/#breadcrumb","itemListElement":[{"@type":"ListItem","position":1,"name":"Home","item":"https:\/\/welaikaadv.site\/avviso\/"},{"@type":"ListItem","position":2,"name":"Limitazione degli orari delle sale da gioco: le recenti sentenze del Tar Veneto"}]},{"@type":"WebSite","@id":"https:\/\/welaikaadv.site\/avviso\/#website","url":"https:\/\/welaikaadv.site\/avviso\/","name":"Staging Avviso Pubblico","description":"","publisher":{"@id":"https:\/\/welaikaadv.site\/avviso\/#organization"},"potentialAction":[{"@type":"SearchAction","target":{"@type":"EntryPoint","urlTemplate":"https:\/\/welaikaadv.site\/avviso\/?s={search_term_string}"},"query-input":{"@type":"PropertyValueSpecification","valueRequired":true,"valueName":"search_term_string"}}],"inLanguage":"it-IT"},{"@type":"Organization","@id":"https:\/\/welaikaadv.site\/avviso\/#organization","name":"Staging Avviso Pubblico","url":"https:\/\/welaikaadv.site\/avviso\/","logo":{"@type":"ImageObject","inLanguage":"it-IT","@id":"https:\/\/welaikaadv.site\/avviso\/#\/schema\/logo\/image\/","url":"https:\/\/welaikaadv.site\/avviso\/wp-content\/uploads\/2024\/08\/logoAPsito-400.png","contentUrl":"https:\/\/welaikaadv.site\/avviso\/wp-content\/uploads\/2024\/08\/logoAPsito-400.png","width":400,"height":97,"caption":"Staging Avviso Pubblico"},"image":{"@id":"https:\/\/welaikaadv.site\/avviso\/#\/schema\/logo\/image\/"}}]}},"_links":{"self":[{"href":"https:\/\/welaikaadv.site\/avviso\/wp-json\/wp\/v2\/pages\/25978","targetHints":{"allow":["GET"]}}],"collection":[{"href":"https:\/\/welaikaadv.site\/avviso\/wp-json\/wp\/v2\/pages"}],"about":[{"href":"https:\/\/welaikaadv.site\/avviso\/wp-json\/wp\/v2\/types\/page"}],"author":[{"embeddable":true,"href":"https:\/\/welaikaadv.site\/avviso\/wp-json\/wp\/v2\/users\/1"}],"replies":[{"embeddable":true,"href":"https:\/\/welaikaadv.site\/avviso\/wp-json\/wp\/v2\/comments?post=25978"}],"version-history":[{"count":0,"href":"https:\/\/welaikaadv.site\/avviso\/wp-json\/wp\/v2\/pages\/25978\/revisions"}],"up":[{"embeddable":true,"href":"https:\/\/welaikaadv.site\/avviso\/wp-json\/wp\/v2\/pages\/202"}],"wp:attachment":[{"href":"https:\/\/welaikaadv.site\/avviso\/wp-json\/wp\/v2\/media?parent=25978"}],"curies":[{"name":"wp","href":"https:\/\/api.w.org\/{rel}","templated":true}]}}