{"id":25993,"date":"2018-06-05T12:15:34","date_gmt":"2018-06-05T10:15:34","guid":{"rendered":"http:\/\/www.avvisopubblico.it\/home\/?page_id=25993"},"modified":"2018-06-05T12:15:34","modified_gmt":"2018-06-05T10:15:34","slug":"comune-di-parma-piano-urbanistico-per-lubicazione-delle-sale-gioco-e-scommesse","status":"publish","type":"page","link":"https:\/\/welaikaadv.site\/avviso\/home\/cosa-facciamo\/informare\/documenti-tematici\/gioco-dazzardo\/comune-di-parma-piano-urbanistico-per-lubicazione-delle-sale-gioco-e-scommesse\/","title":{"rendered":"Comune di Parma: piano urbanistico per l\u2019ubicazione delle sale gioco e scommesse"},"content":{"rendered":"<p><strong>Premessa<\/strong>. Il Comune di Parma ha predisposto la modifica di alcuni strumenti di pianificazione urbanistica per attuare le misure per il contrasto alle ludopatie previste dalla disciplina regionale sulla tutela e l\u2019uso del territorio e dalla legge regionale <strong><a href=\"http:\/\/demetra.regione.emilia-romagna.it\/al\/articolo?urn=er:assemblealegislativa:legge:2013;5\">n. 5 del 2013<\/a><\/strong> sul contrasto della ludopatia. La variante comprende il Piano Operativo Comunale (POC) ed il Regolamento Urbanistico Edilizio (RUE), operazione gi\u00e0 iniziata con la deliberazione comunale n. 44 dell\u201911\/4\/2017.<\/p>\n<p><strong>Obiettivi generali<\/strong>. Tali modifiche costituiscono l\u2019attuazione degli obiettivi che l\u2019Amministrazione comunale aveva deliberato in pi\u00f9 occasioni come, ad esempio, nel Documento Unico di Programmazione 2017-2019 per \u201crendere Parma una citt\u00e0 pi\u00f9 equilibrata, attrattiva, sostenibile ed inclusiva\u201d, nel perseguimento del benessere dei cittadini attraverso molteplici strumenti.<\/p>\n<p>La gravit\u00e0 e le dimensioni delle ludopatie a livello sociale e sanitario sono riconosciute a livello socio-sanitario, politico e amministrativo, come ribadito anche nell\u2019Accordo Stato-Regioni-Enti Locali sancito in Conferenza Unifica. A tale riguardo l\u2019azione dell\u2019Amministrazione tiene conto del parere dell\u2019AUSL di Parma che in una recente nota ha sottolineato la crescita del fenomeno nel territorio sottolineando che \u201cla delocalizzazione delle sale gioco al di fuori delle aree urbane maggiormente frequentate dai possibili soggetti sensibili pu\u00f2 rappresentare un\u2019azione utile\u201d.<\/p>\n<p>L\u2019azione \u00e8 in armonia con la Legge Regionale n.5 del 2013 sul contrasto delle ludopatie che predispone (art. 6, comma 2) \u201ci Comuni possono dettare, \u2026, previsioni urbanistico-territoriali in ordine alla localizzazione delle sale da gioco\u201d, attuata con <strong><a href=\"https:\/\/welaikaadv.site\/avviso\/gioco-dazzardo-dalla-regione-emilia-romagna-stop-allapertura-delle-sale-da-gioco-vicino-ai-luoghi-sensibili-piu-frequentati-dai-giovani\/\">Deliberazione di Giunta Regionale n. 831 del 12\/06\/2017<\/a><\/strong>, e con i principi di cui all\u2019art. 7, comma 10, del decreto-legge n. 158 del 2012 sulla \u201cprogressiva ricollocazione della rete fisica di raccolta del gioco praticato mediante gli apparecchi\u201d.<\/p>\n<p><strong>Contenuti del provvedimento<\/strong>. La manovra urbanistica vuole essere un giusto equilibrio tra le finalit\u00e0 di contenimento dell\u2019emergenza sociale e i legittimi interessi degli operatori, regolamentando l\u2019insediamento di sale gioco e sale scommesse, per soddisfare le distanze minime di 500 metri dai luoghi sensibili, mappati precedentemente, e risultati essere 464, rinvenibili nella Deliberazione di Giunta Comunale n. 435 del 13\/12\/2017. La variante, cui viene inserito un esplicito richiamo alla legge regionale n.5\/2013 per delineare in modo chiaro e univoco il concetto di sale da gioco e sale scommesse, vuole essere uno strumento chiaro per \u201cattivare un contributo fattivo al contrasto alla diffusione delle ludopatie, tutelando l\u2019insediamento di tali attivit\u00e0\u201d.<\/p>\n<p>Un ulteriore obiettivo \u00e8 quello di tutelare le zone pi\u00f9 vulnerabili perch\u00e9 contraddistinte da una pi\u00f9 elevata densit\u00e0 abitativa o da una pi\u00f9 intensa frequentazione, come le zone commerciali. Le disposizioni infatti permettono agli operatori possibili delocalizzazioni nelle zone ZP3 e ZP4, assicurando la tutela delle aree a destinazione residenziale.<\/p>\n<p><em>(a cura di Sara Capitanio, vincitrice della borsa di studio di Avviso Pubblico sul gioco d\u2019azzardo)<\/em><\/p>\n<p><a href=\"https:\/\/welaikaadv.site\/avviso\/wp-content\/uploads\/2018\/06\/Parma-giugno-2018a.pdf\">All.to 1<\/a><\/p>\n<p><a href=\"https:\/\/welaikaadv.site\/avviso\/wp-content\/uploads\/2018\/06\/Parma-giugno-2018b.pdf\">All.to 2<\/a><\/p>\n<p><a href=\"https:\/\/welaikaadv.site\/avviso\/wp-content\/uploads\/2018\/06\/parma-giugno-2018c.pdf\">All.to 3<\/a><\/p>\n<p><a href=\"https:\/\/welaikaadv.site\/avviso\/wp-content\/uploads\/2018\/06\/Parma-giugno-2018-all.to-c.pdf\">All.to 4<\/a><\/p>\n","protected":false},"excerpt":{"rendered":"<p>Premessa. Il Comune di Parma ha predisposto la modifica di alcuni strumenti di pianificazione urbanistica per attuare le misure per il contrasto alle ludopatie previste&nbsp;<span class=\"hellipsis\">[&hellip;]<\/span><a class=\"more-link\" href=\"https:\/\/welaikaadv.site\/avviso\/home\/cosa-facciamo\/informare\/documenti-tematici\/gioco-dazzardo\/comune-di-parma-piano-urbanistico-per-lubicazione-delle-sale-gioco-e-scommesse\/\">Leggi tutto <span class=\"screen-reader-text\">Comune di Parma: piano urbanistico per l\u2019ubicazione delle sale gioco e scommesse<\/span> <span class=\"meta-nav\" aria-hidden=\"true\">&rarr;<\/span><\/a><\/p>\n","protected":false},"author":1,"featured_media":0,"parent":202,"menu_order":0,"comment_status":"closed","ping_status":"closed","template":"","meta":{"_acf_changed":false,"_exactmetrics_skip_tracking":false,"_exactmetrics_sitenote_active":false,"_exactmetrics_sitenote_note":"","_exactmetrics_sitenote_category":0,"wp_social_preview_title":"","wp_social_preview_description":"","wp_social_preview_image":0,"footnotes":""},"class_list":["post-25993","page","type-page","status-publish","hentry"],"acf":[],"yoast_head":"<!-- This site is optimized with the Yoast SEO plugin v27.2 - https:\/\/yoast.com\/product\/yoast-seo-wordpress\/ -->\n<title>Comune di Parma: piano urbanistico per l\u2019ubicazione delle sale gioco e scommesse - Staging Avviso Pubblico<\/title>\n<meta name=\"robots\" content=\"noindex, follow, max-snippet:-1, max-image-preview:large, max-video-preview:-1\" \/>\n<meta property=\"og:locale\" content=\"it_IT\" \/>\n<meta property=\"og:type\" content=\"article\" \/>\n<meta property=\"og:title\" content=\"Comune di Parma: piano urbanistico per l\u2019ubicazione delle sale gioco e scommesse - Staging Avviso Pubblico\" \/>\n<meta property=\"og:description\" content=\"Premessa. Il Comune di Parma ha predisposto la modifica di alcuni strumenti di pianificazione urbanistica per attuare le misure per il contrasto alle ludopatie previste&nbsp;[&hellip;]Leggi tutto Comune di Parma: piano urbanistico per l\u2019ubicazione delle sale gioco e scommesse &rarr;\" \/>\n<meta property=\"og:url\" content=\"https:\/\/welaikaadv.site\/avviso\/home\/cosa-facciamo\/informare\/documenti-tematici\/gioco-dazzardo\/comune-di-parma-piano-urbanistico-per-lubicazione-delle-sale-gioco-e-scommesse\/\" \/>\n<meta property=\"og:site_name\" content=\"Staging Avviso Pubblico\" \/>\n<meta name=\"twitter:card\" content=\"summary_large_image\" \/>\n<meta name=\"twitter:label1\" content=\"Tempo di lettura stimato\" \/>\n\t<meta name=\"twitter:data1\" content=\"2 minuti\" \/>\n<script type=\"application\/ld+json\" class=\"yoast-schema-graph\">{\"@context\":\"https:\/\/schema.org\",\"@graph\":[{\"@type\":\"WebPage\",\"@id\":\"https:\/\/welaikaadv.site\/avviso\/home\/cosa-facciamo\/informare\/documenti-tematici\/gioco-dazzardo\/comune-di-parma-piano-urbanistico-per-lubicazione-delle-sale-gioco-e-scommesse\/\",\"url\":\"https:\/\/welaikaadv.site\/avviso\/home\/cosa-facciamo\/informare\/documenti-tematici\/gioco-dazzardo\/comune-di-parma-piano-urbanistico-per-lubicazione-delle-sale-gioco-e-scommesse\/\",\"name\":\"Comune di Parma: piano urbanistico per l\u2019ubicazione delle sale gioco e scommesse - Staging Avviso Pubblico\",\"isPartOf\":{\"@id\":\"https:\/\/welaikaadv.site\/avviso\/#website\"},\"datePublished\":\"2018-06-05T10:15:34+00:00\",\"breadcrumb\":{\"@id\":\"https:\/\/welaikaadv.site\/avviso\/home\/cosa-facciamo\/informare\/documenti-tematici\/gioco-dazzardo\/comune-di-parma-piano-urbanistico-per-lubicazione-delle-sale-gioco-e-scommesse\/#breadcrumb\"},\"inLanguage\":\"it-IT\",\"potentialAction\":[{\"@type\":\"ReadAction\",\"target\":[\"https:\/\/welaikaadv.site\/avviso\/home\/cosa-facciamo\/informare\/documenti-tematici\/gioco-dazzardo\/comune-di-parma-piano-urbanistico-per-lubicazione-delle-sale-gioco-e-scommesse\/\"]}]},{\"@type\":\"BreadcrumbList\",\"@id\":\"https:\/\/welaikaadv.site\/avviso\/home\/cosa-facciamo\/informare\/documenti-tematici\/gioco-dazzardo\/comune-di-parma-piano-urbanistico-per-lubicazione-delle-sale-gioco-e-scommesse\/#breadcrumb\",\"itemListElement\":[{\"@type\":\"ListItem\",\"position\":1,\"name\":\"Home\",\"item\":\"https:\/\/welaikaadv.site\/avviso\/\"},{\"@type\":\"ListItem\",\"position\":2,\"name\":\"Comune di Parma: piano urbanistico per l\u2019ubicazione delle sale gioco e scommesse\"}]},{\"@type\":\"WebSite\",\"@id\":\"https:\/\/welaikaadv.site\/avviso\/#website\",\"url\":\"https:\/\/welaikaadv.site\/avviso\/\",\"name\":\"Staging Avviso Pubblico\",\"description\":\"\",\"publisher\":{\"@id\":\"https:\/\/welaikaadv.site\/avviso\/#organization\"},\"potentialAction\":[{\"@type\":\"SearchAction\",\"target\":{\"@type\":\"EntryPoint\",\"urlTemplate\":\"https:\/\/welaikaadv.site\/avviso\/?s={search_term_string}\"},\"query-input\":{\"@type\":\"PropertyValueSpecification\",\"valueRequired\":true,\"valueName\":\"search_term_string\"}}],\"inLanguage\":\"it-IT\"},{\"@type\":\"Organization\",\"@id\":\"https:\/\/welaikaadv.site\/avviso\/#organization\",\"name\":\"Staging Avviso Pubblico\",\"url\":\"https:\/\/welaikaadv.site\/avviso\/\",\"logo\":{\"@type\":\"ImageObject\",\"inLanguage\":\"it-IT\",\"@id\":\"https:\/\/welaikaadv.site\/avviso\/#\/schema\/logo\/image\/\",\"url\":\"https:\/\/welaikaadv.site\/avviso\/wp-content\/uploads\/2024\/08\/logoAPsito-400.png\",\"contentUrl\":\"https:\/\/welaikaadv.site\/avviso\/wp-content\/uploads\/2024\/08\/logoAPsito-400.png\",\"width\":400,\"height\":97,\"caption\":\"Staging Avviso Pubblico\"},\"image\":{\"@id\":\"https:\/\/welaikaadv.site\/avviso\/#\/schema\/logo\/image\/\"}}]}<\/script>\n<!-- \/ Yoast SEO plugin. -->","yoast_head_json":{"title":"Comune di Parma: piano urbanistico per l\u2019ubicazione delle sale gioco e scommesse - Staging Avviso Pubblico","robots":{"index":"noindex","follow":"follow","max-snippet":"max-snippet:-1","max-image-preview":"max-image-preview:large","max-video-preview":"max-video-preview:-1"},"og_locale":"it_IT","og_type":"article","og_title":"Comune di Parma: piano urbanistico per l\u2019ubicazione delle sale gioco e scommesse - Staging Avviso Pubblico","og_description":"Premessa. Il Comune di Parma ha predisposto la modifica di alcuni strumenti di pianificazione urbanistica per attuare le misure per il contrasto alle ludopatie previste&nbsp;[&hellip;]Leggi tutto Comune di Parma: piano urbanistico per l\u2019ubicazione delle sale gioco e scommesse &rarr;","og_url":"https:\/\/welaikaadv.site\/avviso\/home\/cosa-facciamo\/informare\/documenti-tematici\/gioco-dazzardo\/comune-di-parma-piano-urbanistico-per-lubicazione-delle-sale-gioco-e-scommesse\/","og_site_name":"Staging Avviso Pubblico","twitter_card":"summary_large_image","twitter_misc":{"Tempo di lettura stimato":"2 minuti"},"schema":{"@context":"https:\/\/schema.org","@graph":[{"@type":"WebPage","@id":"https:\/\/welaikaadv.site\/avviso\/home\/cosa-facciamo\/informare\/documenti-tematici\/gioco-dazzardo\/comune-di-parma-piano-urbanistico-per-lubicazione-delle-sale-gioco-e-scommesse\/","url":"https:\/\/welaikaadv.site\/avviso\/home\/cosa-facciamo\/informare\/documenti-tematici\/gioco-dazzardo\/comune-di-parma-piano-urbanistico-per-lubicazione-delle-sale-gioco-e-scommesse\/","name":"Comune di Parma: piano urbanistico per l\u2019ubicazione delle sale gioco e scommesse - Staging Avviso Pubblico","isPartOf":{"@id":"https:\/\/welaikaadv.site\/avviso\/#website"},"datePublished":"2018-06-05T10:15:34+00:00","breadcrumb":{"@id":"https:\/\/welaikaadv.site\/avviso\/home\/cosa-facciamo\/informare\/documenti-tematici\/gioco-dazzardo\/comune-di-parma-piano-urbanistico-per-lubicazione-delle-sale-gioco-e-scommesse\/#breadcrumb"},"inLanguage":"it-IT","potentialAction":[{"@type":"ReadAction","target":["https:\/\/welaikaadv.site\/avviso\/home\/cosa-facciamo\/informare\/documenti-tematici\/gioco-dazzardo\/comune-di-parma-piano-urbanistico-per-lubicazione-delle-sale-gioco-e-scommesse\/"]}]},{"@type":"BreadcrumbList","@id":"https:\/\/welaikaadv.site\/avviso\/home\/cosa-facciamo\/informare\/documenti-tematici\/gioco-dazzardo\/comune-di-parma-piano-urbanistico-per-lubicazione-delle-sale-gioco-e-scommesse\/#breadcrumb","itemListElement":[{"@type":"ListItem","position":1,"name":"Home","item":"https:\/\/welaikaadv.site\/avviso\/"},{"@type":"ListItem","position":2,"name":"Comune di Parma: piano urbanistico per l\u2019ubicazione delle sale gioco e scommesse"}]},{"@type":"WebSite","@id":"https:\/\/welaikaadv.site\/avviso\/#website","url":"https:\/\/welaikaadv.site\/avviso\/","name":"Staging Avviso Pubblico","description":"","publisher":{"@id":"https:\/\/welaikaadv.site\/avviso\/#organization"},"potentialAction":[{"@type":"SearchAction","target":{"@type":"EntryPoint","urlTemplate":"https:\/\/welaikaadv.site\/avviso\/?s={search_term_string}"},"query-input":{"@type":"PropertyValueSpecification","valueRequired":true,"valueName":"search_term_string"}}],"inLanguage":"it-IT"},{"@type":"Organization","@id":"https:\/\/welaikaadv.site\/avviso\/#organization","name":"Staging Avviso Pubblico","url":"https:\/\/welaikaadv.site\/avviso\/","logo":{"@type":"ImageObject","inLanguage":"it-IT","@id":"https:\/\/welaikaadv.site\/avviso\/#\/schema\/logo\/image\/","url":"https:\/\/welaikaadv.site\/avviso\/wp-content\/uploads\/2024\/08\/logoAPsito-400.png","contentUrl":"https:\/\/welaikaadv.site\/avviso\/wp-content\/uploads\/2024\/08\/logoAPsito-400.png","width":400,"height":97,"caption":"Staging Avviso Pubblico"},"image":{"@id":"https:\/\/welaikaadv.site\/avviso\/#\/schema\/logo\/image\/"}}]}},"_links":{"self":[{"href":"https:\/\/welaikaadv.site\/avviso\/wp-json\/wp\/v2\/pages\/25993","targetHints":{"allow":["GET"]}}],"collection":[{"href":"https:\/\/welaikaadv.site\/avviso\/wp-json\/wp\/v2\/pages"}],"about":[{"href":"https:\/\/welaikaadv.site\/avviso\/wp-json\/wp\/v2\/types\/page"}],"author":[{"embeddable":true,"href":"https:\/\/welaikaadv.site\/avviso\/wp-json\/wp\/v2\/users\/1"}],"replies":[{"embeddable":true,"href":"https:\/\/welaikaadv.site\/avviso\/wp-json\/wp\/v2\/comments?post=25993"}],"version-history":[{"count":0,"href":"https:\/\/welaikaadv.site\/avviso\/wp-json\/wp\/v2\/pages\/25993\/revisions"}],"up":[{"embeddable":true,"href":"https:\/\/welaikaadv.site\/avviso\/wp-json\/wp\/v2\/pages\/202"}],"wp:attachment":[{"href":"https:\/\/welaikaadv.site\/avviso\/wp-json\/wp\/v2\/media?parent=25993"}],"curies":[{"name":"wp","href":"https:\/\/api.w.org\/{rel}","templated":true}]}}