{"id":26451,"date":"2018-06-28T15:31:30","date_gmt":"2018-06-28T13:31:30","guid":{"rendered":"http:\/\/www.avvisopubblico.it\/home\/?page_id=26451"},"modified":"2018-06-28T15:31:30","modified_gmt":"2018-06-28T13:31:30","slug":"lordinanza-di-limitazione-degli-orari-degli-apparecchi-da-gioco-del-comune-di-roma","status":"publish","type":"page","link":"https:\/\/welaikaadv.site\/avviso\/home\/cosa-facciamo\/informare\/documenti-tematici\/gioco-dazzardo\/lordinanza-di-limitazione-degli-orari-degli-apparecchi-da-gioco-del-comune-di-roma\/","title":{"rendered":"L\u2019ordinanza di limitazione degli orari degli apparecchi da gioco del comune di Roma"},"content":{"rendered":"<p><strong>Premessa.<\/strong> Il Comune di Roma si \u00e8 dotata di un ulteriore strumento, in aggiunta ai <strong><a href=\"https:\/\/welaikaadv.site\/avviso\/home\/cosa-facciamo\/informare\/documenti-tematici\/gioco-dazzardo\/gioco-dazzardo-le-norme-approvate-dal-comune-di-roma\/\">provvedimenti gi\u00e0 adottati nei mesi scorsi per il contrasto della ludopatia<\/a><\/strong>, al fine di limitare forme di gioco \u201ccompulsivo\u201d ed evitare possibili effetti pregiudizievoli per il contesto urbano, la viabilit\u00e0 e la quiete pubblica, secondo i principi stabiliti dalla legge regionale n. 5 del 2013. Con l\u2019ordinanza n. 111 del 2018 (allegata alla presente nota), in attuazione dell\u2019art.12 del <strong>Regolamento sulle sale da gioco e i giochi leciti<\/strong> si prevede una riduzione giornaliera a otto ore per il funzionamento degli apparecchi con vincita in denaro, ovunque collocati.<\/p>\n<p><strong>Dati. <\/strong>Nell\u2019ordinanza vengono riportati i dati tratti dal Sistema Informativo Regionale Dipendenze del Lazio presso i Ser. D delle ASL del Lazio relativi a persone in trattamento per problematiche relative al gioco d\u2019azzardo patologico, con focus aggiornato su Roma. I dati mostrano un aumento progressivo di soggetti in carico ai Ser. D di Roma per problemi legati al disturbo da gioco d\u2019azzardo, passati da 82 casi nel 2012 ai 323 casi del 2017, fino ai 281 casi tra gennaio e maggio 2018. Il numero reale delle persone affette da ludopatia non coincide peraltro con i dati sopra forniti, in quanto parte significativa del fenomeno resta sommerso.<\/p>\n<p><strong>Finalit\u00e0<\/strong>. L\u2019ordinanza \u00e8 predisposta con l\u2019obiettivo di tutelare i soggetti pi\u00f9 vulnerabili o immaturi, e quindi maggiormente esposti, limitando l\u2019accesso alle apparecchiature di gioco. La pericolosit\u00e0 delle slot machines e VLT \u00e8 confermata dalla recente giurisprudenza amministrativa e dallo studio \u201cDipendenze Comportamentali\/gioco d\u2019azzardo patologico\u201d curato dal Ministero della Salute, dove tali tipi di lotterie istantanee fanno parte dei \u201cgiochi hard, cio\u00e8 pi\u00f9 a rischio di creare un legame di dipendenza e maggiormente capaci di intercettare fasce di popolazione finora pi\u00f9 estranee al gioco d\u2019azzardo\u201d.<\/p>\n<p><strong>Orari. <\/strong>L\u2019orario di funzionamento degli apparecchi con vincita in denaro di cui all\u2019art. 110, c. 6 del TULPS, collocati nelle sale gioco e altre tipologie di esercizi, autorizzati ex art. 86 e 88 del TULPS, \u00e8 fissato <strong>dalle ore 9 alle ore 12 e dalle ore 18 alle ore 23 di tutti i giorni<\/strong>, compresi i festivi. Nell\u2019ordinanza viene fatto presente l\u2019obbligo per ogni locale in cui \u00e8 consentito l\u2019utilizzo dei dispositivi da gioco d\u2019azzardo lecito, di esporre all\u2019esterno e all\u2019interno, in un luogo ben visibile, l\u2019avviso con la fascia oraria sopra fissata.<\/p>\n<p><strong>Sanzioni. <\/strong>Le violazioni delle disposizioni e delle prescrizioni sono punite con sanzione amministrativa da euro 150 a euro 450. In caso di recidiva, viene sospeso il funzionamento di tutti gli apparecchi collocati nel locale fino a cinque giorni.<\/p>\n<p><em>(a cura di Sara Capitanio, vincitrice di una borsa di studio indetta da Avviso Pubblico)<\/em><\/p>\n<p><strong><a href=\"https:\/\/welaikaadv.site\/avviso\/wp-content\/uploads\/2018\/06\/roma-Ordinanza-orari-2018.pdf\">Ordinanza orari comune di Roma 2018<\/a><\/strong><\/p>\n","protected":false},"excerpt":{"rendered":"<p>Premessa. Il Comune di Roma si \u00e8 dotata di un ulteriore strumento, in aggiunta ai provvedimenti gi\u00e0 adottati nei mesi scorsi per il contrasto della&nbsp;<span class=\"hellipsis\">[&hellip;]<\/span><a class=\"more-link\" href=\"https:\/\/welaikaadv.site\/avviso\/home\/cosa-facciamo\/informare\/documenti-tematici\/gioco-dazzardo\/lordinanza-di-limitazione-degli-orari-degli-apparecchi-da-gioco-del-comune-di-roma\/\">Leggi tutto <span class=\"screen-reader-text\">L\u2019ordinanza di limitazione degli orari degli apparecchi da gioco del comune di Roma<\/span> <span class=\"meta-nav\" aria-hidden=\"true\">&rarr;<\/span><\/a><\/p>\n","protected":false},"author":1,"featured_media":7698,"parent":202,"menu_order":0,"comment_status":"closed","ping_status":"closed","template":"","meta":{"_acf_changed":false,"_exactmetrics_skip_tracking":false,"_exactmetrics_sitenote_active":false,"_exactmetrics_sitenote_note":"","_exactmetrics_sitenote_category":0,"wp_social_preview_title":"","wp_social_preview_description":"","wp_social_preview_image":0,"footnotes":""},"class_list":["post-26451","page","type-page","status-publish","has-post-thumbnail","hentry"],"acf":[],"yoast_head":"<!-- This site is optimized with the Yoast SEO plugin v27.2 - https:\/\/yoast.com\/product\/yoast-seo-wordpress\/ -->\n<title>L\u2019ordinanza di limitazione degli orari degli apparecchi da gioco del comune di Roma - Staging Avviso Pubblico<\/title>\n<meta name=\"robots\" content=\"noindex, follow, max-snippet:-1, max-image-preview:large, max-video-preview:-1\" \/>\n<meta property=\"og:locale\" content=\"it_IT\" \/>\n<meta property=\"og:type\" content=\"article\" \/>\n<meta property=\"og:title\" content=\"L\u2019ordinanza di limitazione degli orari degli apparecchi da gioco del comune di Roma - Staging Avviso Pubblico\" \/>\n<meta property=\"og:description\" content=\"Premessa. Il Comune di Roma si \u00e8 dotata di un ulteriore strumento, in aggiunta ai provvedimenti gi\u00e0 adottati nei mesi scorsi per il contrasto della&nbsp;[&hellip;]Leggi tutto L\u2019ordinanza di limitazione degli orari degli apparecchi da gioco del comune di Roma &rarr;\" \/>\n<meta property=\"og:url\" content=\"https:\/\/welaikaadv.site\/avviso\/home\/cosa-facciamo\/informare\/documenti-tematici\/gioco-dazzardo\/lordinanza-di-limitazione-degli-orari-degli-apparecchi-da-gioco-del-comune-di-roma\/\" \/>\n<meta property=\"og:site_name\" content=\"Staging Avviso Pubblico\" \/>\n<meta name=\"twitter:card\" content=\"summary_large_image\" \/>\n<meta name=\"twitter:label1\" content=\"Tempo di lettura stimato\" \/>\n\t<meta name=\"twitter:data1\" content=\"2 minuti\" \/>\n<script type=\"application\/ld+json\" class=\"yoast-schema-graph\">{\"@context\":\"https:\/\/schema.org\",\"@graph\":[{\"@type\":\"WebPage\",\"@id\":\"https:\/\/welaikaadv.site\/avviso\/home\/cosa-facciamo\/informare\/documenti-tematici\/gioco-dazzardo\/lordinanza-di-limitazione-degli-orari-degli-apparecchi-da-gioco-del-comune-di-roma\/\",\"url\":\"https:\/\/welaikaadv.site\/avviso\/home\/cosa-facciamo\/informare\/documenti-tematici\/gioco-dazzardo\/lordinanza-di-limitazione-degli-orari-degli-apparecchi-da-gioco-del-comune-di-roma\/\",\"name\":\"L\u2019ordinanza di limitazione degli orari degli apparecchi da gioco del comune di Roma - Staging Avviso Pubblico\",\"isPartOf\":{\"@id\":\"https:\/\/welaikaadv.site\/avviso\/#website\"},\"primaryImageOfPage\":{\"@id\":\"https:\/\/welaikaadv.site\/avviso\/home\/cosa-facciamo\/informare\/documenti-tematici\/gioco-dazzardo\/lordinanza-di-limitazione-degli-orari-degli-apparecchi-da-gioco-del-comune-di-roma\/#primaryimage\"},\"image\":{\"@id\":\"https:\/\/welaikaadv.site\/avviso\/home\/cosa-facciamo\/informare\/documenti-tematici\/gioco-dazzardo\/lordinanza-di-limitazione-degli-orari-degli-apparecchi-da-gioco-del-comune-di-roma\/#primaryimage\"},\"thumbnailUrl\":\"\",\"datePublished\":\"2018-06-28T13:31:30+00:00\",\"breadcrumb\":{\"@id\":\"https:\/\/welaikaadv.site\/avviso\/home\/cosa-facciamo\/informare\/documenti-tematici\/gioco-dazzardo\/lordinanza-di-limitazione-degli-orari-degli-apparecchi-da-gioco-del-comune-di-roma\/#breadcrumb\"},\"inLanguage\":\"it-IT\",\"potentialAction\":[{\"@type\":\"ReadAction\",\"target\":[\"https:\/\/welaikaadv.site\/avviso\/home\/cosa-facciamo\/informare\/documenti-tematici\/gioco-dazzardo\/lordinanza-di-limitazione-degli-orari-degli-apparecchi-da-gioco-del-comune-di-roma\/\"]}]},{\"@type\":\"ImageObject\",\"inLanguage\":\"it-IT\",\"@id\":\"https:\/\/welaikaadv.site\/avviso\/home\/cosa-facciamo\/informare\/documenti-tematici\/gioco-dazzardo\/lordinanza-di-limitazione-degli-orari-degli-apparecchi-da-gioco-del-comune-di-roma\/#primaryimage\",\"url\":\"\",\"contentUrl\":\"\"},{\"@type\":\"BreadcrumbList\",\"@id\":\"https:\/\/welaikaadv.site\/avviso\/home\/cosa-facciamo\/informare\/documenti-tematici\/gioco-dazzardo\/lordinanza-di-limitazione-degli-orari-degli-apparecchi-da-gioco-del-comune-di-roma\/#breadcrumb\",\"itemListElement\":[{\"@type\":\"ListItem\",\"position\":1,\"name\":\"Home\",\"item\":\"https:\/\/welaikaadv.site\/avviso\/\"},{\"@type\":\"ListItem\",\"position\":2,\"name\":\"L\u2019ordinanza di limitazione degli orari degli apparecchi da gioco del comune di Roma\"}]},{\"@type\":\"WebSite\",\"@id\":\"https:\/\/welaikaadv.site\/avviso\/#website\",\"url\":\"https:\/\/welaikaadv.site\/avviso\/\",\"name\":\"Staging Avviso Pubblico\",\"description\":\"\",\"publisher\":{\"@id\":\"https:\/\/welaikaadv.site\/avviso\/#organization\"},\"potentialAction\":[{\"@type\":\"SearchAction\",\"target\":{\"@type\":\"EntryPoint\",\"urlTemplate\":\"https:\/\/welaikaadv.site\/avviso\/?s={search_term_string}\"},\"query-input\":{\"@type\":\"PropertyValueSpecification\",\"valueRequired\":true,\"valueName\":\"search_term_string\"}}],\"inLanguage\":\"it-IT\"},{\"@type\":\"Organization\",\"@id\":\"https:\/\/welaikaadv.site\/avviso\/#organization\",\"name\":\"Staging Avviso Pubblico\",\"url\":\"https:\/\/welaikaadv.site\/avviso\/\",\"logo\":{\"@type\":\"ImageObject\",\"inLanguage\":\"it-IT\",\"@id\":\"https:\/\/welaikaadv.site\/avviso\/#\/schema\/logo\/image\/\",\"url\":\"https:\/\/welaikaadv.site\/avviso\/wp-content\/uploads\/2024\/08\/logoAPsito-400.png\",\"contentUrl\":\"https:\/\/welaikaadv.site\/avviso\/wp-content\/uploads\/2024\/08\/logoAPsito-400.png\",\"width\":400,\"height\":97,\"caption\":\"Staging Avviso Pubblico\"},\"image\":{\"@id\":\"https:\/\/welaikaadv.site\/avviso\/#\/schema\/logo\/image\/\"}}]}<\/script>\n<!-- \/ Yoast SEO plugin. -->","yoast_head_json":{"title":"L\u2019ordinanza di limitazione degli orari degli apparecchi da gioco del comune di Roma - Staging Avviso Pubblico","robots":{"index":"noindex","follow":"follow","max-snippet":"max-snippet:-1","max-image-preview":"max-image-preview:large","max-video-preview":"max-video-preview:-1"},"og_locale":"it_IT","og_type":"article","og_title":"L\u2019ordinanza di limitazione degli orari degli apparecchi da gioco del comune di Roma - Staging Avviso Pubblico","og_description":"Premessa. Il Comune di Roma si \u00e8 dotata di un ulteriore strumento, in aggiunta ai provvedimenti gi\u00e0 adottati nei mesi scorsi per il contrasto della&nbsp;[&hellip;]Leggi tutto L\u2019ordinanza di limitazione degli orari degli apparecchi da gioco del comune di Roma &rarr;","og_url":"https:\/\/welaikaadv.site\/avviso\/home\/cosa-facciamo\/informare\/documenti-tematici\/gioco-dazzardo\/lordinanza-di-limitazione-degli-orari-degli-apparecchi-da-gioco-del-comune-di-roma\/","og_site_name":"Staging Avviso Pubblico","twitter_card":"summary_large_image","twitter_misc":{"Tempo di lettura stimato":"2 minuti"},"schema":{"@context":"https:\/\/schema.org","@graph":[{"@type":"WebPage","@id":"https:\/\/welaikaadv.site\/avviso\/home\/cosa-facciamo\/informare\/documenti-tematici\/gioco-dazzardo\/lordinanza-di-limitazione-degli-orari-degli-apparecchi-da-gioco-del-comune-di-roma\/","url":"https:\/\/welaikaadv.site\/avviso\/home\/cosa-facciamo\/informare\/documenti-tematici\/gioco-dazzardo\/lordinanza-di-limitazione-degli-orari-degli-apparecchi-da-gioco-del-comune-di-roma\/","name":"L\u2019ordinanza di limitazione degli orari degli apparecchi da gioco del comune di Roma - Staging Avviso Pubblico","isPartOf":{"@id":"https:\/\/welaikaadv.site\/avviso\/#website"},"primaryImageOfPage":{"@id":"https:\/\/welaikaadv.site\/avviso\/home\/cosa-facciamo\/informare\/documenti-tematici\/gioco-dazzardo\/lordinanza-di-limitazione-degli-orari-degli-apparecchi-da-gioco-del-comune-di-roma\/#primaryimage"},"image":{"@id":"https:\/\/welaikaadv.site\/avviso\/home\/cosa-facciamo\/informare\/documenti-tematici\/gioco-dazzardo\/lordinanza-di-limitazione-degli-orari-degli-apparecchi-da-gioco-del-comune-di-roma\/#primaryimage"},"thumbnailUrl":"","datePublished":"2018-06-28T13:31:30+00:00","breadcrumb":{"@id":"https:\/\/welaikaadv.site\/avviso\/home\/cosa-facciamo\/informare\/documenti-tematici\/gioco-dazzardo\/lordinanza-di-limitazione-degli-orari-degli-apparecchi-da-gioco-del-comune-di-roma\/#breadcrumb"},"inLanguage":"it-IT","potentialAction":[{"@type":"ReadAction","target":["https:\/\/welaikaadv.site\/avviso\/home\/cosa-facciamo\/informare\/documenti-tematici\/gioco-dazzardo\/lordinanza-di-limitazione-degli-orari-degli-apparecchi-da-gioco-del-comune-di-roma\/"]}]},{"@type":"ImageObject","inLanguage":"it-IT","@id":"https:\/\/welaikaadv.site\/avviso\/home\/cosa-facciamo\/informare\/documenti-tematici\/gioco-dazzardo\/lordinanza-di-limitazione-degli-orari-degli-apparecchi-da-gioco-del-comune-di-roma\/#primaryimage","url":"","contentUrl":""},{"@type":"BreadcrumbList","@id":"https:\/\/welaikaadv.site\/avviso\/home\/cosa-facciamo\/informare\/documenti-tematici\/gioco-dazzardo\/lordinanza-di-limitazione-degli-orari-degli-apparecchi-da-gioco-del-comune-di-roma\/#breadcrumb","itemListElement":[{"@type":"ListItem","position":1,"name":"Home","item":"https:\/\/welaikaadv.site\/avviso\/"},{"@type":"ListItem","position":2,"name":"L\u2019ordinanza di limitazione degli orari degli apparecchi da gioco del comune di Roma"}]},{"@type":"WebSite","@id":"https:\/\/welaikaadv.site\/avviso\/#website","url":"https:\/\/welaikaadv.site\/avviso\/","name":"Staging Avviso Pubblico","description":"","publisher":{"@id":"https:\/\/welaikaadv.site\/avviso\/#organization"},"potentialAction":[{"@type":"SearchAction","target":{"@type":"EntryPoint","urlTemplate":"https:\/\/welaikaadv.site\/avviso\/?s={search_term_string}"},"query-input":{"@type":"PropertyValueSpecification","valueRequired":true,"valueName":"search_term_string"}}],"inLanguage":"it-IT"},{"@type":"Organization","@id":"https:\/\/welaikaadv.site\/avviso\/#organization","name":"Staging Avviso Pubblico","url":"https:\/\/welaikaadv.site\/avviso\/","logo":{"@type":"ImageObject","inLanguage":"it-IT","@id":"https:\/\/welaikaadv.site\/avviso\/#\/schema\/logo\/image\/","url":"https:\/\/welaikaadv.site\/avviso\/wp-content\/uploads\/2024\/08\/logoAPsito-400.png","contentUrl":"https:\/\/welaikaadv.site\/avviso\/wp-content\/uploads\/2024\/08\/logoAPsito-400.png","width":400,"height":97,"caption":"Staging Avviso Pubblico"},"image":{"@id":"https:\/\/welaikaadv.site\/avviso\/#\/schema\/logo\/image\/"}}]}},"_links":{"self":[{"href":"https:\/\/welaikaadv.site\/avviso\/wp-json\/wp\/v2\/pages\/26451","targetHints":{"allow":["GET"]}}],"collection":[{"href":"https:\/\/welaikaadv.site\/avviso\/wp-json\/wp\/v2\/pages"}],"about":[{"href":"https:\/\/welaikaadv.site\/avviso\/wp-json\/wp\/v2\/types\/page"}],"author":[{"embeddable":true,"href":"https:\/\/welaikaadv.site\/avviso\/wp-json\/wp\/v2\/users\/1"}],"replies":[{"embeddable":true,"href":"https:\/\/welaikaadv.site\/avviso\/wp-json\/wp\/v2\/comments?post=26451"}],"version-history":[{"count":0,"href":"https:\/\/welaikaadv.site\/avviso\/wp-json\/wp\/v2\/pages\/26451\/revisions"}],"up":[{"embeddable":true,"href":"https:\/\/welaikaadv.site\/avviso\/wp-json\/wp\/v2\/pages\/202"}],"wp:featuredmedia":[{"embeddable":true,"href":"https:\/\/welaikaadv.site\/avviso\/wp-json\/"}],"wp:attachment":[{"href":"https:\/\/welaikaadv.site\/avviso\/wp-json\/wp\/v2\/media?parent=26451"}],"curies":[{"name":"wp","href":"https:\/\/api.w.org\/{rel}","templated":true}]}}