{"id":26475,"date":"2018-07-01T13:02:23","date_gmt":"2018-07-01T11:02:23","guid":{"rendered":"http:\/\/www.avvisopubblico.it\/home\/?page_id=26475"},"modified":"2018-07-01T13:02:23","modified_gmt":"2018-07-01T11:02:23","slug":"tre-importanti-sentenze-del-tar-lecce-sui-provvedimenti-dei-comuni-pugliesi-per-il-contrasto-della-ludopatia","status":"publish","type":"page","link":"https:\/\/welaikaadv.site\/avviso\/home\/cosa-facciamo\/informare\/documenti-tematici\/gioco-dazzardo\/tre-importanti-sentenze-del-tar-lecce-sui-provvedimenti-dei-comuni-pugliesi-per-il-contrasto-della-ludopatia\/","title":{"rendered":"Tre importanti sentenze del Tar Lecce sui provvedimenti dei comuni pugliesi per il contrasto del gioco d&#8217;azzardo patologico"},"content":{"rendered":"<p><strong>Premessa<\/strong>. Il Tar di Lecce ha recentemente respinto (<em>sentenze nn. 1014, 1026 e 1031 del 2018<\/em>) i ricorsi presentati da alcuni esercenti di sale da gioco e sale scommesse nei confronti di diversi provvedimenti, attuativi della distanza minima dai \u201cluoghi sensibili\u201d prevista all\u2019art. 7 della Legge Regionale Puglia n. 43\/2013, adottati dai Comuni di Cutrofiano, Aradeo e Taranto, che vietano la prosecuzione o l\u2019autorizzazione dell\u2019attivit\u00e0 a causa dell\u2019ubicazione del locale in un raggio inferiore a cinquecento metri, misurati per la distanza pedonale pi\u00f9 breve, da diversi \u201cluoghi sensibili\u201d (scuole elementari, luoghi di culto, oratori, impianti sportivi). Respinta conseguentemente anche la richiesta di risarcimento danni avanzata da un esercente nei confronti del comune \u2026<\/p>\n<p><strong>La legittimit\u00e0 delle normative regionali e locali<\/strong>. Si conferma cos\u00ec l\u2019orientamento dei giudici amministrativi nel riconoscimento delle leggi e regolamenti di Regioni ed Enti locali per il contrasto del gioco d&#8217;azzardo patologico, in quanto \u201cle norme regionali sono finalizzate a definire misure di prevenzione atte a garantire la fondamentale tutela di specifiche fasce deboli della popolazione\u201d. Infondate le questioni di incostituzionalit\u00e0 e di incompatibilit\u00e0 con la normativa comunitaria sollevate dai ricorrenti.<\/p>\n<p>In tutte e tre le sentenze viene richiamata la sentenza n. 108\/2017 della Corte Costituzionale che dichiara \u201cnon fondate le questioni di legittimit\u00e0 costituzionale dell\u2019art. 7 della L.R. Puglia n. 43\/2013, sollevate dal Tribunale amministrativo regionale per la Puglia, in riferimento all\u2019art. 117, commi secondo, lettera h), e terzo, della Costituzione\u201d, in quanto \u201cil legislatore pugliese non \u00e8 intervenuto per contrastare il gioco illegale, n\u00e9 per disciplinare direttamente le modalit\u00e0 d\u2019istallazione e di utilizzo degli apparecchi da gioco, ma \u00e8 intervenuto per evitare la prossimit\u00e0 delle sale e degli apparecchi a determinati luoghi, ove si radunano soggetti ritenuti psicologicamente pi\u00f9 esposti e a rischio di cadere vittime della dipendenza da gioco d\u2019azzardo. La disposizione persegue finalit\u00e0 di carattere socio-sanitario, rientranti nella materia di legislazione concorrente la tutela della salute\u201d. La Corte Costituzionale, riconosce \u201cla competenza dei comuni relativamente all\u2019utilizzo degli apparecchi da gioco e la piena compatibilit\u00e0 con la <a href=\"http:\/\/www.normattiva.it\/uri-res\/N2Ls?urn:nir:stato:legge:2012;189\">legge Balduzzi n. 158\/2012<\/a> in materia di sanit\u00e0 quanto con i principi di concorrenza e di libert\u00e0 di iniziativa economica, di cui all\u2019art. 41 Cost., e i principi europei in tema di concorrenza\u201d.<\/p>\n<p><em>(a cura di Sara Capitanio, vincitrice della borsa di studio di Avviso Pubblico sul gioco d\u2019azzardo)<\/em><\/p>\n","protected":false},"excerpt":{"rendered":"<p>Premessa. Il Tar di Lecce ha recentemente respinto (sentenze nn. 1014, 1026 e 1031 del 2018) i ricorsi presentati da alcuni esercenti di sale da&nbsp;<span class=\"hellipsis\">[&hellip;]<\/span><a class=\"more-link\" href=\"https:\/\/welaikaadv.site\/avviso\/home\/cosa-facciamo\/informare\/documenti-tematici\/gioco-dazzardo\/tre-importanti-sentenze-del-tar-lecce-sui-provvedimenti-dei-comuni-pugliesi-per-il-contrasto-della-ludopatia\/\">Leggi tutto <span class=\"screen-reader-text\">Tre importanti sentenze del Tar Lecce sui provvedimenti dei comuni pugliesi per il contrasto del gioco d&#8217;azzardo patologico<\/span> <span class=\"meta-nav\" aria-hidden=\"true\">&rarr;<\/span><\/a><\/p>\n","protected":false},"author":1,"featured_media":0,"parent":202,"menu_order":0,"comment_status":"closed","ping_status":"closed","template":"","meta":{"_acf_changed":false,"_exactmetrics_skip_tracking":false,"_exactmetrics_sitenote_active":false,"_exactmetrics_sitenote_note":"","_exactmetrics_sitenote_category":0,"wp_social_preview_title":"","wp_social_preview_description":"","wp_social_preview_image":0,"footnotes":""},"class_list":["post-26475","page","type-page","status-publish","hentry"],"acf":[],"yoast_head":"<!-- This site is optimized with the Yoast SEO plugin v27.2 - https:\/\/yoast.com\/product\/yoast-seo-wordpress\/ -->\n<title>Tre importanti sentenze del Tar Lecce sui provvedimenti dei comuni pugliesi per il contrasto del gioco d&#039;azzardo patologico - Staging Avviso Pubblico<\/title>\n<meta name=\"robots\" content=\"noindex, follow, max-snippet:-1, max-image-preview:large, max-video-preview:-1\" \/>\n<meta property=\"og:locale\" content=\"it_IT\" \/>\n<meta property=\"og:type\" content=\"article\" \/>\n<meta property=\"og:title\" content=\"Tre importanti sentenze del Tar Lecce sui provvedimenti dei comuni pugliesi per il contrasto del gioco d&#039;azzardo patologico - Staging Avviso Pubblico\" \/>\n<meta property=\"og:description\" content=\"Premessa. Il Tar di Lecce ha recentemente respinto (sentenze nn. 1014, 1026 e 1031 del 2018) i ricorsi presentati da alcuni esercenti di sale da&nbsp;[&hellip;]Leggi tutto Tre importanti sentenze del Tar Lecce sui provvedimenti dei comuni pugliesi per il contrasto del gioco d&#8217;azzardo patologico &rarr;\" \/>\n<meta property=\"og:url\" content=\"https:\/\/welaikaadv.site\/avviso\/home\/cosa-facciamo\/informare\/documenti-tematici\/gioco-dazzardo\/tre-importanti-sentenze-del-tar-lecce-sui-provvedimenti-dei-comuni-pugliesi-per-il-contrasto-della-ludopatia\/\" \/>\n<meta property=\"og:site_name\" content=\"Staging Avviso Pubblico\" \/>\n<meta name=\"twitter:card\" content=\"summary_large_image\" \/>\n<meta name=\"twitter:label1\" content=\"Tempo di lettura stimato\" \/>\n\t<meta name=\"twitter:data1\" content=\"2 minuti\" \/>\n<script type=\"application\/ld+json\" class=\"yoast-schema-graph\">{\"@context\":\"https:\/\/schema.org\",\"@graph\":[{\"@type\":\"WebPage\",\"@id\":\"https:\/\/welaikaadv.site\/avviso\/home\/cosa-facciamo\/informare\/documenti-tematici\/gioco-dazzardo\/tre-importanti-sentenze-del-tar-lecce-sui-provvedimenti-dei-comuni-pugliesi-per-il-contrasto-della-ludopatia\/\",\"url\":\"https:\/\/welaikaadv.site\/avviso\/home\/cosa-facciamo\/informare\/documenti-tematici\/gioco-dazzardo\/tre-importanti-sentenze-del-tar-lecce-sui-provvedimenti-dei-comuni-pugliesi-per-il-contrasto-della-ludopatia\/\",\"name\":\"Tre importanti sentenze del Tar Lecce sui provvedimenti dei comuni pugliesi per il contrasto del gioco d'azzardo patologico - Staging Avviso Pubblico\",\"isPartOf\":{\"@id\":\"https:\/\/welaikaadv.site\/avviso\/#website\"},\"datePublished\":\"2018-07-01T11:02:23+00:00\",\"breadcrumb\":{\"@id\":\"https:\/\/welaikaadv.site\/avviso\/home\/cosa-facciamo\/informare\/documenti-tematici\/gioco-dazzardo\/tre-importanti-sentenze-del-tar-lecce-sui-provvedimenti-dei-comuni-pugliesi-per-il-contrasto-della-ludopatia\/#breadcrumb\"},\"inLanguage\":\"it-IT\",\"potentialAction\":[{\"@type\":\"ReadAction\",\"target\":[\"https:\/\/welaikaadv.site\/avviso\/home\/cosa-facciamo\/informare\/documenti-tematici\/gioco-dazzardo\/tre-importanti-sentenze-del-tar-lecce-sui-provvedimenti-dei-comuni-pugliesi-per-il-contrasto-della-ludopatia\/\"]}]},{\"@type\":\"BreadcrumbList\",\"@id\":\"https:\/\/welaikaadv.site\/avviso\/home\/cosa-facciamo\/informare\/documenti-tematici\/gioco-dazzardo\/tre-importanti-sentenze-del-tar-lecce-sui-provvedimenti-dei-comuni-pugliesi-per-il-contrasto-della-ludopatia\/#breadcrumb\",\"itemListElement\":[{\"@type\":\"ListItem\",\"position\":1,\"name\":\"Home\",\"item\":\"https:\/\/welaikaadv.site\/avviso\/\"},{\"@type\":\"ListItem\",\"position\":2,\"name\":\"Tre importanti sentenze del Tar Lecce sui provvedimenti dei comuni pugliesi per il contrasto del gioco d&#8217;azzardo patologico\"}]},{\"@type\":\"WebSite\",\"@id\":\"https:\/\/welaikaadv.site\/avviso\/#website\",\"url\":\"https:\/\/welaikaadv.site\/avviso\/\",\"name\":\"Staging Avviso Pubblico\",\"description\":\"\",\"publisher\":{\"@id\":\"https:\/\/welaikaadv.site\/avviso\/#organization\"},\"potentialAction\":[{\"@type\":\"SearchAction\",\"target\":{\"@type\":\"EntryPoint\",\"urlTemplate\":\"https:\/\/welaikaadv.site\/avviso\/?s={search_term_string}\"},\"query-input\":{\"@type\":\"PropertyValueSpecification\",\"valueRequired\":true,\"valueName\":\"search_term_string\"}}],\"inLanguage\":\"it-IT\"},{\"@type\":\"Organization\",\"@id\":\"https:\/\/welaikaadv.site\/avviso\/#organization\",\"name\":\"Staging Avviso Pubblico\",\"url\":\"https:\/\/welaikaadv.site\/avviso\/\",\"logo\":{\"@type\":\"ImageObject\",\"inLanguage\":\"it-IT\",\"@id\":\"https:\/\/welaikaadv.site\/avviso\/#\/schema\/logo\/image\/\",\"url\":\"https:\/\/welaikaadv.site\/avviso\/wp-content\/uploads\/2024\/08\/logoAPsito-400.png\",\"contentUrl\":\"https:\/\/welaikaadv.site\/avviso\/wp-content\/uploads\/2024\/08\/logoAPsito-400.png\",\"width\":400,\"height\":97,\"caption\":\"Staging Avviso Pubblico\"},\"image\":{\"@id\":\"https:\/\/welaikaadv.site\/avviso\/#\/schema\/logo\/image\/\"}}]}<\/script>\n<!-- \/ Yoast SEO plugin. -->","yoast_head_json":{"title":"Tre importanti sentenze del Tar Lecce sui provvedimenti dei comuni pugliesi per il contrasto del gioco d'azzardo patologico - Staging Avviso Pubblico","robots":{"index":"noindex","follow":"follow","max-snippet":"max-snippet:-1","max-image-preview":"max-image-preview:large","max-video-preview":"max-video-preview:-1"},"og_locale":"it_IT","og_type":"article","og_title":"Tre importanti sentenze del Tar Lecce sui provvedimenti dei comuni pugliesi per il contrasto del gioco d'azzardo patologico - Staging Avviso Pubblico","og_description":"Premessa. Il Tar di Lecce ha recentemente respinto (sentenze nn. 1014, 1026 e 1031 del 2018) i ricorsi presentati da alcuni esercenti di sale da&nbsp;[&hellip;]Leggi tutto Tre importanti sentenze del Tar Lecce sui provvedimenti dei comuni pugliesi per il contrasto del gioco d&#8217;azzardo patologico &rarr;","og_url":"https:\/\/welaikaadv.site\/avviso\/home\/cosa-facciamo\/informare\/documenti-tematici\/gioco-dazzardo\/tre-importanti-sentenze-del-tar-lecce-sui-provvedimenti-dei-comuni-pugliesi-per-il-contrasto-della-ludopatia\/","og_site_name":"Staging Avviso Pubblico","twitter_card":"summary_large_image","twitter_misc":{"Tempo di lettura stimato":"2 minuti"},"schema":{"@context":"https:\/\/schema.org","@graph":[{"@type":"WebPage","@id":"https:\/\/welaikaadv.site\/avviso\/home\/cosa-facciamo\/informare\/documenti-tematici\/gioco-dazzardo\/tre-importanti-sentenze-del-tar-lecce-sui-provvedimenti-dei-comuni-pugliesi-per-il-contrasto-della-ludopatia\/","url":"https:\/\/welaikaadv.site\/avviso\/home\/cosa-facciamo\/informare\/documenti-tematici\/gioco-dazzardo\/tre-importanti-sentenze-del-tar-lecce-sui-provvedimenti-dei-comuni-pugliesi-per-il-contrasto-della-ludopatia\/","name":"Tre importanti sentenze del Tar Lecce sui provvedimenti dei comuni pugliesi per il contrasto del gioco d'azzardo patologico - Staging Avviso Pubblico","isPartOf":{"@id":"https:\/\/welaikaadv.site\/avviso\/#website"},"datePublished":"2018-07-01T11:02:23+00:00","breadcrumb":{"@id":"https:\/\/welaikaadv.site\/avviso\/home\/cosa-facciamo\/informare\/documenti-tematici\/gioco-dazzardo\/tre-importanti-sentenze-del-tar-lecce-sui-provvedimenti-dei-comuni-pugliesi-per-il-contrasto-della-ludopatia\/#breadcrumb"},"inLanguage":"it-IT","potentialAction":[{"@type":"ReadAction","target":["https:\/\/welaikaadv.site\/avviso\/home\/cosa-facciamo\/informare\/documenti-tematici\/gioco-dazzardo\/tre-importanti-sentenze-del-tar-lecce-sui-provvedimenti-dei-comuni-pugliesi-per-il-contrasto-della-ludopatia\/"]}]},{"@type":"BreadcrumbList","@id":"https:\/\/welaikaadv.site\/avviso\/home\/cosa-facciamo\/informare\/documenti-tematici\/gioco-dazzardo\/tre-importanti-sentenze-del-tar-lecce-sui-provvedimenti-dei-comuni-pugliesi-per-il-contrasto-della-ludopatia\/#breadcrumb","itemListElement":[{"@type":"ListItem","position":1,"name":"Home","item":"https:\/\/welaikaadv.site\/avviso\/"},{"@type":"ListItem","position":2,"name":"Tre importanti sentenze del Tar Lecce sui provvedimenti dei comuni pugliesi per il contrasto del gioco d&#8217;azzardo patologico"}]},{"@type":"WebSite","@id":"https:\/\/welaikaadv.site\/avviso\/#website","url":"https:\/\/welaikaadv.site\/avviso\/","name":"Staging Avviso Pubblico","description":"","publisher":{"@id":"https:\/\/welaikaadv.site\/avviso\/#organization"},"potentialAction":[{"@type":"SearchAction","target":{"@type":"EntryPoint","urlTemplate":"https:\/\/welaikaadv.site\/avviso\/?s={search_term_string}"},"query-input":{"@type":"PropertyValueSpecification","valueRequired":true,"valueName":"search_term_string"}}],"inLanguage":"it-IT"},{"@type":"Organization","@id":"https:\/\/welaikaadv.site\/avviso\/#organization","name":"Staging Avviso Pubblico","url":"https:\/\/welaikaadv.site\/avviso\/","logo":{"@type":"ImageObject","inLanguage":"it-IT","@id":"https:\/\/welaikaadv.site\/avviso\/#\/schema\/logo\/image\/","url":"https:\/\/welaikaadv.site\/avviso\/wp-content\/uploads\/2024\/08\/logoAPsito-400.png","contentUrl":"https:\/\/welaikaadv.site\/avviso\/wp-content\/uploads\/2024\/08\/logoAPsito-400.png","width":400,"height":97,"caption":"Staging Avviso Pubblico"},"image":{"@id":"https:\/\/welaikaadv.site\/avviso\/#\/schema\/logo\/image\/"}}]}},"_links":{"self":[{"href":"https:\/\/welaikaadv.site\/avviso\/wp-json\/wp\/v2\/pages\/26475","targetHints":{"allow":["GET"]}}],"collection":[{"href":"https:\/\/welaikaadv.site\/avviso\/wp-json\/wp\/v2\/pages"}],"about":[{"href":"https:\/\/welaikaadv.site\/avviso\/wp-json\/wp\/v2\/types\/page"}],"author":[{"embeddable":true,"href":"https:\/\/welaikaadv.site\/avviso\/wp-json\/wp\/v2\/users\/1"}],"replies":[{"embeddable":true,"href":"https:\/\/welaikaadv.site\/avviso\/wp-json\/wp\/v2\/comments?post=26475"}],"version-history":[{"count":0,"href":"https:\/\/welaikaadv.site\/avviso\/wp-json\/wp\/v2\/pages\/26475\/revisions"}],"up":[{"embeddable":true,"href":"https:\/\/welaikaadv.site\/avviso\/wp-json\/wp\/v2\/pages\/202"}],"wp:attachment":[{"href":"https:\/\/welaikaadv.site\/avviso\/wp-json\/wp\/v2\/media?parent=26475"}],"curies":[{"name":"wp","href":"https:\/\/api.w.org\/{rel}","templated":true}]}}