{"id":26492,"date":"2018-07-03T11:56:35","date_gmt":"2018-07-03T09:56:35","guid":{"rendered":"http:\/\/www.avvisopubblico.it\/home\/?page_id=26492"},"modified":"2018-07-03T11:56:35","modified_gmt":"2018-07-03T09:56:35","slug":"tar-genova-conferma-chiusura-sala-scommesse-per-mancato-rispetto-distanza-minima-da-luoghi-sensibili","status":"publish","type":"page","link":"https:\/\/welaikaadv.site\/avviso\/home\/cosa-facciamo\/informare\/documenti-tematici\/gioco-dazzardo\/tar-genova-conferma-chiusura-sala-scommesse-per-mancato-rispetto-distanza-minima-da-luoghi-sensibili\/","title":{"rendered":"Tar Genova conferma chiusura sala scommesse per mancato rispetto distanza minima da luoghi sensibili"},"content":{"rendered":"<p><strong>Premessa.<\/strong> Il Tar di Genova (<em>sentenza n. 588 del 2018<\/em>) ha rigettato il ricorso presentato dal titolare di una sala scommesse contro un provvedimento di chiusura definitiva adottato dal Comune di Sestri Levante.<\/p>\n<p><strong>Ricorsi precedenti. <\/strong>Il comune di Sestri Levante, negli anni scorsi, aveva adottato altri provvedimenti di inibizione all\u2019attivit\u00e0 dello stesso locale \u201cpoich\u00e9 ubicato ad una distanza inferiore al minimo di 500 metri dai luoghi sensibili individuati dal P.U.C.\u201d, cio\u00e8 applicando \u201cnorme dello strumento urbanistico generale\u201d. I ricorsi erano stati per\u00f2 accolti da Tar e Consiglio di Stato (<em>rispettivamente sentenza n. 176 del 2015 e ordinanza n. 2720 del 2016<\/em>) per la genericit\u00e0 delle motivazioni dei provvedimenti del comune, in quanto non erano specificate quale fra le diverse e puntuali regole ivi contenute (distanze, parcheggi, destinazione residenziale ecc.) fosse rilevante nel caso specifico.<\/p>\n<p><strong>Le legittimit\u00e0 del nuovo provvedimento<\/strong>. Il locale, ubicato a \u201c250 metri da un istituto scolastico e 245 metri da una struttura socio-sanitaria\u201d, non rispetta la \u201c<strong>distanza minima di 300 metri da luoghi sensibili<\/strong> prevista dall\u2019art.2 <strong>della L. R. Liguria 30 Aprile 2012, n. 17<\/strong>\u201d, come dimostrato da planimetria allegata al provvedimento.<\/p>\n<p>Secondo il Tar il provvedimento del comune trova la sua legittimit\u00e0 proprio nella legge regionale n.17 del 2012 sul contrasto del gioco d\u2019azzardo patologico: \u201cla <strong>valenza sociale delle norme di contrasto alla ludopatia<\/strong> attualizza l\u2019esigenza di efficacia dell\u2019azione ammnistrativa, cui si connette intimamente l\u2019inesauribilit\u00e0 del potere pubblico volto alla repressione delle attivit\u00e0 esercitate in difformit\u00e0 dai requisiti richiesti dal legislatore\u201d. Nella sentenza viene specificato come l\u2019amministrazione non fosse tenuta, prima di vietare la prosecuzione dell\u2019attivit\u00e0 ad \u201cinvitare il privato a conformare l\u2019attivit\u00e0 medesima ai requisiti previsti dalla legge\u201d in quanto \u201cnon \u00e8 stata presentata alcuna s.c.i.a. per l\u2019esercizio dell\u2019attivit\u00e0 di raccolta scommesse\u201d.<\/p>\n<p><em>(A cura di Sara Capitanio, vincitrice di una borsa di studio di Avviso Pubblico sul gioco d\u2019azzardo)<\/em><\/p>\n","protected":false},"excerpt":{"rendered":"<p>Premessa. Il Tar di Genova (sentenza n. 588 del 2018) ha rigettato il ricorso presentato dal titolare di una sala scommesse contro un provvedimento di&nbsp;<span class=\"hellipsis\">[&hellip;]<\/span><a class=\"more-link\" href=\"https:\/\/welaikaadv.site\/avviso\/home\/cosa-facciamo\/informare\/documenti-tematici\/gioco-dazzardo\/tar-genova-conferma-chiusura-sala-scommesse-per-mancato-rispetto-distanza-minima-da-luoghi-sensibili\/\">Leggi tutto <span class=\"screen-reader-text\">Tar Genova conferma chiusura sala scommesse per mancato rispetto distanza minima da luoghi sensibili<\/span> <span class=\"meta-nav\" aria-hidden=\"true\">&rarr;<\/span><\/a><\/p>\n","protected":false},"author":1,"featured_media":0,"parent":202,"menu_order":0,"comment_status":"closed","ping_status":"closed","template":"","meta":{"_acf_changed":false,"_exactmetrics_skip_tracking":false,"_exactmetrics_sitenote_active":false,"_exactmetrics_sitenote_note":"","_exactmetrics_sitenote_category":0,"wp_social_preview_title":"","wp_social_preview_description":"","wp_social_preview_image":0,"footnotes":""},"class_list":["post-26492","page","type-page","status-publish","hentry"],"acf":[],"yoast_head":"<!-- This site is optimized with the Yoast SEO plugin v27.2 - https:\/\/yoast.com\/product\/yoast-seo-wordpress\/ -->\n<title>Tar Genova conferma chiusura sala scommesse per mancato rispetto distanza minima da luoghi sensibili - Staging Avviso Pubblico<\/title>\n<meta name=\"robots\" content=\"noindex, follow, max-snippet:-1, max-image-preview:large, max-video-preview:-1\" \/>\n<meta property=\"og:locale\" content=\"it_IT\" \/>\n<meta property=\"og:type\" content=\"article\" \/>\n<meta property=\"og:title\" content=\"Tar Genova conferma chiusura sala scommesse per mancato rispetto distanza minima da luoghi sensibili - Staging Avviso Pubblico\" \/>\n<meta property=\"og:description\" content=\"Premessa. Il Tar di Genova (sentenza n. 588 del 2018) ha rigettato il ricorso presentato dal titolare di una sala scommesse contro un provvedimento di&nbsp;[&hellip;]Leggi tutto Tar Genova conferma chiusura sala scommesse per mancato rispetto distanza minima da luoghi sensibili &rarr;\" \/>\n<meta property=\"og:url\" content=\"https:\/\/welaikaadv.site\/avviso\/home\/cosa-facciamo\/informare\/documenti-tematici\/gioco-dazzardo\/tar-genova-conferma-chiusura-sala-scommesse-per-mancato-rispetto-distanza-minima-da-luoghi-sensibili\/\" \/>\n<meta property=\"og:site_name\" content=\"Staging Avviso Pubblico\" \/>\n<meta name=\"twitter:card\" content=\"summary_large_image\" \/>\n<meta name=\"twitter:label1\" content=\"Tempo di lettura stimato\" \/>\n\t<meta name=\"twitter:data1\" content=\"2 minuti\" \/>\n<script type=\"application\/ld+json\" class=\"yoast-schema-graph\">{\"@context\":\"https:\/\/schema.org\",\"@graph\":[{\"@type\":\"WebPage\",\"@id\":\"https:\/\/welaikaadv.site\/avviso\/home\/cosa-facciamo\/informare\/documenti-tematici\/gioco-dazzardo\/tar-genova-conferma-chiusura-sala-scommesse-per-mancato-rispetto-distanza-minima-da-luoghi-sensibili\/\",\"url\":\"https:\/\/welaikaadv.site\/avviso\/home\/cosa-facciamo\/informare\/documenti-tematici\/gioco-dazzardo\/tar-genova-conferma-chiusura-sala-scommesse-per-mancato-rispetto-distanza-minima-da-luoghi-sensibili\/\",\"name\":\"Tar Genova conferma chiusura sala scommesse per mancato rispetto distanza minima da luoghi sensibili - Staging Avviso Pubblico\",\"isPartOf\":{\"@id\":\"https:\/\/welaikaadv.site\/avviso\/#website\"},\"datePublished\":\"2018-07-03T09:56:35+00:00\",\"breadcrumb\":{\"@id\":\"https:\/\/welaikaadv.site\/avviso\/home\/cosa-facciamo\/informare\/documenti-tematici\/gioco-dazzardo\/tar-genova-conferma-chiusura-sala-scommesse-per-mancato-rispetto-distanza-minima-da-luoghi-sensibili\/#breadcrumb\"},\"inLanguage\":\"it-IT\",\"potentialAction\":[{\"@type\":\"ReadAction\",\"target\":[\"https:\/\/welaikaadv.site\/avviso\/home\/cosa-facciamo\/informare\/documenti-tematici\/gioco-dazzardo\/tar-genova-conferma-chiusura-sala-scommesse-per-mancato-rispetto-distanza-minima-da-luoghi-sensibili\/\"]}]},{\"@type\":\"BreadcrumbList\",\"@id\":\"https:\/\/welaikaadv.site\/avviso\/home\/cosa-facciamo\/informare\/documenti-tematici\/gioco-dazzardo\/tar-genova-conferma-chiusura-sala-scommesse-per-mancato-rispetto-distanza-minima-da-luoghi-sensibili\/#breadcrumb\",\"itemListElement\":[{\"@type\":\"ListItem\",\"position\":1,\"name\":\"Home\",\"item\":\"https:\/\/welaikaadv.site\/avviso\/\"},{\"@type\":\"ListItem\",\"position\":2,\"name\":\"Tar Genova conferma chiusura sala scommesse per mancato rispetto distanza minima da luoghi sensibili\"}]},{\"@type\":\"WebSite\",\"@id\":\"https:\/\/welaikaadv.site\/avviso\/#website\",\"url\":\"https:\/\/welaikaadv.site\/avviso\/\",\"name\":\"Staging Avviso Pubblico\",\"description\":\"\",\"publisher\":{\"@id\":\"https:\/\/welaikaadv.site\/avviso\/#organization\"},\"potentialAction\":[{\"@type\":\"SearchAction\",\"target\":{\"@type\":\"EntryPoint\",\"urlTemplate\":\"https:\/\/welaikaadv.site\/avviso\/?s={search_term_string}\"},\"query-input\":{\"@type\":\"PropertyValueSpecification\",\"valueRequired\":true,\"valueName\":\"search_term_string\"}}],\"inLanguage\":\"it-IT\"},{\"@type\":\"Organization\",\"@id\":\"https:\/\/welaikaadv.site\/avviso\/#organization\",\"name\":\"Staging Avviso Pubblico\",\"url\":\"https:\/\/welaikaadv.site\/avviso\/\",\"logo\":{\"@type\":\"ImageObject\",\"inLanguage\":\"it-IT\",\"@id\":\"https:\/\/welaikaadv.site\/avviso\/#\/schema\/logo\/image\/\",\"url\":\"https:\/\/welaikaadv.site\/avviso\/wp-content\/uploads\/2024\/08\/logoAPsito-400.png\",\"contentUrl\":\"https:\/\/welaikaadv.site\/avviso\/wp-content\/uploads\/2024\/08\/logoAPsito-400.png\",\"width\":400,\"height\":97,\"caption\":\"Staging Avviso Pubblico\"},\"image\":{\"@id\":\"https:\/\/welaikaadv.site\/avviso\/#\/schema\/logo\/image\/\"}}]}<\/script>\n<!-- \/ Yoast SEO plugin. -->","yoast_head_json":{"title":"Tar Genova conferma chiusura sala scommesse per mancato rispetto distanza minima da luoghi sensibili - Staging Avviso Pubblico","robots":{"index":"noindex","follow":"follow","max-snippet":"max-snippet:-1","max-image-preview":"max-image-preview:large","max-video-preview":"max-video-preview:-1"},"og_locale":"it_IT","og_type":"article","og_title":"Tar Genova conferma chiusura sala scommesse per mancato rispetto distanza minima da luoghi sensibili - Staging Avviso Pubblico","og_description":"Premessa. Il Tar di Genova (sentenza n. 588 del 2018) ha rigettato il ricorso presentato dal titolare di una sala scommesse contro un provvedimento di&nbsp;[&hellip;]Leggi tutto Tar Genova conferma chiusura sala scommesse per mancato rispetto distanza minima da luoghi sensibili &rarr;","og_url":"https:\/\/welaikaadv.site\/avviso\/home\/cosa-facciamo\/informare\/documenti-tematici\/gioco-dazzardo\/tar-genova-conferma-chiusura-sala-scommesse-per-mancato-rispetto-distanza-minima-da-luoghi-sensibili\/","og_site_name":"Staging Avviso Pubblico","twitter_card":"summary_large_image","twitter_misc":{"Tempo di lettura stimato":"2 minuti"},"schema":{"@context":"https:\/\/schema.org","@graph":[{"@type":"WebPage","@id":"https:\/\/welaikaadv.site\/avviso\/home\/cosa-facciamo\/informare\/documenti-tematici\/gioco-dazzardo\/tar-genova-conferma-chiusura-sala-scommesse-per-mancato-rispetto-distanza-minima-da-luoghi-sensibili\/","url":"https:\/\/welaikaadv.site\/avviso\/home\/cosa-facciamo\/informare\/documenti-tematici\/gioco-dazzardo\/tar-genova-conferma-chiusura-sala-scommesse-per-mancato-rispetto-distanza-minima-da-luoghi-sensibili\/","name":"Tar Genova conferma chiusura sala scommesse per mancato rispetto distanza minima da luoghi sensibili - Staging Avviso Pubblico","isPartOf":{"@id":"https:\/\/welaikaadv.site\/avviso\/#website"},"datePublished":"2018-07-03T09:56:35+00:00","breadcrumb":{"@id":"https:\/\/welaikaadv.site\/avviso\/home\/cosa-facciamo\/informare\/documenti-tematici\/gioco-dazzardo\/tar-genova-conferma-chiusura-sala-scommesse-per-mancato-rispetto-distanza-minima-da-luoghi-sensibili\/#breadcrumb"},"inLanguage":"it-IT","potentialAction":[{"@type":"ReadAction","target":["https:\/\/welaikaadv.site\/avviso\/home\/cosa-facciamo\/informare\/documenti-tematici\/gioco-dazzardo\/tar-genova-conferma-chiusura-sala-scommesse-per-mancato-rispetto-distanza-minima-da-luoghi-sensibili\/"]}]},{"@type":"BreadcrumbList","@id":"https:\/\/welaikaadv.site\/avviso\/home\/cosa-facciamo\/informare\/documenti-tematici\/gioco-dazzardo\/tar-genova-conferma-chiusura-sala-scommesse-per-mancato-rispetto-distanza-minima-da-luoghi-sensibili\/#breadcrumb","itemListElement":[{"@type":"ListItem","position":1,"name":"Home","item":"https:\/\/welaikaadv.site\/avviso\/"},{"@type":"ListItem","position":2,"name":"Tar Genova conferma chiusura sala scommesse per mancato rispetto distanza minima da luoghi sensibili"}]},{"@type":"WebSite","@id":"https:\/\/welaikaadv.site\/avviso\/#website","url":"https:\/\/welaikaadv.site\/avviso\/","name":"Staging Avviso Pubblico","description":"","publisher":{"@id":"https:\/\/welaikaadv.site\/avviso\/#organization"},"potentialAction":[{"@type":"SearchAction","target":{"@type":"EntryPoint","urlTemplate":"https:\/\/welaikaadv.site\/avviso\/?s={search_term_string}"},"query-input":{"@type":"PropertyValueSpecification","valueRequired":true,"valueName":"search_term_string"}}],"inLanguage":"it-IT"},{"@type":"Organization","@id":"https:\/\/welaikaadv.site\/avviso\/#organization","name":"Staging Avviso Pubblico","url":"https:\/\/welaikaadv.site\/avviso\/","logo":{"@type":"ImageObject","inLanguage":"it-IT","@id":"https:\/\/welaikaadv.site\/avviso\/#\/schema\/logo\/image\/","url":"https:\/\/welaikaadv.site\/avviso\/wp-content\/uploads\/2024\/08\/logoAPsito-400.png","contentUrl":"https:\/\/welaikaadv.site\/avviso\/wp-content\/uploads\/2024\/08\/logoAPsito-400.png","width":400,"height":97,"caption":"Staging Avviso Pubblico"},"image":{"@id":"https:\/\/welaikaadv.site\/avviso\/#\/schema\/logo\/image\/"}}]}},"_links":{"self":[{"href":"https:\/\/welaikaadv.site\/avviso\/wp-json\/wp\/v2\/pages\/26492","targetHints":{"allow":["GET"]}}],"collection":[{"href":"https:\/\/welaikaadv.site\/avviso\/wp-json\/wp\/v2\/pages"}],"about":[{"href":"https:\/\/welaikaadv.site\/avviso\/wp-json\/wp\/v2\/types\/page"}],"author":[{"embeddable":true,"href":"https:\/\/welaikaadv.site\/avviso\/wp-json\/wp\/v2\/users\/1"}],"replies":[{"embeddable":true,"href":"https:\/\/welaikaadv.site\/avviso\/wp-json\/wp\/v2\/comments?post=26492"}],"version-history":[{"count":0,"href":"https:\/\/welaikaadv.site\/avviso\/wp-json\/wp\/v2\/pages\/26492\/revisions"}],"up":[{"embeddable":true,"href":"https:\/\/welaikaadv.site\/avviso\/wp-json\/wp\/v2\/pages\/202"}],"wp:attachment":[{"href":"https:\/\/welaikaadv.site\/avviso\/wp-json\/wp\/v2\/media?parent=26492"}],"curies":[{"name":"wp","href":"https:\/\/api.w.org\/{rel}","templated":true}]}}