{"id":26507,"date":"2018-08-21T00:30:09","date_gmt":"2018-08-20T22:30:09","guid":{"rendered":"http:\/\/www.avvisopubblico.it\/home\/?page_id=26507"},"modified":"2018-08-21T00:30:09","modified_gmt":"2018-08-20T22:30:09","slug":"commissione-antimafia-le-proposte-di-legge-in-discussione","status":"publish","type":"page","link":"https:\/\/welaikaadv.site\/avviso\/home\/cosa-facciamo\/informare\/osservatorio-parlamentare\/attivita-legislativa\/leggi-approvate\/commissione-antimafia-le-proposte-di-legge-in-discussione\/","title":{"rendered":"Legge n. 99 del 2018: Istituzione della Commissione d&#8217;inchiesta sul fenomeno delle mafie"},"content":{"rendered":"<p><strong>Premessa<\/strong>. La <strong><a href=\"http:\/\/www.normattiva.it\/uri-res\/N2Ls?urn:nir:stato:legge:2018;99\">legge 7 agosto 2018, n. 99<\/a><\/strong> istituisce anche nella XVIII legislatura la Commissione parlamentare di inchiesta sul fenomeno delle mafie e sulle altre associazioni criminali, anche straniere, che opera con i poteri dell&#8217;autorit\u00e0 giudiziaria, ai sensi dell&#8217;articolo 82 della Costituzione.<br \/>\n<strong>Contenuti del provvedimento<\/strong>. Per quanto riguarda poteri e competenze vengono riproposti i contenuti della precedente legge istitutiva, con alcune integrazioni frutto delle proposte elaborate dalla Commissione Bindi al termine dei suoi lavori. Con riguardo alle materie che saranno oggetto di approfondimento si segnalano:<br \/>\n&#8211; la valutazione dell\u2019efficacia della legislazione antimafia, con particolare riferimento alla &#8216;legge Rognoni-La Torre&#8217; (legge n. 646 del 1982) e al codice antimafia (decreto legislativo n. 159 del 2011, recentemente modificato dalla legge n. 161 del 2017), al fine di formulare proposte di rafforzamento delle misure di contrasto del fenomeno mafioso;<br \/>\n&#8211; la normativa in materia di collaboratori e testimoni di giustizia (decreto-legge n. 8 del 1991, decreto legislativo n. 119 del 1993, legge n. 45 del 2001; legge n. 6 del 2018) e di tutela delle vittime di estorsione e usura e dei loro familiari (legge n. 108 del 1996; legge n. 44 del 1999; decreto-legge n. 225 del 2010; dpr n. 60 del 2014) (si tratta di un compito non previsto dalla precedente legge istitutiva);<br \/>\n&#8211; l&#8217;applicazione del regime speciale carcerario di cui all&#8217;articolo 41-bis, in particolare per gli imputati o condannati per delitto di tipo mafioso ed il monitoraggio delle scarcerazioni;<br \/>\n&#8211; l&#8217;organizzazione degli uffici giudiziari e delle strutture investigative competenti, nonch\u00e9 sulle loro risorse umane e strumentali (nuovo compito rispetto alla scorsa legge istitutiva);<br \/>\n&#8211; il coordinamento dell\u2019azione di Stato, regioni ed enti locali (anche con riferimento agli organismi istituiti da regioni ed enti locali) e a livello internazionale in materia di prevenzione delle attivit\u00e0 criminali e di cooperazione giudiziaria;<br \/>\n&#8211; la verifica della normativa in materia di sistemi informativi e banche dati in uso agli uffici giudiziari ed alle forze di polizia ed esame della possibilit\u00e0 di impiegare istituti e strumenti previsti dalla normativa anti-terrorismo anche ai fini di contrasto delle mafie (nuovi compiti);<br \/>\n&#8211; l\u2019analisi dei rapporti tra mafia e politica e dei fenomeni di infiltrazione delle istituzioni (statali e locali) e all&#8217;infiltrazione all&#8217;interno di associazioni massoniche o comunque di carattere segreto o riservato, attuati tramite condotte corruttive, collusive o comunque illecite, anche con riguardo al codice di autoregolamentazione sulla formazione delle liste elettorali;<br \/>\n&#8211; indagine sul radicamento delle diverse organizzazioni criminali in Italia, anche straniere, sulle forme di condizionamento di appalti e opere pubbliche e di accumulazione, investimento e riciclaggio di patrimoni e proventi illeciti, di intestazione fittizia di beni e societ\u00e0 e di presenza nel settore dei giochi e scommesse;<br \/>\n&#8211; rapporto tra mafie ed informazione, con particolare riferimento alle diverse forme in cui si manifesta la violenza o l&#8217;intimidazione nei confronti dei giornalisti (nuovo compito);<br \/>\n&#8211; verifica sulla normativa sul riutilizzo sociale dei beni confiscati;<br \/>\n&#8211; analisi del movimento civile antimafia e monitoraggio ed eventuale mappatura delle iniziative svolte.<\/p>\n<p><b>Iter parlamentare<\/b>. La Commissione Affari costituzionali della Camera ha avviato\u00a0l\u2019esame delle proposte di legge riguardanti l\u2019istituzione, anche nella XVIII legislatura, della Commissione parlamentare di inchiesta sul fenomeno delle mafie e sulle altre associazioni criminali, anche straniere.\u00a0Si tratta degli AACC <strong><a href=\"http:\/\/www.camera.it\/leg18\/126?tab=&amp;leg=18&amp;idDocumento=336&amp;sede=&amp;tipo=\">336<\/a><\/strong>, <strong><a href=\"http:\/\/www.camera.it\/leg18\/126?tab=&amp;leg=18&amp;idDocumento=513&amp;sede=&amp;tipo=\">513<\/a><\/strong>,\u00a0<strong><a href=\"http:\/\/www.camera.it\/leg18\/126?tab=&amp;leg=18&amp;idDocumento=664&amp;sede=&amp;tipo=\">664<\/a><\/strong>,\u00a0<a href=\"http:\/\/www.camera.it\/leg18\/126?tab=&amp;leg=18&amp;idDocumento=805&amp;sede=&amp;tipo=\"><strong>805<\/strong><\/a> e <strong><a href=\"http:\/\/www.camera.it\/leg18\/126?tab=&amp;leg=18&amp;idDocumento=807&amp;sede=&amp;tipo=\">807<\/a><\/strong>,\u00a0tre\u00a0dei quali riprendono le proposte elaborate dalla Commissione antimafia al termine della passata legislatura con riferimento in particolare ai compiti della Commissione e ai poteri ad essa attribuiti (cfr. la <strong><a href=\"http:\/\/documenti.camera.it\/_dati\/leg17\/lavori\/documentiparlamentari\/IndiceETesti\/023\/038\/00000031.pdf\">relazione conclusiva, allegato 7<\/a><\/strong>).<\/p>\n<p>Il <strong><a href=\"http:\/\/www.camera.it\/leg18\/824?tipo=C&amp;anno=2018&amp;mese=07&amp;giorno=03&amp;view=&amp;commissione=01&amp;pagina=#data.20180703.com01.bollettino.sede00010.tit00010\">3 luglio 2018<\/a><\/strong>\u00a0la Commissione ha adottato\u00a0il <strong><a href=\"http:\/\/www.camera.it\/leg18\/824?tipo=A&amp;anno=2018&amp;mese=07&amp;giorno=03&amp;view=&amp;commissione=01#data.20180703.com01.allegati.all00010\">seguente testo unificato<\/a><\/strong>\u00a0come testo base; nella seduta del\u00a0<a href=\"http:\/\/www.camera.it\/leg18\/824?tipo=C&amp;anno=2018&amp;mese=07&amp;giorno=04&amp;view=&amp;commissione=01&amp;pagina=#data.20180704.com01.bollettino.sede00020\">4 luglio<\/a>, in conseguenza dell&#8217;alto numero di <a href=\"http:\/\/www.camera.it\/leg18\/824?tipo=A&amp;amp;anno=2018&amp;amp;mese=07&amp;amp;giorno=04&amp;amp;view=&amp;amp;commissione=01#data.20180704.com01.allegati.all00010\">proposte emendative presentate<\/a>, la Commissione si \u00e8 riservata la possibilit\u00e0 di disporre di pi\u00f9 tempo per l&#8217;esame di queste ed ha rinviato l&#8217;esame del testo ad altra seduta, con un conseguente breve slittamento della discussione in Assemblea, inizialmente calendarizzata il 9 luglio 2018.\u00a0L\u2019esame in Commissione si \u00e8 poi svolto nelle sedute del <strong><a href=\"http:\/\/www.camera.it\/leg18\/824?tipo=C&amp;anno=2018&amp;mese=07&amp;giorno=10&amp;view=&amp;commissione=01&amp;pagina=#data.20180710.com01.bollettino.sede00010.tit00010\">10 luglio 2018<\/a><\/strong> e <strong><a href=\"http:\/\/www.camera.it\/leg18\/824?tipo=C&amp;anno=2018&amp;mese=07&amp;giorno=11&amp;view=&amp;commissione=01&amp;pagina=#data.20180711.com01.bollettino.sede00010.tit00020\">11 luglio 2018<\/a><\/strong>, con l\u2019approvazione di numerosi emendamenti.\u00a0La discussione in Aula \u00e8 iniziata l\u2019<strong><a href=\"http:\/\/www.camera.it\/leg18\/410?idSeduta=0024&amp;tipo=stenografico#sed0024.stenografico.tit00050\">11 luglio 2018<\/a><\/strong> e si \u00e8 conclusa il <strong><a href=\"http:\/\/www.camera.it\/leg18\/410?idSeduta=0028&amp;tipo=stenografico#sed0028.stenografico.tit00050\">17 luglio 2018<\/a><\/strong> con l\u2019approvazione di alcuni emendamenti.<\/p>\n<p class=\"p1\"><span class=\"s1\">Il testo \u00e8 passato poi all\u2019esame del Senato (<a href=\"http:\/\/www.senato.it\/leg\/18\/BGT\/Schede\/Ddliter\/50249.htm\"><span class=\"s2\"><b>AS 689<\/b><\/span><\/a>), dove sono state presentate proposte di legge in materia (<b>AASS<\/b> <a href=\"http:\/\/www.senato.it\/leg\/18\/BGT\/Schede\/Ddliter\/48607.htm\"><span class=\"s2\"><b>6<\/b><\/span><\/a><\/span><span class=\"s3\">, <a href=\"http:\/\/www.senato.it\/leg\/18\/BGT\/Schede\/Ddliter\/49167.htm\"><span class=\"s2\"><b>173<\/b><\/span><\/a>, <a href=\"http:\/\/www.senato.it\/leg\/18\/BGT\/Schede\/Ddliter\/49465.htm\"><span class=\"s2\"><b>314<\/b><\/span><\/a>, <a href=\"http:\/\/www.senato.it\/leg\/18\/BGT\/Schede\/Ddliter\/49879.htm\"><span class=\"s2\"><b>503<\/b><\/span><\/a>). La Commissione Affari costituzionali ha iniziato la discussione il <a href=\"http:\/\/www.senato.it\/japp\/bgt\/showdoc\/18\/SommComm\/0\/1069703\/index.html?part=doc_dc-sedetit_isr\"><span class=\"s2\"><b>25 luglio 2018<\/b><\/span><\/a> e il <a href=\"http:\/\/www.senato.it\/japp\/bgt\/showdoc\/18\/SommComm\/0\/1069854\/index.html?part=doc_dc-sedetit_isr:1\"><span class=\"s2\"><b>26 luglio 2018<\/b><\/span><\/a>, senza apportare modifiche al testo della Camera, in previsione dell\u2019esame in Aula, che ha approvato definitivamente la legge il <a href=\"http:\/\/www.senato.it\/japp\/bgt\/showdoc\/frame.jsp?tipodoc=Resaula&amp;leg=18&amp;id=1070217\">31 luglio 2018<\/a>.<\/span><\/p>\n<p><em>Per approfondimenti sul testo originario delle proposte di legge originarie vedi il <strong><a href=\"http:\/\/documenti.camera.it\/leg18\/dossier\/pdf\/AC0120.pdf\">dossier<\/a><\/strong> del Servizio Studi della Camera, che ha realizzato un secondo <strong><a href=\"http:\/\/documenti.camera.it\/leg18\/dossier\/pdf\/AC0120a.pdf\">dossier<\/a><\/strong> sul testo della Commissione, sul quale vedi anche le <strong><a href=\"https:\/\/welaikaadv.site\/avviso\/istituzione-della-commissione-antimafia-la-legge-in-fase-di-approvazione-rafforzi-il-ruolo-e-i-poteri-conferiti-allorgano-parlamentare-e-consideri-le-indicazioni-emerse-nella-passata-legislatura\/\">osservazioni di Avviso Pubblico<\/a><\/strong>.\u00a0Sul testo approvato dalla Camera vedi il <strong><a href=\"http:\/\/www.senato.it\/japp\/bgt\/showdoc\/18\/DOSSIER\/0\/1069582\/index.html\">dossier<\/a> <\/strong>del Servizio studi del Senato<\/em>.<\/p>\n<p>&nbsp;<\/p>\n<p style=\"text-align: right;\"><em>(Ultimo aggiornamento: 21 agosto 2018)<\/em><\/p>\n","protected":false},"excerpt":{"rendered":"<p>Premessa. La legge 7 agosto 2018, n. 99 istituisce anche nella XVIII legislatura la Commissione parlamentare di inchiesta sul fenomeno delle mafie e sulle altre&nbsp;<span class=\"hellipsis\">[&hellip;]<\/span><a class=\"more-link\" href=\"https:\/\/welaikaadv.site\/avviso\/home\/cosa-facciamo\/informare\/osservatorio-parlamentare\/attivita-legislativa\/leggi-approvate\/commissione-antimafia-le-proposte-di-legge-in-discussione\/\">Leggi tutto <span class=\"screen-reader-text\">Legge n. 99 del 2018: Istituzione della Commissione d&#8217;inchiesta sul fenomeno delle mafie<\/span> <span class=\"meta-nav\" aria-hidden=\"true\">&rarr;<\/span><\/a><\/p>\n","protected":false},"author":1,"featured_media":0,"parent":2575,"menu_order":0,"comment_status":"closed","ping_status":"closed","template":"","meta":{"_acf_changed":false,"_exactmetrics_skip_tracking":false,"_exactmetrics_sitenote_active":false,"_exactmetrics_sitenote_note":"","_exactmetrics_sitenote_category":0,"wp_social_preview_title":"","wp_social_preview_description":"","wp_social_preview_image":0,"footnotes":""},"class_list":["post-26507","page","type-page","status-publish","hentry"],"acf":[],"yoast_head":"<!-- This site is optimized with the Yoast SEO plugin v27.2 - https:\/\/yoast.com\/product\/yoast-seo-wordpress\/ -->\n<title>Legge n. 99 del 2018: Istituzione della Commissione d&#039;inchiesta sul fenomeno delle mafie - Staging Avviso Pubblico<\/title>\n<meta name=\"robots\" content=\"noindex, follow, max-snippet:-1, max-image-preview:large, max-video-preview:-1\" \/>\n<meta property=\"og:locale\" content=\"it_IT\" \/>\n<meta property=\"og:type\" content=\"article\" \/>\n<meta property=\"og:title\" content=\"Legge n. 99 del 2018: Istituzione della Commissione d&#039;inchiesta sul fenomeno delle mafie - Staging Avviso Pubblico\" \/>\n<meta property=\"og:description\" content=\"Premessa. La legge 7 agosto 2018, n. 99 istituisce anche nella XVIII legislatura la Commissione parlamentare di inchiesta sul fenomeno delle mafie e sulle altre&nbsp;[&hellip;]Leggi tutto Legge n. 99 del 2018: Istituzione della Commissione d&#8217;inchiesta sul fenomeno delle mafie &rarr;\" \/>\n<meta property=\"og:url\" content=\"https:\/\/welaikaadv.site\/avviso\/home\/cosa-facciamo\/informare\/osservatorio-parlamentare\/attivita-legislativa\/leggi-approvate\/commissione-antimafia-le-proposte-di-legge-in-discussione\/\" \/>\n<meta property=\"og:site_name\" content=\"Staging Avviso Pubblico\" \/>\n<meta name=\"twitter:card\" content=\"summary_large_image\" \/>\n<meta name=\"twitter:label1\" content=\"Tempo di lettura stimato\" \/>\n\t<meta name=\"twitter:data1\" content=\"4 minuti\" \/>\n<script type=\"application\/ld+json\" class=\"yoast-schema-graph\">{\"@context\":\"https:\/\/schema.org\",\"@graph\":[{\"@type\":\"WebPage\",\"@id\":\"https:\/\/welaikaadv.site\/avviso\/home\/cosa-facciamo\/informare\/osservatorio-parlamentare\/attivita-legislativa\/leggi-approvate\/commissione-antimafia-le-proposte-di-legge-in-discussione\/\",\"url\":\"https:\/\/welaikaadv.site\/avviso\/home\/cosa-facciamo\/informare\/osservatorio-parlamentare\/attivita-legislativa\/leggi-approvate\/commissione-antimafia-le-proposte-di-legge-in-discussione\/\",\"name\":\"Legge n. 99 del 2018: Istituzione della Commissione d'inchiesta sul fenomeno delle mafie - Staging Avviso Pubblico\",\"isPartOf\":{\"@id\":\"https:\/\/welaikaadv.site\/avviso\/#website\"},\"datePublished\":\"2018-08-20T22:30:09+00:00\",\"breadcrumb\":{\"@id\":\"https:\/\/welaikaadv.site\/avviso\/home\/cosa-facciamo\/informare\/osservatorio-parlamentare\/attivita-legislativa\/leggi-approvate\/commissione-antimafia-le-proposte-di-legge-in-discussione\/#breadcrumb\"},\"inLanguage\":\"it-IT\",\"potentialAction\":[{\"@type\":\"ReadAction\",\"target\":[\"https:\/\/welaikaadv.site\/avviso\/home\/cosa-facciamo\/informare\/osservatorio-parlamentare\/attivita-legislativa\/leggi-approvate\/commissione-antimafia-le-proposte-di-legge-in-discussione\/\"]}]},{\"@type\":\"BreadcrumbList\",\"@id\":\"https:\/\/welaikaadv.site\/avviso\/home\/cosa-facciamo\/informare\/osservatorio-parlamentare\/attivita-legislativa\/leggi-approvate\/commissione-antimafia-le-proposte-di-legge-in-discussione\/#breadcrumb\",\"itemListElement\":[{\"@type\":\"ListItem\",\"position\":1,\"name\":\"Home\",\"item\":\"https:\/\/welaikaadv.site\/avviso\/\"},{\"@type\":\"ListItem\",\"position\":2,\"name\":\"Legge n. 99 del 2018: Istituzione della Commissione d&#8217;inchiesta sul fenomeno delle mafie\"}]},{\"@type\":\"WebSite\",\"@id\":\"https:\/\/welaikaadv.site\/avviso\/#website\",\"url\":\"https:\/\/welaikaadv.site\/avviso\/\",\"name\":\"Staging Avviso Pubblico\",\"description\":\"\",\"publisher\":{\"@id\":\"https:\/\/welaikaadv.site\/avviso\/#organization\"},\"potentialAction\":[{\"@type\":\"SearchAction\",\"target\":{\"@type\":\"EntryPoint\",\"urlTemplate\":\"https:\/\/welaikaadv.site\/avviso\/?s={search_term_string}\"},\"query-input\":{\"@type\":\"PropertyValueSpecification\",\"valueRequired\":true,\"valueName\":\"search_term_string\"}}],\"inLanguage\":\"it-IT\"},{\"@type\":\"Organization\",\"@id\":\"https:\/\/welaikaadv.site\/avviso\/#organization\",\"name\":\"Staging Avviso Pubblico\",\"url\":\"https:\/\/welaikaadv.site\/avviso\/\",\"logo\":{\"@type\":\"ImageObject\",\"inLanguage\":\"it-IT\",\"@id\":\"https:\/\/welaikaadv.site\/avviso\/#\/schema\/logo\/image\/\",\"url\":\"https:\/\/welaikaadv.site\/avviso\/wp-content\/uploads\/2024\/08\/logoAPsito-400.png\",\"contentUrl\":\"https:\/\/welaikaadv.site\/avviso\/wp-content\/uploads\/2024\/08\/logoAPsito-400.png\",\"width\":400,\"height\":97,\"caption\":\"Staging Avviso Pubblico\"},\"image\":{\"@id\":\"https:\/\/welaikaadv.site\/avviso\/#\/schema\/logo\/image\/\"}}]}<\/script>\n<!-- \/ Yoast SEO plugin. -->","yoast_head_json":{"title":"Legge n. 99 del 2018: Istituzione della Commissione d'inchiesta sul fenomeno delle mafie - Staging Avviso Pubblico","robots":{"index":"noindex","follow":"follow","max-snippet":"max-snippet:-1","max-image-preview":"max-image-preview:large","max-video-preview":"max-video-preview:-1"},"og_locale":"it_IT","og_type":"article","og_title":"Legge n. 99 del 2018: Istituzione della Commissione d'inchiesta sul fenomeno delle mafie - Staging Avviso Pubblico","og_description":"Premessa. La legge 7 agosto 2018, n. 99 istituisce anche nella XVIII legislatura la Commissione parlamentare di inchiesta sul fenomeno delle mafie e sulle altre&nbsp;[&hellip;]Leggi tutto Legge n. 99 del 2018: Istituzione della Commissione d&#8217;inchiesta sul fenomeno delle mafie &rarr;","og_url":"https:\/\/welaikaadv.site\/avviso\/home\/cosa-facciamo\/informare\/osservatorio-parlamentare\/attivita-legislativa\/leggi-approvate\/commissione-antimafia-le-proposte-di-legge-in-discussione\/","og_site_name":"Staging Avviso Pubblico","twitter_card":"summary_large_image","twitter_misc":{"Tempo di lettura stimato":"4 minuti"},"schema":{"@context":"https:\/\/schema.org","@graph":[{"@type":"WebPage","@id":"https:\/\/welaikaadv.site\/avviso\/home\/cosa-facciamo\/informare\/osservatorio-parlamentare\/attivita-legislativa\/leggi-approvate\/commissione-antimafia-le-proposte-di-legge-in-discussione\/","url":"https:\/\/welaikaadv.site\/avviso\/home\/cosa-facciamo\/informare\/osservatorio-parlamentare\/attivita-legislativa\/leggi-approvate\/commissione-antimafia-le-proposte-di-legge-in-discussione\/","name":"Legge n. 99 del 2018: Istituzione della Commissione d'inchiesta sul fenomeno delle mafie - Staging Avviso Pubblico","isPartOf":{"@id":"https:\/\/welaikaadv.site\/avviso\/#website"},"datePublished":"2018-08-20T22:30:09+00:00","breadcrumb":{"@id":"https:\/\/welaikaadv.site\/avviso\/home\/cosa-facciamo\/informare\/osservatorio-parlamentare\/attivita-legislativa\/leggi-approvate\/commissione-antimafia-le-proposte-di-legge-in-discussione\/#breadcrumb"},"inLanguage":"it-IT","potentialAction":[{"@type":"ReadAction","target":["https:\/\/welaikaadv.site\/avviso\/home\/cosa-facciamo\/informare\/osservatorio-parlamentare\/attivita-legislativa\/leggi-approvate\/commissione-antimafia-le-proposte-di-legge-in-discussione\/"]}]},{"@type":"BreadcrumbList","@id":"https:\/\/welaikaadv.site\/avviso\/home\/cosa-facciamo\/informare\/osservatorio-parlamentare\/attivita-legislativa\/leggi-approvate\/commissione-antimafia-le-proposte-di-legge-in-discussione\/#breadcrumb","itemListElement":[{"@type":"ListItem","position":1,"name":"Home","item":"https:\/\/welaikaadv.site\/avviso\/"},{"@type":"ListItem","position":2,"name":"Legge n. 99 del 2018: Istituzione della Commissione d&#8217;inchiesta sul fenomeno delle mafie"}]},{"@type":"WebSite","@id":"https:\/\/welaikaadv.site\/avviso\/#website","url":"https:\/\/welaikaadv.site\/avviso\/","name":"Staging Avviso Pubblico","description":"","publisher":{"@id":"https:\/\/welaikaadv.site\/avviso\/#organization"},"potentialAction":[{"@type":"SearchAction","target":{"@type":"EntryPoint","urlTemplate":"https:\/\/welaikaadv.site\/avviso\/?s={search_term_string}"},"query-input":{"@type":"PropertyValueSpecification","valueRequired":true,"valueName":"search_term_string"}}],"inLanguage":"it-IT"},{"@type":"Organization","@id":"https:\/\/welaikaadv.site\/avviso\/#organization","name":"Staging Avviso Pubblico","url":"https:\/\/welaikaadv.site\/avviso\/","logo":{"@type":"ImageObject","inLanguage":"it-IT","@id":"https:\/\/welaikaadv.site\/avviso\/#\/schema\/logo\/image\/","url":"https:\/\/welaikaadv.site\/avviso\/wp-content\/uploads\/2024\/08\/logoAPsito-400.png","contentUrl":"https:\/\/welaikaadv.site\/avviso\/wp-content\/uploads\/2024\/08\/logoAPsito-400.png","width":400,"height":97,"caption":"Staging Avviso Pubblico"},"image":{"@id":"https:\/\/welaikaadv.site\/avviso\/#\/schema\/logo\/image\/"}}]}},"_links":{"self":[{"href":"https:\/\/welaikaadv.site\/avviso\/wp-json\/wp\/v2\/pages\/26507","targetHints":{"allow":["GET"]}}],"collection":[{"href":"https:\/\/welaikaadv.site\/avviso\/wp-json\/wp\/v2\/pages"}],"about":[{"href":"https:\/\/welaikaadv.site\/avviso\/wp-json\/wp\/v2\/types\/page"}],"author":[{"embeddable":true,"href":"https:\/\/welaikaadv.site\/avviso\/wp-json\/wp\/v2\/users\/1"}],"replies":[{"embeddable":true,"href":"https:\/\/welaikaadv.site\/avviso\/wp-json\/wp\/v2\/comments?post=26507"}],"version-history":[{"count":0,"href":"https:\/\/welaikaadv.site\/avviso\/wp-json\/wp\/v2\/pages\/26507\/revisions"}],"up":[{"embeddable":true,"href":"https:\/\/welaikaadv.site\/avviso\/wp-json\/wp\/v2\/pages\/2575"}],"wp:attachment":[{"href":"https:\/\/welaikaadv.site\/avviso\/wp-json\/wp\/v2\/media?parent=26507"}],"curies":[{"name":"wp","href":"https:\/\/api.w.org\/{rel}","templated":true}]}}