{"id":26885,"date":"2018-07-23T07:50:17","date_gmt":"2018-07-23T05:50:17","guid":{"rendered":"http:\/\/www.avvisopubblico.it\/home\/?page_id=26885"},"modified":"2018-07-23T07:50:17","modified_gmt":"2018-07-23T05:50:17","slug":"lillegittimo-frazionamento-dellappalto-e-punibile-come-abuso-dufficio","status":"publish","type":"page","link":"https:\/\/welaikaadv.site\/avviso\/home\/cosa-facciamo\/informare\/documenti-tematici\/corruzione-appalti\/lillegittimo-frazionamento-dellappalto-e-punibile-come-abuso-dufficio\/","title":{"rendered":"L\u2019illegittimo frazionamento dell\u2019appalto \u00e8 punibile come abuso d\u2019ufficio"},"content":{"rendered":"<p><strong>Premessa<\/strong>. Risponde del reato di abuso di ufficio il responsabile unico del procedimento che, al fine di procedere all&#8217;affidamento diretto a favore di un\u2019impresa di sua conoscenza, fraziona l&#8217;appalto unitario in pi\u00f9 contratti, violando le norme del codice degli appalti che, per contratti di importo pari o superiore a 40.000 euro, impongono alle stazioni appaltanti di richiedere almeno cinque preventivi. \u00c8 questo il principio affermato dalla <strong>Corte di Cassazione penale<\/strong>, con la <strong><a href=\"http:\/\/www.italgiure.giustizia.it\/xway\/application\/nif\/clean\/hc.dll?verbo=attach&amp;db=snpen&amp;id=.\/20180611\/snpen@s60@a2018@n26610@tS.clean.pdf\">sentenza 11 giugno 2018 n. 26610<\/a><\/strong>.<br \/>\n<strong>Il caso<\/strong>. La vicenda trae origine dalla pronuncia con la quale la Corte d&#8217;Appello di Genova aveva confermato la condanna alla pena di un anno di reclusione per il rato di abuso d&#8217;ufficio, ai sensi dell&#8217;articolo 323 del c.p., a carico di un dirigente tecnico dell&#8217;Autorit\u00e0 portuale di Genova che, per l\u2019appalto oggetto di indagine, rivestiva anche il ruolo di responsabile del procedimento ai sensi dell&#8217;articolo 10 del previgente codice dei contratti pubblici di cui al decreto legislativo 163 del 2006. Il dirigente aveva procurato un ingiusto vantaggio patrimoniale ad un&#8217;impresa di sua conoscenza alla quale, grazie al <strong>frazionamento artificioso di una serie omogenea di lavori<\/strong> necessari per riparare il lucernaio di un ragazzino, erano stati affidati vari contratti attraverso la procedura di <strong>affidamento diretto<\/strong>, omettendo quindi la doverosa richiesta di almeno cinque preventivi prescritta all&#8217;articolo 125 del codice contratti. Nella sentenza di merito, il funzionario era stato ritenuto responsabile del<strong> reato di abuso di ufficio<\/strong> in quanto, al fine di procurare un indebito vantaggio patrimoniale all&#8217;impresa appaltatrice, aveva <strong>artificiosamente frazionato l\u2019appalto in accordo con l&#8217;amministratore della medesima societ\u00e0<\/strong>, il quale, a sua volta, aveva inviato alla stazione appaltante alcuni preventivi all\u2019interno dei quali l\u2019appalto, sostanzialmente unitario, era stato suddiviso in cinque distinti interventi, tre dei quali di importo pari ad euro 40.000 e due di importo inferiore: in tal modo la PA aveva proceduto all\u2019affidamento diretto dei vari contratti, senza attivare la consultazione di altre quattro imprese, come invece espressamente previsto dalle regole in tema di contratti pubblici.<br \/>\n<strong>La decisione<\/strong>. Con la pronuncia in rassegna, la Corte di Cassazione ha ritenuto che la valutazione compiuta dai giudici di merito circa la configurabilit\u00e0 del reato di abuso d&#8217;ufficio sia stata delineata correttamente per quanto concerne la riconducibilit\u00e0 del fatto alla fattispecie incriminatrice penale dell\u2019abuso d\u2019ufficio.<br \/>\nI giudici di appello, infatti, avevano individuato l&#8217;ingiusto vantaggio patrimoniale, che costituisce la diretta conseguenza della condotta abusiva, nell&#8217;aver procurato alla societ\u00e0 appaltatrice una commessa alla quale l&#8217;impresa non aveva alcun diritto: nella sentenza di merito era stato cos\u00ec puntualmente ricostruito il <strong>rapporto di conoscenza dell&#8217;imputato con l&#8217;amministratore della societ\u00e0<\/strong> che aveva eseguito nel medesimo capannone i vari lavori di ampliamento.<br \/>\nTali lavori, peraltro erano stati seguiti e commissionati personalmente dall&#8217;imputato nella qualit\u00e0 di responsabile del procedimento in base ad un apposito sopralluogo al quale aveva fatto seguito la presentazione, da parte della societ\u00e0 edile, dei preventivi \u201critoccati\u201d con l\u2019indicazione dell\u2019importo artificiosamente frazionato e ridotto fino a 40.000 euro.<br \/>\nA fronte di tali fatti erano stati cos\u00ec disposti ordinativi di lavori che, pur riguardando un intervento sostanzialmente e funzionalmente unitario, risultavano esser stati affidati, senza alcun apparente ragione e senza alcuna ragionevole giustificazione, in <strong>contrasto con le previsioni contenute all\u2019articolo 125 del previgente codice degli appalti<\/strong>. Si trattava, in definitiva, di contratti affidati come singoli interventi di importo inferiore a 40.000 euro laddove, in realt\u00e0, era stato operato un <strong>frazionamento artificioso di un appalto unico ed unitario<\/strong>, allo <strong>scopo di sottoporre tali commesse alla disciplina delle acquisizioni dirette e senza gara<\/strong>.<br \/>\nDa tale macroscopica illegittimit\u00e0 emerge, secondo la Cassazione, anche l&#8217;<strong>elemento soggettivo del dolo intenzionale<\/strong>, inteso come rappresentazione dell&#8217;evento quale conseguenza diretta ed immediata della condotta del reo e quale motivo primario da questi perseguito, volto, inequivocabilmente, a procurare un vantaggio patrimoniale alla societ\u00e0 assegnatario dei lavori. In tale contesto, peraltro, la colpevolezza prescinde \u2013 conclude la Cassazione \u2013 dall&#8217;accertamento dell&#8217;accordo collusivo tra il funzionario e l\u2019impresa favorita, poich\u00e9 ai fini del perfezionamento del reato di abuso d&#8217;ufficio assume rilievo soltanto il verificarsi, reale o potenziale, di un fatto ingiusto di carattere patrimoniale che il soggetto attivo procura, con i suoi atti, a se stesso oppure ad altri.<\/p>\n<p>(<em>a cura della dott.ssa Ilenia Filippetti, Responsabile Sezione Provveditorato della Regione Umbria, Presidente di Forum Appalti<\/em>)<\/p>\n","protected":false},"excerpt":{"rendered":"<p>Premessa. Risponde del reato di abuso di ufficio il responsabile unico del procedimento che, al fine di procedere all&#8217;affidamento diretto a favore di un\u2019impresa di&nbsp;<span class=\"hellipsis\">[&hellip;]<\/span><a class=\"more-link\" href=\"https:\/\/welaikaadv.site\/avviso\/home\/cosa-facciamo\/informare\/documenti-tematici\/corruzione-appalti\/lillegittimo-frazionamento-dellappalto-e-punibile-come-abuso-dufficio\/\">Leggi tutto <span class=\"screen-reader-text\">L\u2019illegittimo frazionamento dell\u2019appalto \u00e8 punibile come abuso d\u2019ufficio<\/span> <span class=\"meta-nav\" aria-hidden=\"true\">&rarr;<\/span><\/a><\/p>\n","protected":false},"author":1,"featured_media":0,"parent":198,"menu_order":0,"comment_status":"closed","ping_status":"closed","template":"","meta":{"_acf_changed":false,"_exactmetrics_skip_tracking":false,"_exactmetrics_sitenote_active":false,"_exactmetrics_sitenote_note":"","_exactmetrics_sitenote_category":0,"wp_social_preview_title":"","wp_social_preview_description":"","wp_social_preview_image":0,"footnotes":""},"class_list":["post-26885","page","type-page","status-publish","hentry"],"acf":[],"yoast_head":"<!-- This site is optimized with the Yoast SEO plugin v27.2 - https:\/\/yoast.com\/product\/yoast-seo-wordpress\/ -->\n<title>L\u2019illegittimo frazionamento dell\u2019appalto \u00e8 punibile come abuso d\u2019ufficio - Staging Avviso Pubblico<\/title>\n<meta name=\"robots\" content=\"noindex, follow, max-snippet:-1, max-image-preview:large, max-video-preview:-1\" \/>\n<meta property=\"og:locale\" content=\"it_IT\" \/>\n<meta property=\"og:type\" content=\"article\" \/>\n<meta property=\"og:title\" content=\"L\u2019illegittimo frazionamento dell\u2019appalto \u00e8 punibile come abuso d\u2019ufficio - Staging Avviso Pubblico\" \/>\n<meta property=\"og:description\" content=\"Premessa. Risponde del reato di abuso di ufficio il responsabile unico del procedimento che, al fine di procedere all&#8217;affidamento diretto a favore di un\u2019impresa di&nbsp;[&hellip;]Leggi tutto L\u2019illegittimo frazionamento dell\u2019appalto \u00e8 punibile come abuso d\u2019ufficio &rarr;\" \/>\n<meta property=\"og:url\" content=\"https:\/\/welaikaadv.site\/avviso\/home\/cosa-facciamo\/informare\/documenti-tematici\/corruzione-appalti\/lillegittimo-frazionamento-dellappalto-e-punibile-come-abuso-dufficio\/\" \/>\n<meta property=\"og:site_name\" content=\"Staging Avviso Pubblico\" \/>\n<meta name=\"twitter:card\" content=\"summary_large_image\" \/>\n<meta name=\"twitter:label1\" content=\"Tempo di lettura stimato\" \/>\n\t<meta name=\"twitter:data1\" content=\"3 minuti\" \/>\n<script type=\"application\/ld+json\" class=\"yoast-schema-graph\">{\"@context\":\"https:\/\/schema.org\",\"@graph\":[{\"@type\":\"WebPage\",\"@id\":\"https:\/\/welaikaadv.site\/avviso\/home\/cosa-facciamo\/informare\/documenti-tematici\/corruzione-appalti\/lillegittimo-frazionamento-dellappalto-e-punibile-come-abuso-dufficio\/\",\"url\":\"https:\/\/welaikaadv.site\/avviso\/home\/cosa-facciamo\/informare\/documenti-tematici\/corruzione-appalti\/lillegittimo-frazionamento-dellappalto-e-punibile-come-abuso-dufficio\/\",\"name\":\"L\u2019illegittimo frazionamento dell\u2019appalto \u00e8 punibile come abuso d\u2019ufficio - Staging Avviso Pubblico\",\"isPartOf\":{\"@id\":\"https:\/\/welaikaadv.site\/avviso\/#website\"},\"datePublished\":\"2018-07-23T05:50:17+00:00\",\"breadcrumb\":{\"@id\":\"https:\/\/welaikaadv.site\/avviso\/home\/cosa-facciamo\/informare\/documenti-tematici\/corruzione-appalti\/lillegittimo-frazionamento-dellappalto-e-punibile-come-abuso-dufficio\/#breadcrumb\"},\"inLanguage\":\"it-IT\",\"potentialAction\":[{\"@type\":\"ReadAction\",\"target\":[\"https:\/\/welaikaadv.site\/avviso\/home\/cosa-facciamo\/informare\/documenti-tematici\/corruzione-appalti\/lillegittimo-frazionamento-dellappalto-e-punibile-come-abuso-dufficio\/\"]}]},{\"@type\":\"BreadcrumbList\",\"@id\":\"https:\/\/welaikaadv.site\/avviso\/home\/cosa-facciamo\/informare\/documenti-tematici\/corruzione-appalti\/lillegittimo-frazionamento-dellappalto-e-punibile-come-abuso-dufficio\/#breadcrumb\",\"itemListElement\":[{\"@type\":\"ListItem\",\"position\":1,\"name\":\"Home\",\"item\":\"https:\/\/welaikaadv.site\/avviso\/\"},{\"@type\":\"ListItem\",\"position\":2,\"name\":\"L\u2019illegittimo frazionamento dell\u2019appalto \u00e8 punibile come abuso d\u2019ufficio\"}]},{\"@type\":\"WebSite\",\"@id\":\"https:\/\/welaikaadv.site\/avviso\/#website\",\"url\":\"https:\/\/welaikaadv.site\/avviso\/\",\"name\":\"Staging Avviso Pubblico\",\"description\":\"\",\"publisher\":{\"@id\":\"https:\/\/welaikaadv.site\/avviso\/#organization\"},\"potentialAction\":[{\"@type\":\"SearchAction\",\"target\":{\"@type\":\"EntryPoint\",\"urlTemplate\":\"https:\/\/welaikaadv.site\/avviso\/?s={search_term_string}\"},\"query-input\":{\"@type\":\"PropertyValueSpecification\",\"valueRequired\":true,\"valueName\":\"search_term_string\"}}],\"inLanguage\":\"it-IT\"},{\"@type\":\"Organization\",\"@id\":\"https:\/\/welaikaadv.site\/avviso\/#organization\",\"name\":\"Staging Avviso Pubblico\",\"url\":\"https:\/\/welaikaadv.site\/avviso\/\",\"logo\":{\"@type\":\"ImageObject\",\"inLanguage\":\"it-IT\",\"@id\":\"https:\/\/welaikaadv.site\/avviso\/#\/schema\/logo\/image\/\",\"url\":\"https:\/\/welaikaadv.site\/avviso\/wp-content\/uploads\/2024\/08\/logoAPsito-400.png\",\"contentUrl\":\"https:\/\/welaikaadv.site\/avviso\/wp-content\/uploads\/2024\/08\/logoAPsito-400.png\",\"width\":400,\"height\":97,\"caption\":\"Staging Avviso Pubblico\"},\"image\":{\"@id\":\"https:\/\/welaikaadv.site\/avviso\/#\/schema\/logo\/image\/\"}}]}<\/script>\n<!-- \/ Yoast SEO plugin. -->","yoast_head_json":{"title":"L\u2019illegittimo frazionamento dell\u2019appalto \u00e8 punibile come abuso d\u2019ufficio - Staging Avviso Pubblico","robots":{"index":"noindex","follow":"follow","max-snippet":"max-snippet:-1","max-image-preview":"max-image-preview:large","max-video-preview":"max-video-preview:-1"},"og_locale":"it_IT","og_type":"article","og_title":"L\u2019illegittimo frazionamento dell\u2019appalto \u00e8 punibile come abuso d\u2019ufficio - Staging Avviso Pubblico","og_description":"Premessa. Risponde del reato di abuso di ufficio il responsabile unico del procedimento che, al fine di procedere all&#8217;affidamento diretto a favore di un\u2019impresa di&nbsp;[&hellip;]Leggi tutto L\u2019illegittimo frazionamento dell\u2019appalto \u00e8 punibile come abuso d\u2019ufficio &rarr;","og_url":"https:\/\/welaikaadv.site\/avviso\/home\/cosa-facciamo\/informare\/documenti-tematici\/corruzione-appalti\/lillegittimo-frazionamento-dellappalto-e-punibile-come-abuso-dufficio\/","og_site_name":"Staging Avviso Pubblico","twitter_card":"summary_large_image","twitter_misc":{"Tempo di lettura stimato":"3 minuti"},"schema":{"@context":"https:\/\/schema.org","@graph":[{"@type":"WebPage","@id":"https:\/\/welaikaadv.site\/avviso\/home\/cosa-facciamo\/informare\/documenti-tematici\/corruzione-appalti\/lillegittimo-frazionamento-dellappalto-e-punibile-come-abuso-dufficio\/","url":"https:\/\/welaikaadv.site\/avviso\/home\/cosa-facciamo\/informare\/documenti-tematici\/corruzione-appalti\/lillegittimo-frazionamento-dellappalto-e-punibile-come-abuso-dufficio\/","name":"L\u2019illegittimo frazionamento dell\u2019appalto \u00e8 punibile come abuso d\u2019ufficio - Staging Avviso Pubblico","isPartOf":{"@id":"https:\/\/welaikaadv.site\/avviso\/#website"},"datePublished":"2018-07-23T05:50:17+00:00","breadcrumb":{"@id":"https:\/\/welaikaadv.site\/avviso\/home\/cosa-facciamo\/informare\/documenti-tematici\/corruzione-appalti\/lillegittimo-frazionamento-dellappalto-e-punibile-come-abuso-dufficio\/#breadcrumb"},"inLanguage":"it-IT","potentialAction":[{"@type":"ReadAction","target":["https:\/\/welaikaadv.site\/avviso\/home\/cosa-facciamo\/informare\/documenti-tematici\/corruzione-appalti\/lillegittimo-frazionamento-dellappalto-e-punibile-come-abuso-dufficio\/"]}]},{"@type":"BreadcrumbList","@id":"https:\/\/welaikaadv.site\/avviso\/home\/cosa-facciamo\/informare\/documenti-tematici\/corruzione-appalti\/lillegittimo-frazionamento-dellappalto-e-punibile-come-abuso-dufficio\/#breadcrumb","itemListElement":[{"@type":"ListItem","position":1,"name":"Home","item":"https:\/\/welaikaadv.site\/avviso\/"},{"@type":"ListItem","position":2,"name":"L\u2019illegittimo frazionamento dell\u2019appalto \u00e8 punibile come abuso d\u2019ufficio"}]},{"@type":"WebSite","@id":"https:\/\/welaikaadv.site\/avviso\/#website","url":"https:\/\/welaikaadv.site\/avviso\/","name":"Staging Avviso Pubblico","description":"","publisher":{"@id":"https:\/\/welaikaadv.site\/avviso\/#organization"},"potentialAction":[{"@type":"SearchAction","target":{"@type":"EntryPoint","urlTemplate":"https:\/\/welaikaadv.site\/avviso\/?s={search_term_string}"},"query-input":{"@type":"PropertyValueSpecification","valueRequired":true,"valueName":"search_term_string"}}],"inLanguage":"it-IT"},{"@type":"Organization","@id":"https:\/\/welaikaadv.site\/avviso\/#organization","name":"Staging Avviso Pubblico","url":"https:\/\/welaikaadv.site\/avviso\/","logo":{"@type":"ImageObject","inLanguage":"it-IT","@id":"https:\/\/welaikaadv.site\/avviso\/#\/schema\/logo\/image\/","url":"https:\/\/welaikaadv.site\/avviso\/wp-content\/uploads\/2024\/08\/logoAPsito-400.png","contentUrl":"https:\/\/welaikaadv.site\/avviso\/wp-content\/uploads\/2024\/08\/logoAPsito-400.png","width":400,"height":97,"caption":"Staging Avviso Pubblico"},"image":{"@id":"https:\/\/welaikaadv.site\/avviso\/#\/schema\/logo\/image\/"}}]}},"_links":{"self":[{"href":"https:\/\/welaikaadv.site\/avviso\/wp-json\/wp\/v2\/pages\/26885","targetHints":{"allow":["GET"]}}],"collection":[{"href":"https:\/\/welaikaadv.site\/avviso\/wp-json\/wp\/v2\/pages"}],"about":[{"href":"https:\/\/welaikaadv.site\/avviso\/wp-json\/wp\/v2\/types\/page"}],"author":[{"embeddable":true,"href":"https:\/\/welaikaadv.site\/avviso\/wp-json\/wp\/v2\/users\/1"}],"replies":[{"embeddable":true,"href":"https:\/\/welaikaadv.site\/avviso\/wp-json\/wp\/v2\/comments?post=26885"}],"version-history":[{"count":0,"href":"https:\/\/welaikaadv.site\/avviso\/wp-json\/wp\/v2\/pages\/26885\/revisions"}],"up":[{"embeddable":true,"href":"https:\/\/welaikaadv.site\/avviso\/wp-json\/wp\/v2\/pages\/198"}],"wp:attachment":[{"href":"https:\/\/welaikaadv.site\/avviso\/wp-json\/wp\/v2\/media?parent=26885"}],"curies":[{"name":"wp","href":"https:\/\/api.w.org\/{rel}","templated":true}]}}