{"id":27277,"date":"2018-08-07T20:32:29","date_gmt":"2018-08-07T18:32:29","guid":{"rendered":"http:\/\/www.avvisopubblico.it\/home\/?page_id=27277"},"modified":"2018-08-07T20:32:29","modified_gmt":"2018-08-07T18:32:29","slug":"sale-scommesse-necessaria-espressa-previsione-nella-legge-regionale-per-legittimare-intervento-del-comune","status":"publish","type":"page","link":"https:\/\/welaikaadv.site\/avviso\/sale-scommesse-necessaria-espressa-previsione-nella-legge-regionale-per-legittimare-intervento-del-comune\/","title":{"rendered":"Sale scommesse: necessaria espressa previsione nella legge regionale per legittimare intervento del comune"},"content":{"rendered":"<p><strong>Premessa<\/strong>. Il comune di Chiavari ha disposto la chiusura di una <strong>sala scommesse<\/strong> in quanto ubicata a meno di 300 metri dal \u201ccimitero cittadino e dallo stadio\u201d (classificati nella disciplina comunale tra i \u201cluoghi sensibili\u201d) ma il Tar di Genova ha accolto il ricorso e annullato il provvedimento dell\u2019Amministrazione comunale.<br \/>\n<strong>Le motivazioni del giudice amministrativo<\/strong>. Il Tar ligure (sentenza n. 646\/2018) ripercorre la giurisprudenza della Corte costituzionale e dei giudici amministrativi sulla piena legittimit\u00e0 dei provvedimenti adottati da regioni ed enti locali per il contrasto dei disturbi da gioco d\u2019azzardo; risulta utilizzabile anche lo strumento del piano regolatore (come accaduto per il comune di Chiavari) per finalit\u00e0 di tutela della salute soprattutto dei soggetti pi\u00f9 deboli; precisa altres\u00ec che \u00e8 legittima la previsione della chiusura dell\u2019esercizio che non rispetta le distanze minime in luogo della semplice sanzione pecuniaria, cos\u00ec come \u00e8 consentita dalla normativa regionale l\u2019estensione dei luoghi sensibili. .<br \/>\nNel caso in esame, peraltro, Il ricorso dell\u2019esercente \u00e8 stato accolto in quanto la legge regionale Liguria 30 aprile 2012 n. 17 applica la disciplina della distanza minima dai luoghi sensibili solo alle \u201csale da gioco\u201d, ma non alle sale scommesse dove non risultano installate slot machine e videolottery; emerge pertanto \u201cla carenza del potere sindacale a disporre la chiusura di una sala scommesse\u201d.<br \/>\nUn commento. La decisione del Tar Genova si inserisce in una consolidata giurisprudenza volta a consentire l\u2019applicazione alle sale scommesse della disciplina su collocazione ed orari degli esercizi dove si pratica il gioco d\u2019azzardo solo in presenza di una espressa equiparazione disposta a livello regionale: in tal senso vedi le disposizioni contenute nelle leggi regionali di Toscana, Emilia Romagna, Puglia, Piemonte e Calabria (<em>per ulteriori approfondimenti vedi <strong>questa scheda<\/strong>, ed in particolare il paragrafo 5<\/em>).<\/p>\n<p>(<em>a cura di Sara Capitanio, vincitrice della borsa di studio di Avviso Pubblico sul gioco d\u2019azzardo<\/em>)<\/p>\n","protected":false},"excerpt":{"rendered":"<p>Premessa. Il comune di Chiavari ha disposto la chiusura di una sala scommesse in quanto ubicata a meno di 300 metri dal \u201ccimitero cittadino e&nbsp;<span class=\"hellipsis\">[&hellip;]<\/span><a class=\"more-link\" href=\"https:\/\/welaikaadv.site\/avviso\/sale-scommesse-necessaria-espressa-previsione-nella-legge-regionale-per-legittimare-intervento-del-comune\/\">Leggi tutto <span class=\"screen-reader-text\">Sale scommesse: necessaria espressa previsione nella legge regionale per legittimare intervento del comune<\/span> <span class=\"meta-nav\" aria-hidden=\"true\">&rarr;<\/span><\/a><\/p>\n","protected":false},"author":1,"featured_media":0,"parent":0,"menu_order":0,"comment_status":"closed","ping_status":"closed","template":"","meta":{"_acf_changed":false,"_exactmetrics_skip_tracking":false,"_exactmetrics_sitenote_active":false,"_exactmetrics_sitenote_note":"","_exactmetrics_sitenote_category":0,"wp_social_preview_title":"","wp_social_preview_description":"","wp_social_preview_image":0,"footnotes":""},"class_list":["post-27277","page","type-page","status-publish","hentry"],"acf":[],"yoast_head":"<!-- This site is optimized with the Yoast SEO plugin v27.2 - https:\/\/yoast.com\/product\/yoast-seo-wordpress\/ -->\n<title>Sale scommesse: necessaria espressa previsione nella legge regionale per legittimare intervento del comune - Staging Avviso Pubblico<\/title>\n<meta name=\"robots\" content=\"noindex, follow, max-snippet:-1, max-image-preview:large, max-video-preview:-1\" \/>\n<meta property=\"og:locale\" content=\"it_IT\" \/>\n<meta property=\"og:type\" content=\"article\" \/>\n<meta property=\"og:title\" content=\"Sale scommesse: necessaria espressa previsione nella legge regionale per legittimare intervento del comune - Staging Avviso Pubblico\" \/>\n<meta property=\"og:description\" content=\"Premessa. Il comune di Chiavari ha disposto la chiusura di una sala scommesse in quanto ubicata a meno di 300 metri dal \u201ccimitero cittadino e&nbsp;[&hellip;]Leggi tutto Sale scommesse: necessaria espressa previsione nella legge regionale per legittimare intervento del comune &rarr;\" \/>\n<meta property=\"og:url\" content=\"https:\/\/welaikaadv.site\/avviso\/sale-scommesse-necessaria-espressa-previsione-nella-legge-regionale-per-legittimare-intervento-del-comune\/\" \/>\n<meta property=\"og:site_name\" content=\"Staging Avviso Pubblico\" \/>\n<meta name=\"twitter:card\" content=\"summary_large_image\" \/>\n<meta name=\"twitter:label1\" content=\"Tempo di lettura stimato\" \/>\n\t<meta name=\"twitter:data1\" content=\"2 minuti\" \/>\n<script type=\"application\/ld+json\" class=\"yoast-schema-graph\">{\"@context\":\"https:\/\/schema.org\",\"@graph\":[{\"@type\":\"WebPage\",\"@id\":\"https:\/\/welaikaadv.site\/avviso\/sale-scommesse-necessaria-espressa-previsione-nella-legge-regionale-per-legittimare-intervento-del-comune\/\",\"url\":\"https:\/\/welaikaadv.site\/avviso\/sale-scommesse-necessaria-espressa-previsione-nella-legge-regionale-per-legittimare-intervento-del-comune\/\",\"name\":\"Sale scommesse: necessaria espressa previsione nella legge regionale per legittimare intervento del comune - Staging Avviso Pubblico\",\"isPartOf\":{\"@id\":\"https:\/\/welaikaadv.site\/avviso\/#website\"},\"datePublished\":\"2018-08-07T18:32:29+00:00\",\"breadcrumb\":{\"@id\":\"https:\/\/welaikaadv.site\/avviso\/sale-scommesse-necessaria-espressa-previsione-nella-legge-regionale-per-legittimare-intervento-del-comune\/#breadcrumb\"},\"inLanguage\":\"it-IT\",\"potentialAction\":[{\"@type\":\"ReadAction\",\"target\":[\"https:\/\/welaikaadv.site\/avviso\/sale-scommesse-necessaria-espressa-previsione-nella-legge-regionale-per-legittimare-intervento-del-comune\/\"]}]},{\"@type\":\"BreadcrumbList\",\"@id\":\"https:\/\/welaikaadv.site\/avviso\/sale-scommesse-necessaria-espressa-previsione-nella-legge-regionale-per-legittimare-intervento-del-comune\/#breadcrumb\",\"itemListElement\":[{\"@type\":\"ListItem\",\"position\":1,\"name\":\"Home\",\"item\":\"https:\/\/welaikaadv.site\/avviso\/\"},{\"@type\":\"ListItem\",\"position\":2,\"name\":\"Sale scommesse: necessaria espressa previsione nella legge regionale per legittimare intervento del comune\"}]},{\"@type\":\"WebSite\",\"@id\":\"https:\/\/welaikaadv.site\/avviso\/#website\",\"url\":\"https:\/\/welaikaadv.site\/avviso\/\",\"name\":\"Staging Avviso Pubblico\",\"description\":\"\",\"publisher\":{\"@id\":\"https:\/\/welaikaadv.site\/avviso\/#organization\"},\"potentialAction\":[{\"@type\":\"SearchAction\",\"target\":{\"@type\":\"EntryPoint\",\"urlTemplate\":\"https:\/\/welaikaadv.site\/avviso\/?s={search_term_string}\"},\"query-input\":{\"@type\":\"PropertyValueSpecification\",\"valueRequired\":true,\"valueName\":\"search_term_string\"}}],\"inLanguage\":\"it-IT\"},{\"@type\":\"Organization\",\"@id\":\"https:\/\/welaikaadv.site\/avviso\/#organization\",\"name\":\"Staging Avviso Pubblico\",\"url\":\"https:\/\/welaikaadv.site\/avviso\/\",\"logo\":{\"@type\":\"ImageObject\",\"inLanguage\":\"it-IT\",\"@id\":\"https:\/\/welaikaadv.site\/avviso\/#\/schema\/logo\/image\/\",\"url\":\"https:\/\/welaikaadv.site\/avviso\/wp-content\/uploads\/2024\/08\/logoAPsito-400.png\",\"contentUrl\":\"https:\/\/welaikaadv.site\/avviso\/wp-content\/uploads\/2024\/08\/logoAPsito-400.png\",\"width\":400,\"height\":97,\"caption\":\"Staging Avviso Pubblico\"},\"image\":{\"@id\":\"https:\/\/welaikaadv.site\/avviso\/#\/schema\/logo\/image\/\"}}]}<\/script>\n<!-- \/ Yoast SEO plugin. -->","yoast_head_json":{"title":"Sale scommesse: necessaria espressa previsione nella legge regionale per legittimare intervento del comune - Staging Avviso Pubblico","robots":{"index":"noindex","follow":"follow","max-snippet":"max-snippet:-1","max-image-preview":"max-image-preview:large","max-video-preview":"max-video-preview:-1"},"og_locale":"it_IT","og_type":"article","og_title":"Sale scommesse: necessaria espressa previsione nella legge regionale per legittimare intervento del comune - Staging Avviso Pubblico","og_description":"Premessa. Il comune di Chiavari ha disposto la chiusura di una sala scommesse in quanto ubicata a meno di 300 metri dal \u201ccimitero cittadino e&nbsp;[&hellip;]Leggi tutto Sale scommesse: necessaria espressa previsione nella legge regionale per legittimare intervento del comune &rarr;","og_url":"https:\/\/welaikaadv.site\/avviso\/sale-scommesse-necessaria-espressa-previsione-nella-legge-regionale-per-legittimare-intervento-del-comune\/","og_site_name":"Staging Avviso Pubblico","twitter_card":"summary_large_image","twitter_misc":{"Tempo di lettura stimato":"2 minuti"},"schema":{"@context":"https:\/\/schema.org","@graph":[{"@type":"WebPage","@id":"https:\/\/welaikaadv.site\/avviso\/sale-scommesse-necessaria-espressa-previsione-nella-legge-regionale-per-legittimare-intervento-del-comune\/","url":"https:\/\/welaikaadv.site\/avviso\/sale-scommesse-necessaria-espressa-previsione-nella-legge-regionale-per-legittimare-intervento-del-comune\/","name":"Sale scommesse: necessaria espressa previsione nella legge regionale per legittimare intervento del comune - Staging Avviso Pubblico","isPartOf":{"@id":"https:\/\/welaikaadv.site\/avviso\/#website"},"datePublished":"2018-08-07T18:32:29+00:00","breadcrumb":{"@id":"https:\/\/welaikaadv.site\/avviso\/sale-scommesse-necessaria-espressa-previsione-nella-legge-regionale-per-legittimare-intervento-del-comune\/#breadcrumb"},"inLanguage":"it-IT","potentialAction":[{"@type":"ReadAction","target":["https:\/\/welaikaadv.site\/avviso\/sale-scommesse-necessaria-espressa-previsione-nella-legge-regionale-per-legittimare-intervento-del-comune\/"]}]},{"@type":"BreadcrumbList","@id":"https:\/\/welaikaadv.site\/avviso\/sale-scommesse-necessaria-espressa-previsione-nella-legge-regionale-per-legittimare-intervento-del-comune\/#breadcrumb","itemListElement":[{"@type":"ListItem","position":1,"name":"Home","item":"https:\/\/welaikaadv.site\/avviso\/"},{"@type":"ListItem","position":2,"name":"Sale scommesse: necessaria espressa previsione nella legge regionale per legittimare intervento del comune"}]},{"@type":"WebSite","@id":"https:\/\/welaikaadv.site\/avviso\/#website","url":"https:\/\/welaikaadv.site\/avviso\/","name":"Staging Avviso Pubblico","description":"","publisher":{"@id":"https:\/\/welaikaadv.site\/avviso\/#organization"},"potentialAction":[{"@type":"SearchAction","target":{"@type":"EntryPoint","urlTemplate":"https:\/\/welaikaadv.site\/avviso\/?s={search_term_string}"},"query-input":{"@type":"PropertyValueSpecification","valueRequired":true,"valueName":"search_term_string"}}],"inLanguage":"it-IT"},{"@type":"Organization","@id":"https:\/\/welaikaadv.site\/avviso\/#organization","name":"Staging Avviso Pubblico","url":"https:\/\/welaikaadv.site\/avviso\/","logo":{"@type":"ImageObject","inLanguage":"it-IT","@id":"https:\/\/welaikaadv.site\/avviso\/#\/schema\/logo\/image\/","url":"https:\/\/welaikaadv.site\/avviso\/wp-content\/uploads\/2024\/08\/logoAPsito-400.png","contentUrl":"https:\/\/welaikaadv.site\/avviso\/wp-content\/uploads\/2024\/08\/logoAPsito-400.png","width":400,"height":97,"caption":"Staging Avviso Pubblico"},"image":{"@id":"https:\/\/welaikaadv.site\/avviso\/#\/schema\/logo\/image\/"}}]}},"_links":{"self":[{"href":"https:\/\/welaikaadv.site\/avviso\/wp-json\/wp\/v2\/pages\/27277","targetHints":{"allow":["GET"]}}],"collection":[{"href":"https:\/\/welaikaadv.site\/avviso\/wp-json\/wp\/v2\/pages"}],"about":[{"href":"https:\/\/welaikaadv.site\/avviso\/wp-json\/wp\/v2\/types\/page"}],"author":[{"embeddable":true,"href":"https:\/\/welaikaadv.site\/avviso\/wp-json\/wp\/v2\/users\/1"}],"replies":[{"embeddable":true,"href":"https:\/\/welaikaadv.site\/avviso\/wp-json\/wp\/v2\/comments?post=27277"}],"version-history":[{"count":0,"href":"https:\/\/welaikaadv.site\/avviso\/wp-json\/wp\/v2\/pages\/27277\/revisions"}],"wp:attachment":[{"href":"https:\/\/welaikaadv.site\/avviso\/wp-json\/wp\/v2\/media?parent=27277"}],"curies":[{"name":"wp","href":"https:\/\/api.w.org\/{rel}","templated":true}]}}