{"id":27409,"date":"2017-08-18T22:45:51","date_gmt":"2017-08-18T20:45:51","guid":{"rendered":"http:\/\/www.avvisopubblico.it\/home\/?page_id=27409"},"modified":"2017-08-18T22:45:51","modified_gmt":"2017-08-18T20:45:51","slug":"legge-della-regione-sicilia-n-22-del-2014-sui-testimoni-di-giustizia","status":"publish","type":"page","link":"https:\/\/welaikaadv.site\/avviso\/home\/cosa-facciamo\/informare\/documenti-tematici\/mafie\/legge-della-regione-sicilia-n-22-del-2014-sui-testimoni-di-giustizia\/","title":{"rendered":"Legge della Regione Sicilia n. 22 del 2014 sui testimoni di giustizia"},"content":{"rendered":"<p><strong>Premessa<\/strong>. La Regione Sicilia ha approvato la <strong>legge n. 22 del 26.8 2014<\/strong> <em>Benefici in favore dei testimoni di giustizia<\/em>, di cui sono qui sintetizzati i contenuti.<br \/>\n<strong>Contenuti<\/strong>. La legge prevede l\u2019estensione ai testimoni di giustizia delle disposizioni sull\u2019assunzione nelle pubbliche amministrazioni dei familiari delle vittime della mafia di cui alla <b>legge regionale n. 20 del 1999<\/b>, in base alla quale Regione, enti locali, aziende sanitarie locali ed enti da essi vigilati sono tenuti ad assumere, anche in soprannumero, a richiesta degli interessati (che non abbiano attivit\u00e0 lavorativa autonoma o rapporto di lavoro dipendente), con qualifica corrispondente al titolo di studio.<br \/>\nLa norma riguarda i testimoni di giustizia, in gravi difficolt\u00e0 economiche, che hanno reso la propria testimonianza in procedimenti penali per reati di mafia incardinati presso autorit\u00e0 giudiziarie aventi sede in Sicilia. Per rafforzare l&#8217;azione di legalit\u00e0 il personale pu\u00f2 essere assegnato ad altre pubbliche amministrazioni che ne facciano richiesta.<br \/>\nPer venire incontro alle esigenze di tutela e protezione dei testimoni di giustizia \u00e8 previsto il ricorso al telelavoro come forma di prestazione lavorativa.<br \/>\nI soggetti interessati, la cui identit\u00e0 \u00e8 protetta, potranno prestare servizio anche presso la sede romana della Regione<br \/>\nNel corso degli anni, in sede di legge finanziaria, \u00e8 stato incrementato via via il Fondo per far fronte alle maggiori spese.<\/p>\n","protected":false},"excerpt":{"rendered":"<p>Premessa. La Regione Sicilia ha approvato la legge n. 22 del 26.8 2014 Benefici in favore dei testimoni di giustizia, di cui sono qui sintetizzati&nbsp;<span class=\"hellipsis\">[&hellip;]<\/span><a class=\"more-link\" href=\"https:\/\/welaikaadv.site\/avviso\/home\/cosa-facciamo\/informare\/documenti-tematici\/mafie\/legge-della-regione-sicilia-n-22-del-2014-sui-testimoni-di-giustizia\/\">Leggi tutto <span class=\"screen-reader-text\">Legge della Regione Sicilia n. 22 del 2014 sui testimoni di giustizia<\/span> <span class=\"meta-nav\" aria-hidden=\"true\">&rarr;<\/span><\/a><\/p>\n","protected":false},"author":1,"featured_media":0,"parent":207,"menu_order":0,"comment_status":"closed","ping_status":"closed","template":"","meta":{"_acf_changed":false,"_exactmetrics_skip_tracking":false,"_exactmetrics_sitenote_active":false,"_exactmetrics_sitenote_note":"","_exactmetrics_sitenote_category":0,"wp_social_preview_title":"","wp_social_preview_description":"","wp_social_preview_image":0,"footnotes":""},"class_list":["post-27409","page","type-page","status-publish","hentry"],"acf":[],"yoast_head":"<!-- This site is optimized with the Yoast SEO plugin v27.2 - https:\/\/yoast.com\/product\/yoast-seo-wordpress\/ -->\n<title>Legge della Regione Sicilia n. 22 del 2014 sui testimoni di giustizia - Staging Avviso Pubblico<\/title>\n<meta name=\"robots\" content=\"noindex, follow, max-snippet:-1, max-image-preview:large, max-video-preview:-1\" \/>\n<meta property=\"og:locale\" content=\"it_IT\" \/>\n<meta property=\"og:type\" content=\"article\" \/>\n<meta property=\"og:title\" content=\"Legge della Regione Sicilia n. 22 del 2014 sui testimoni di giustizia - Staging Avviso Pubblico\" \/>\n<meta property=\"og:description\" content=\"Premessa. La Regione Sicilia ha approvato la legge n. 22 del 26.8 2014 Benefici in favore dei testimoni di giustizia, di cui sono qui sintetizzati&nbsp;[&hellip;]Leggi tutto Legge della Regione Sicilia n. 22 del 2014 sui testimoni di giustizia &rarr;\" \/>\n<meta property=\"og:url\" content=\"https:\/\/welaikaadv.site\/avviso\/home\/cosa-facciamo\/informare\/documenti-tematici\/mafie\/legge-della-regione-sicilia-n-22-del-2014-sui-testimoni-di-giustizia\/\" \/>\n<meta property=\"og:site_name\" content=\"Staging Avviso Pubblico\" \/>\n<meta name=\"twitter:card\" content=\"summary_large_image\" \/>\n<meta name=\"twitter:label1\" content=\"Tempo di lettura stimato\" \/>\n\t<meta name=\"twitter:data1\" content=\"1 minuto\" \/>\n<script type=\"application\/ld+json\" class=\"yoast-schema-graph\">{\"@context\":\"https:\/\/schema.org\",\"@graph\":[{\"@type\":\"WebPage\",\"@id\":\"https:\/\/welaikaadv.site\/avviso\/home\/cosa-facciamo\/informare\/documenti-tematici\/mafie\/legge-della-regione-sicilia-n-22-del-2014-sui-testimoni-di-giustizia\/\",\"url\":\"https:\/\/welaikaadv.site\/avviso\/home\/cosa-facciamo\/informare\/documenti-tematici\/mafie\/legge-della-regione-sicilia-n-22-del-2014-sui-testimoni-di-giustizia\/\",\"name\":\"Legge della Regione Sicilia n. 22 del 2014 sui testimoni di giustizia - Staging Avviso Pubblico\",\"isPartOf\":{\"@id\":\"https:\/\/welaikaadv.site\/avviso\/#website\"},\"datePublished\":\"2017-08-18T20:45:51+00:00\",\"breadcrumb\":{\"@id\":\"https:\/\/welaikaadv.site\/avviso\/home\/cosa-facciamo\/informare\/documenti-tematici\/mafie\/legge-della-regione-sicilia-n-22-del-2014-sui-testimoni-di-giustizia\/#breadcrumb\"},\"inLanguage\":\"it-IT\",\"potentialAction\":[{\"@type\":\"ReadAction\",\"target\":[\"https:\/\/welaikaadv.site\/avviso\/home\/cosa-facciamo\/informare\/documenti-tematici\/mafie\/legge-della-regione-sicilia-n-22-del-2014-sui-testimoni-di-giustizia\/\"]}]},{\"@type\":\"BreadcrumbList\",\"@id\":\"https:\/\/welaikaadv.site\/avviso\/home\/cosa-facciamo\/informare\/documenti-tematici\/mafie\/legge-della-regione-sicilia-n-22-del-2014-sui-testimoni-di-giustizia\/#breadcrumb\",\"itemListElement\":[{\"@type\":\"ListItem\",\"position\":1,\"name\":\"Home\",\"item\":\"https:\/\/welaikaadv.site\/avviso\/\"},{\"@type\":\"ListItem\",\"position\":2,\"name\":\"Legge della Regione Sicilia n. 22 del 2014 sui testimoni di giustizia\"}]},{\"@type\":\"WebSite\",\"@id\":\"https:\/\/welaikaadv.site\/avviso\/#website\",\"url\":\"https:\/\/welaikaadv.site\/avviso\/\",\"name\":\"Staging Avviso Pubblico\",\"description\":\"\",\"publisher\":{\"@id\":\"https:\/\/welaikaadv.site\/avviso\/#organization\"},\"potentialAction\":[{\"@type\":\"SearchAction\",\"target\":{\"@type\":\"EntryPoint\",\"urlTemplate\":\"https:\/\/welaikaadv.site\/avviso\/?s={search_term_string}\"},\"query-input\":{\"@type\":\"PropertyValueSpecification\",\"valueRequired\":true,\"valueName\":\"search_term_string\"}}],\"inLanguage\":\"it-IT\"},{\"@type\":\"Organization\",\"@id\":\"https:\/\/welaikaadv.site\/avviso\/#organization\",\"name\":\"Staging Avviso Pubblico\",\"url\":\"https:\/\/welaikaadv.site\/avviso\/\",\"logo\":{\"@type\":\"ImageObject\",\"inLanguage\":\"it-IT\",\"@id\":\"https:\/\/welaikaadv.site\/avviso\/#\/schema\/logo\/image\/\",\"url\":\"https:\/\/welaikaadv.site\/avviso\/wp-content\/uploads\/2024\/08\/logoAPsito-400.png\",\"contentUrl\":\"https:\/\/welaikaadv.site\/avviso\/wp-content\/uploads\/2024\/08\/logoAPsito-400.png\",\"width\":400,\"height\":97,\"caption\":\"Staging Avviso Pubblico\"},\"image\":{\"@id\":\"https:\/\/welaikaadv.site\/avviso\/#\/schema\/logo\/image\/\"}}]}<\/script>\n<!-- \/ Yoast SEO plugin. -->","yoast_head_json":{"title":"Legge della Regione Sicilia n. 22 del 2014 sui testimoni di giustizia - Staging Avviso Pubblico","robots":{"index":"noindex","follow":"follow","max-snippet":"max-snippet:-1","max-image-preview":"max-image-preview:large","max-video-preview":"max-video-preview:-1"},"og_locale":"it_IT","og_type":"article","og_title":"Legge della Regione Sicilia n. 22 del 2014 sui testimoni di giustizia - Staging Avviso Pubblico","og_description":"Premessa. La Regione Sicilia ha approvato la legge n. 22 del 26.8 2014 Benefici in favore dei testimoni di giustizia, di cui sono qui sintetizzati&nbsp;[&hellip;]Leggi tutto Legge della Regione Sicilia n. 22 del 2014 sui testimoni di giustizia &rarr;","og_url":"https:\/\/welaikaadv.site\/avviso\/home\/cosa-facciamo\/informare\/documenti-tematici\/mafie\/legge-della-regione-sicilia-n-22-del-2014-sui-testimoni-di-giustizia\/","og_site_name":"Staging Avviso Pubblico","twitter_card":"summary_large_image","twitter_misc":{"Tempo di lettura stimato":"1 minuto"},"schema":{"@context":"https:\/\/schema.org","@graph":[{"@type":"WebPage","@id":"https:\/\/welaikaadv.site\/avviso\/home\/cosa-facciamo\/informare\/documenti-tematici\/mafie\/legge-della-regione-sicilia-n-22-del-2014-sui-testimoni-di-giustizia\/","url":"https:\/\/welaikaadv.site\/avviso\/home\/cosa-facciamo\/informare\/documenti-tematici\/mafie\/legge-della-regione-sicilia-n-22-del-2014-sui-testimoni-di-giustizia\/","name":"Legge della Regione Sicilia n. 22 del 2014 sui testimoni di giustizia - Staging Avviso Pubblico","isPartOf":{"@id":"https:\/\/welaikaadv.site\/avviso\/#website"},"datePublished":"2017-08-18T20:45:51+00:00","breadcrumb":{"@id":"https:\/\/welaikaadv.site\/avviso\/home\/cosa-facciamo\/informare\/documenti-tematici\/mafie\/legge-della-regione-sicilia-n-22-del-2014-sui-testimoni-di-giustizia\/#breadcrumb"},"inLanguage":"it-IT","potentialAction":[{"@type":"ReadAction","target":["https:\/\/welaikaadv.site\/avviso\/home\/cosa-facciamo\/informare\/documenti-tematici\/mafie\/legge-della-regione-sicilia-n-22-del-2014-sui-testimoni-di-giustizia\/"]}]},{"@type":"BreadcrumbList","@id":"https:\/\/welaikaadv.site\/avviso\/home\/cosa-facciamo\/informare\/documenti-tematici\/mafie\/legge-della-regione-sicilia-n-22-del-2014-sui-testimoni-di-giustizia\/#breadcrumb","itemListElement":[{"@type":"ListItem","position":1,"name":"Home","item":"https:\/\/welaikaadv.site\/avviso\/"},{"@type":"ListItem","position":2,"name":"Legge della Regione Sicilia n. 22 del 2014 sui testimoni di giustizia"}]},{"@type":"WebSite","@id":"https:\/\/welaikaadv.site\/avviso\/#website","url":"https:\/\/welaikaadv.site\/avviso\/","name":"Staging Avviso Pubblico","description":"","publisher":{"@id":"https:\/\/welaikaadv.site\/avviso\/#organization"},"potentialAction":[{"@type":"SearchAction","target":{"@type":"EntryPoint","urlTemplate":"https:\/\/welaikaadv.site\/avviso\/?s={search_term_string}"},"query-input":{"@type":"PropertyValueSpecification","valueRequired":true,"valueName":"search_term_string"}}],"inLanguage":"it-IT"},{"@type":"Organization","@id":"https:\/\/welaikaadv.site\/avviso\/#organization","name":"Staging Avviso Pubblico","url":"https:\/\/welaikaadv.site\/avviso\/","logo":{"@type":"ImageObject","inLanguage":"it-IT","@id":"https:\/\/welaikaadv.site\/avviso\/#\/schema\/logo\/image\/","url":"https:\/\/welaikaadv.site\/avviso\/wp-content\/uploads\/2024\/08\/logoAPsito-400.png","contentUrl":"https:\/\/welaikaadv.site\/avviso\/wp-content\/uploads\/2024\/08\/logoAPsito-400.png","width":400,"height":97,"caption":"Staging Avviso Pubblico"},"image":{"@id":"https:\/\/welaikaadv.site\/avviso\/#\/schema\/logo\/image\/"}}]}},"_links":{"self":[{"href":"https:\/\/welaikaadv.site\/avviso\/wp-json\/wp\/v2\/pages\/27409","targetHints":{"allow":["GET"]}}],"collection":[{"href":"https:\/\/welaikaadv.site\/avviso\/wp-json\/wp\/v2\/pages"}],"about":[{"href":"https:\/\/welaikaadv.site\/avviso\/wp-json\/wp\/v2\/types\/page"}],"author":[{"embeddable":true,"href":"https:\/\/welaikaadv.site\/avviso\/wp-json\/wp\/v2\/users\/1"}],"replies":[{"embeddable":true,"href":"https:\/\/welaikaadv.site\/avviso\/wp-json\/wp\/v2\/comments?post=27409"}],"version-history":[{"count":0,"href":"https:\/\/welaikaadv.site\/avviso\/wp-json\/wp\/v2\/pages\/27409\/revisions"}],"up":[{"embeddable":true,"href":"https:\/\/welaikaadv.site\/avviso\/wp-json\/wp\/v2\/pages\/207"}],"wp:attachment":[{"href":"https:\/\/welaikaadv.site\/avviso\/wp-json\/wp\/v2\/media?parent=27409"}],"curies":[{"name":"wp","href":"https:\/\/api.w.org\/{rel}","templated":true}]}}