{"id":27500,"date":"2018-09-02T20:06:23","date_gmt":"2018-09-02T18:06:23","guid":{"rendered":"http:\/\/www.avvisopubblico.it\/home\/?page_id=27500"},"modified":"2018-09-02T20:06:23","modified_gmt":"2018-09-02T18:06:23","slug":"storie-di-testimoni-di-giustizia","status":"publish","type":"page","link":"https:\/\/welaikaadv.site\/avviso\/home\/cosa-facciamo\/informare\/documenti-tematici\/mafie\/storie-di-testimoni-di-giustizia\/","title":{"rendered":"Storie di Testimoni di giustizia"},"content":{"rendered":"<p><strong><a href=\"http:\/\/www.ritaatria.it\/Home.aspx\">Rita Atria e Piera Aiello<\/a><\/strong><\/p>\n<p>Paolo Borsellino raccoglie le dichiarazioni di Rita Atria, nata a Partanna (Trapani) il 4 settembre 1974, figlia di don Vito Atria, boss locale, ucciso per una faida locale nel 1985; nel 1991 muore in un agguato anche il fratello Nicola. Le deposizioni di Rita (e della cognata <strong><a href=\"https:\/\/it.wikipedia.org\/wiki\/Piera_Aiello\">Piera Aiello<\/a><\/strong>) consentono di far luce sulle cosche mafiose del trapanese e della Valle del Belice, sulle faide sanguinose tra le diverse famiglie, e sulle infiltrazioni nelle amministrazioni locali.<\/p>\n<p>Trasferita a Roma sotto protezione, Rita vive isolata, rinnegata dagli altri familiari. Il 26 luglio 1992, ad una settimana di distanza dalla morte di Paolo Borsellino, Rita Atria, presa dallo sconforto, si suicida gettandosi dal settimo piano del palazzo: aveva solo 17 anni.<\/p>\n<p><em>Per saperne di pi\u00f9: <\/em>Sandra Rizza &#8220;<strong>Una ragazza contro la mafia<\/strong>&#8221; \u2013 La Luna, 1993; Petra Reski &#8220;<strong>Rita Atria, la Picciridda dell&#8217;Antimafia<\/strong>&#8221; &#8211; Nuovi mondi, 2011)<\/p>\n<p><em>Le iniziative di Avviso Pubblico: <\/em><a href=\"https:\/\/welaikaadv.site\/avviso\/grugliasco-27-novembre-alza-gli-occhi-al-cielo-le-donne-e-le-mafie\/?hilite=%27testimone%27\"><strong>novembre 2014<\/strong><\/a><em>; <\/em><a href=\"https:\/\/welaikaadv.site\/avviso\/cena-della-legalita-per-la-cooperativa-di-libera-rita-atria-tp\/?hilite=%27testimone%27\"><strong>dicembre 2014<\/strong><\/a><em>; <\/em><a href=\"https:\/\/welaikaadv.site\/avviso\/intitolata-a-rita-atria-la-biblioteca-del-iv-circolo-gianni-rodari-di-vittoria\/?hilite=%27testimone%27\"><strong>maggio 2015<\/strong><\/a><strong>; <\/strong><a href=\"https:\/\/welaikaadv.site\/avviso\/intitolazione-biblioteca-rita-atria-cento-21-maggio\/?hilite=%27testimone%27\"><strong>maggio 2016<\/strong><\/a><strong>; <\/strong><a href=\"https:\/\/welaikaadv.site\/avviso\/santhia-dedica-un-parco-alla-testimone-di-giustizia-rita-atria\/?hilite=%27testimone%27\"><strong>maggio 2017<\/strong><\/a><strong>; <\/strong><a href=\"https:\/\/welaikaadv.site\/avviso\/una-ragazza-contro-la-mafia-l8-febbraio-a-pisa-la-giornata-rivolta-alle-scuole-dedicata-a-rita-atria-testimone-di-giustizia\/?hilite=%27testimone%27\"><strong>febbraio 2018<\/strong><\/a>;<\/p>\n<hr \/>\n<p><strong><a href=\"http:\/\/unsemeperenzaetiberio.blogspot.com\/p\/chi.html\">Enza e Tiberio Bentivoglio<\/a><\/strong><\/p>\n<p>Enza e Tiberio Bentivoglio sono due commercianti di Condera, frazione di Reggio Calabria (vendono prodotti elettromedicali e articoli per la prima infanzia) che si sono ribellati al racket della &#8216;ndrangheta. Testimoni di giustizia dal 1992, hanno continuato a subire pesanti intimidazioni e hanno dovuto affrontare enormi difficolt\u00e0 per continuare la loro attivit\u00e0 imprenditoriale nella legalit\u00e0.<\/p>\n<p><em>Per saperne di pi\u00f9: <\/em>Benny Calasanzio Borsellino &#8220;<strong>Abbiamo vinto noi<\/strong>&#8221; \u2013 Melampo, 2014; \u201c<strong><a href=\"https:\/\/www.raiplay.it\/video\/2016\/12\/Cose-Nostre-del-10122016-4c1e7451-d68e-421f-83c8-f3fb387c3444.html\">Cose nostre<\/a><\/strong>&#8221; \u2013 Rai Tv<\/p>\n<p><em>Le iniziative di Avviso Pubblico: <\/em><strong><a href=\"https:\/\/welaikaadv.site\/avviso\/intimidazioni-in-calabria-avviso-pubblico-vicina-a-federica-roccisano-e-tiberio-bentivoglio\/?hilite=%27testimone%27\">febbraio 2016<\/a><\/strong><em>; <\/em><strong><a href=\"https:\/\/welaikaadv.site\/avviso\/tiberio-bentivoglio-reggio-calabria-9-marzo\/?hilite=%27testimone%27\">marzo 2016<\/a><\/strong><strong>;<\/strong><\/p>\n<hr \/>\n<p><strong>Ignazio <\/strong><strong>Cutr\u00f2<\/strong><\/p>\n<p>Ignazio Cutr\u00f2 \u00e8 un imprenditore siciliano, sottoposto dal 2006 ad un programma speciale di protezione per aver denunciato i suoi estorsori, ha contribuito all\u2019arresto e condanna di numerosi appartenenti alle cosche mafiose. Incontra molte difficolt\u00e0 nel riprendere la sua attivit\u00e0 economica. Dal 1\u00b0 ottobre 2015 \u00e8 assunto presso l&#8217;Amministrazione Regionale Siciliana e prende servizio presso il Centro per l&#8217;Impiego di Bivona, suo paese di origine.<\/p>\n<p><em>Le iniziative di Avviso Pubblico: <\/em><strong><a href=\"https:\/\/welaikaadv.site\/avviso\/il-comune-di-rubiera-aderisce-ad-avviso-pubblico-lintervista-al-sindaco-emanuele-cavallaro\/?hilite=%27testimone%27\">ottobre 2015<\/a><\/strong><em>; <\/em><strong><a href=\"https:\/\/welaikaadv.site\/avviso\/raccontiamoci-le-mafie-seconda-giornata-di-incontri-a-gazoldo-mn-testimoni-di-giustizia-e-uomini-soli\/?hilite=%27testimoni%27\">settembre 2016<\/a><\/strong><strong>;<\/strong><em style=\"font-size: 1rem;\">\u00a0<\/em><\/p>\n<hr \/>\n<p><strong>Augusto Di Meo <\/strong><\/p>\n<p>Augusto Di Meo \u00e8 il testimone oculare dell\u2019omicidio di don Peppe Diana, avvenuto a Casal di Principe il 19 marzo 1994. La sua testimonianza \u00e8 fondamentale per individuare l\u2019esecutore materiale del delitto. Per la sua scelta continua ad essere oggetto di minacce e intimidazioni.<\/p>\n<p><em>Le iniziative di Avviso Pubblico: <\/em><strong><a href=\"https:\/\/welaikaadv.site\/avviso\/minacce-telefoniche-ad-augusto-di-meo-testimone-oculare-dellomicidio-di-don-peppe-diana-il-comunicato-di-avviso-pubblico\/?hilite=%27testimone%27\">giugno 2016<\/a><\/strong><em>; <\/em><strong><a href=\"https:\/\/welaikaadv.site\/avviso\/riconoscimento-di-augusto-di-meo-quale-vittima-di-mafia-avviso-pubblico-sostiene-la-petizione\/?hilite=%27testimoni%27\">La petizione per il riconoscimento come testimone di giustizia<\/a><\/strong><\/p>\n<hr \/>\n<p><strong>Lea Garofalo<\/strong><\/p>\n<p>Lea Garofalo, nata a Petilia Policastro il 24 aprile 1974, \u00e8 sottoposta a protezione dal 2002, quando testimoni\u00f2 sulle faide interne tra la sua famiglia e quella del suo ex compagno Carlo Cosco, portando all\u2019arresto e condanna di un clan malavitoso che operava a Milano. Fu uccisa per vendetta nel novembre del 2009, all\u2019et\u00e0 di 35 anni.<\/p>\n<p><em>Per saperne di pi\u00f9<\/em>: Paolo De Chiara<em> \u201c<\/em><strong>Il coraggio di dire no &#8211; Lea Garofalo, la donna che sfid\u00f2 la &#8216;ndrangheta\u201d <\/strong>\u2013 Falco editore, 2012; Marika Demaria \u201c<strong>La scelta di Lea &#8211; Lea Garofalo, la ribellione di una donna alla &#8216;ndrangheta<\/strong>\u201d &#8211; \u00a0Melampo, 2014; Marco Tullio Giordana \u201c<strong><a href=\"https:\/\/www.raiplay.it\/programmi\/lea\/\">Lea<\/a><\/strong>\u201d, Rai Tv, 2015<\/p>\n<p><em>Le iniziative di Avviso Pubblico<\/em><strong>: <a href=\"https:\/\/welaikaadv.site\/avviso\/conferenza-stampa-dello-spettacolo-teatrale-la-bastarda-mantova-25-giugno-2015\/?hilite=%27testimone%27\">giugno 2015<\/a>; <a href=\"https:\/\/welaikaadv.site\/avviso\/verso-il-21-marzo-carlopoli-cz-14-marzo\/?hilite=%27testimone%27\">dicembre 2016<\/a><\/strong><em>;<\/em><strong> <a href=\"https:\/\/welaikaadv.site\/avviso\/spettacolo-teatrale-la-bastarda-rho-mi-24-marzo\/?hilite=%27testimone%27\">marzo 2017<\/a>;<\/strong> <strong><a href=\"https:\/\/welaikaadv.site\/avviso\/lotta-alle-mafie-il-gemellaggio-tra-vimodrone-e-cittanova-nel-ricordo-di-ciccio-vinci-e-lea-garofalo\/?hilite=%27testimone%27\">maggio 2017<\/a><\/strong><strong>;<\/strong> <strong><a href=\"https:\/\/welaikaadv.site\/avviso\/beni-confiscati-il-4-novembre-a-trezzano-sul-naviglio-mi-nasce-casa-lea-garofalo-un-progetto-di-housing-sociale\/?hilite=%27testimone%27\">novembre 2017<\/a><\/strong><strong>; <\/strong><\/p>\n<hr \/>\n<p><strong><a href=\"https:\/\/www.facebook.com\/rocco.mangiardi.5\">Rocco Mangiardi<\/a><\/strong><\/p>\n<p>Rocco Mangiardi \u00e8 un imprenditore (settore autoricambi) che opera a Soriano, nei pressi di Lamezia Terme. Si ribella alle richieste di pizzo dei clan locali e con le sue denunce contribuisce in modo significativo all\u2019arresto e condanna di Pasquale Gianf\u00e0 e di venti componenti della cosca. Rocco Mangiardi continua a vivere sotto scorta<\/p>\n<p><em>Per saperne di pi\u00f9: <\/em><em>&#8220;<\/em><strong>Cose nostre<\/strong><em>&#8221; \u2013 <\/em>Rai Tv<\/p>\n<p><em>Le iniziative di Avviso Pubblico: <\/em><strong><a href=\"https:\/\/welaikaadv.site\/avviso\/atto-intimidatorio-ai-danni-dellimprenditore-rocco-mangiardi-il-comunicato-di-avviso-pubblico\/?hilite=%27testimone%27\">gennaio 2015<\/a><\/strong><em>; <\/em><strong><a href=\"https:\/\/welaikaadv.site\/avviso\/camposampiero-pd-22-gennaio-incontro-pubblico-intitolato-mafie-al-nord-larea-grigia-di-illegalita-complicita-collusioni\/?hilite=%27testimone%27\">gennaio 2015<\/a><\/strong>; <strong><a href=\"https:\/\/welaikaadv.site\/avviso\/il-23-gennaio-a-padova-focus-sulla-penetrazione-economica\/?hilite=%27testimone%27\">gennaio 2015<\/a><\/strong>; <strong><a href=\"https:\/\/welaikaadv.site\/avviso\/la-paura-mafiosa-si-vince-con-la-denuncia\/?hilite=%27testimone%27\">gennaio 2016<\/a><\/strong>; <strong><a href=\"https:\/\/welaikaadv.site\/avviso\/il-silenzio-e-dolo-listituto-levi-di-venezia-intitola-unaula-a-domenico-gabriele\/?hilite=%27testimone%27\">febbraio 2016<\/a><\/strong>; <strong><a href=\"https:\/\/welaikaadv.site\/avviso\/mafia-il-coraggio-della-denuncia-zola-predosa-bo-24-maggio\/?hilite=%27testimone%27\">maggio 2016<\/a><\/strong>; <strong><a href=\"https:\/\/welaikaadv.site\/avviso\/buon-compleanno-dodo-crotone-domenico-gabriele\/?hilite=%27testimone%27\">ottobre 2016<\/a><\/strong>; <strong><a href=\"https:\/\/welaikaadv.site\/avviso\/verso-il-21-marzo-carlopoli-cz-14-marzo\/?hilite=%27testimone%27\">marzo 2017<\/a><\/strong>; <strong><a href=\"https:\/\/welaikaadv.site\/avviso\/milano-ricorda-la-strage-di-capaci-nel-xxv-anniversario-milano-23-maggio\/?hilite=%27testimone%27\">maggio 2017<\/a><\/strong>; <strong><a href=\"https:\/\/welaikaadv.site\/avviso\/festa-della-toscana-2017-certaldo-fi-26-e-28-novembre\/?hilite=%27testimone%27\">novembre 2017<\/a><\/strong>; <strong><a href=\"https:\/\/welaikaadv.site\/avviso\/impegniamoci-tutti-a-cercare-verita-e-a-costruire-la-giustizia-il-messaggio-di-rocco-mangiardi-e-matilde-montinaro-agli-studenti-veneti-incontrati-da-avviso-pubblico\/?hilite=%27testimone%27\">gennaio 2018<\/a><\/strong>; <strong><a href=\"https:\/\/welaikaadv.site\/avviso\/rocco-mangiardi-il-25-gennaio-a-legnago-vr-per-testimonianze-di-impegno-per-la-legalita\/?hilite=%27testimone%27\">gennaio 2018<\/a><\/strong><strong>;<\/strong><\/p>\n<hr \/>\n<p><strong><a href=\"http:\/\/www.pinomasciari.it\/\">Pino Masciari<\/a><\/strong><\/p>\n<p>Pino Masciari, imprenditore edile calabrese, \u00e8 sottoposto dal 1997 ad un programma speciale di protezione per aver denunciato la \u2019ndrangheta, in seguito alle ripetute pressioni mafiose dei politici e al racket delle cosche locali volte ad ostacolare la sua attivit\u00e0 (minacce, estorsioni, obbligo di procedere ad assunzioni e forniture di materiali pilotate etc).Grazie alle sue dichiarazioni vengono arrestati e condannati decine di importanti ndranghetisti (famiglie di Vallelunga di Serra San Bruno, Sia di Soverato, Arena di Isola Capo Rizzuto, Mazzaferro) e amministratori locali.<\/p>\n<p><em>Le iniziative di Avviso Pubblico: <\/em><strong><a href=\"https:\/\/welaikaadv.site\/avviso\/antimafia-torino-approva-il-rapporto-della-commissione-speciale\/?hilite=%27testimone%27\">febbraio 2015<\/a><\/strong><em>; <\/em><\/p>\n<hr \/>\n<p><strong>Piero Ivano Nava<\/strong><\/p>\n<p>Pietro Ivano Nava, nato nel 1950, in provincia di Bergamo, era rappresentante di porte blindate per una ditta di Asti; fu testimone oculare dell&#8217;omicidio del giudice Rosario Livatino, avvenuto nel 1990. La sua testimonianza consent\u00ec di individuare gli esecutori del delitto. In assenza della legge sui testimoni a rischio, Nava fu costretto a cambiare pi\u00f9 volte residenza e ad emigrare all&#8217;estero, perdendo il lavoro e gli affetti familiari. La Commissione antimafia ha svolto un\u2019<strong><a href=\"https:\/\/welaikaadv.site\/avviso\/home\/cosa-facciamo\/informare\/osservatorio-parlamentare\/attivita-dinchiesta\/attivita-dinchiesta-xvii\/commissione-bicamerale-antimafia\/commissione-antimafia-audizione-di-un-testimone-di-giustizia\/?hilite=%27nava%27\">audizione con Pietro Ivano Nava nel settembre 2016<\/a><\/strong>.<\/p>\n<hr \/>\n<p><strong>Don Giacomo Panizza<\/strong><\/p>\n<p>Don Giacomo Panizza \u00e8 un sacerdote impegnato da lungo tempo in Calabria nella lotta contro la &#8216;ndrangheta. \u00c8 sotto protezione dal 2002, da quando ha assunto la gestione un palazzo confiscato al clan di \u2018ndrangheta dei Torcasio. Anche recentemente alcune cooperative che gestiscono beni confiscati sono state oggetto di atti di intimidazione.<\/p>\n<p><em>Le iniziative di Avviso Pubblico: <\/em><strong><a href=\"https:\/\/welaikaadv.site\/avviso\/come-educa-la-mafia-e-giocare-a-perdere-gli-appuntamenti-del-21-e-22-novembre-a-politicamente-scorretto\/?hilite=%27testimone%27\">novembre 2017<\/a><\/strong><\/p>\n<hr \/>\n<p><strong>Antonio Picascia<\/strong><\/p>\n<p>Antonio Picascia \u00e8 il titolare della Cleprin \u2013 un\u2019azienda di Sessa Aurunca (Caserta) che produce detergenti professionali a basso impatto ambientale \u2013 che continua coraggiosamente la propria attivit\u00e0 nonostante le pesanti intimidazioni della Camorra del casertano ai cui diktat l\u2019imprenditore non si \u00e8 mai sottoposto, denunciando le pressioni subite alla magistratura.<\/p>\n<p><em>Le iniziative di Avviso Pubblico: <\/em><strong><a href=\"https:\/\/welaikaadv.site\/avviso\/antimafia-avviso-pubblico-il-15-novembre-a-galliera\/?hilite=%27testimone%27\">Novembre 2015<\/a><\/strong><strong>\u00a0<\/strong><\/p>\n<hr \/>\n<p><strong><a href=\"https:\/\/twitter.com\/Gaetanosaffioti\">Gaetano Saffioti<\/a><\/strong><\/p>\n<p>Gaetano Saffioti \u00e8 un imprenditore di Palmi (Reggio Calabria) che nel 2002 denuncia le richieste estorsive (accompagnate da minacce, intimidazioni, danneggiamenti) della &#8216;ndrangheta, contribuendo a diverse importanti indagini della magistratura nei confronti di numerose famiglie (Bellocco, Mazzagatti, Romeo, Nasone, Piromalli e Gallico e altre). Dal 2002 vive sotto scorta sempre a Palmi.<\/p>\n<p><em>Per saperne di pi\u00f9: <\/em>Giuseppe Baldessarro \u201c<strong>Questione di rispetto. L\u2019impresa di Gaetano Saffioti contro la \u2018ndrangheta<\/strong>\u201d \u00a0&#8211; Rubbettino, 2017<\/p>\n<p><em>Le iniziative di Avviso Pubblico: <\/em><strong><a href=\"https:\/\/welaikaadv.site\/avviso\/avviso-pubblica-partecipa-a-svegliati-aemilia-reggio-emilia-26-settembre\/?hilite=%27testimone%27\">settembre 2015<\/a><\/strong><em>; <\/em><strong><a href=\"https:\/\/welaikaadv.site\/avviso\/una-ragazza-contro-la-mafia-l8-febbraio-a-pisa-la-giornata-rivolta-alle-scuole-dedicata-a-rita-atria-testimone-di-giustizia\/?hilite=%27testimone%27\">febbraio 2018<\/a><\/strong>; <strong><a href=\"https:\/\/welaikaadv.site\/avviso\/competenza-onesta-e-responsabilita-i-tre-principi-da-seguire-per-amministrare-bene-lintervista-al-sindaco-di-lacchiarella-antonella-violi\/?hilite=%27testimone%27\">marzo 2018<\/a><\/strong>; <strong><a href=\"https:\/\/welaikaadv.site\/avviso\/?s=testimone&amp;id=m\">maggio 2018<\/a><\/strong><em>; <\/em><strong><a href=\"https:\/\/welaikaadv.site\/avviso\/resistere-alle-mafie-a-como-il-12-giugno-il-secondo-seminario-di-formazione-con-il-testimone-di-giustizia-gaetano-saffioti-e-il-giornalista-giuseppe-baldessarro\/?hilite=%27testimone%27\">giugno 2018<\/a><\/strong><\/p>\n<hr \/>\n<p><strong>Maria Stefanelli<\/strong><\/p>\n<p>Maria Stefanelli, vedova del boss della \u2019ndrangheta Francesco Marando, \u00e8 testimone di giustizia per \u201cMinotauro\u201d, il maxiprocesso svoltosi a Torino che ha portato alla condanna di 23 affiliati dell\u2019organizzazione criminale calabrese radicatasi al Nord.<\/p>\n<p><em>Le iniziative di Avviso Pubblico: <\/em><strong><a href=\"https:\/\/welaikaadv.site\/avviso\/intitolata-a-rita-atria-la-biblioteca-del-iv-circolo-gianni-rodari-di-vittoria\/?hilite=%27testimone%27\">febbraio 2015<\/a><\/strong><\/p>\n","protected":false},"excerpt":{"rendered":"<p>Rita Atria e Piera Aiello Paolo Borsellino raccoglie le dichiarazioni di Rita Atria, nata a Partanna (Trapani) il 4 settembre 1974, figlia di don Vito&nbsp;<span class=\"hellipsis\">[&hellip;]<\/span><a class=\"more-link\" href=\"https:\/\/welaikaadv.site\/avviso\/home\/cosa-facciamo\/informare\/documenti-tematici\/mafie\/storie-di-testimoni-di-giustizia\/\">Leggi tutto <span class=\"screen-reader-text\">Storie di Testimoni di giustizia<\/span> <span class=\"meta-nav\" aria-hidden=\"true\">&rarr;<\/span><\/a><\/p>\n","protected":false},"author":1,"featured_media":0,"parent":207,"menu_order":0,"comment_status":"closed","ping_status":"closed","template":"","meta":{"_acf_changed":false,"_exactmetrics_skip_tracking":false,"_exactmetrics_sitenote_active":false,"_exactmetrics_sitenote_note":"","_exactmetrics_sitenote_category":0,"wp_social_preview_title":"","wp_social_preview_description":"","wp_social_preview_image":0,"footnotes":""},"class_list":["post-27500","page","type-page","status-publish","hentry"],"acf":[],"yoast_head":"<!-- This site is optimized with the Yoast SEO plugin v27.2 - https:\/\/yoast.com\/product\/yoast-seo-wordpress\/ -->\n<title>Storie di Testimoni di giustizia - Staging Avviso Pubblico<\/title>\n<meta name=\"robots\" content=\"noindex, follow, max-snippet:-1, max-image-preview:large, max-video-preview:-1\" \/>\n<meta property=\"og:locale\" content=\"it_IT\" \/>\n<meta property=\"og:type\" content=\"article\" \/>\n<meta property=\"og:title\" content=\"Storie di Testimoni di giustizia - Staging Avviso Pubblico\" \/>\n<meta property=\"og:description\" content=\"Rita Atria e Piera Aiello Paolo Borsellino raccoglie le dichiarazioni di Rita Atria, nata a Partanna (Trapani) il 4 settembre 1974, figlia di don Vito&nbsp;[&hellip;]Leggi tutto Storie di Testimoni di giustizia &rarr;\" \/>\n<meta property=\"og:url\" content=\"https:\/\/welaikaadv.site\/avviso\/home\/cosa-facciamo\/informare\/documenti-tematici\/mafie\/storie-di-testimoni-di-giustizia\/\" \/>\n<meta property=\"og:site_name\" content=\"Staging Avviso Pubblico\" \/>\n<meta name=\"twitter:card\" content=\"summary_large_image\" \/>\n<meta name=\"twitter:label1\" content=\"Tempo di lettura stimato\" \/>\n\t<meta name=\"twitter:data1\" content=\"5 minuti\" \/>\n<script type=\"application\/ld+json\" class=\"yoast-schema-graph\">{\"@context\":\"https:\/\/schema.org\",\"@graph\":[{\"@type\":\"WebPage\",\"@id\":\"https:\/\/welaikaadv.site\/avviso\/home\/cosa-facciamo\/informare\/documenti-tematici\/mafie\/storie-di-testimoni-di-giustizia\/\",\"url\":\"https:\/\/welaikaadv.site\/avviso\/home\/cosa-facciamo\/informare\/documenti-tematici\/mafie\/storie-di-testimoni-di-giustizia\/\",\"name\":\"Storie di Testimoni di giustizia - Staging Avviso Pubblico\",\"isPartOf\":{\"@id\":\"https:\/\/welaikaadv.site\/avviso\/#website\"},\"datePublished\":\"2018-09-02T18:06:23+00:00\",\"breadcrumb\":{\"@id\":\"https:\/\/welaikaadv.site\/avviso\/home\/cosa-facciamo\/informare\/documenti-tematici\/mafie\/storie-di-testimoni-di-giustizia\/#breadcrumb\"},\"inLanguage\":\"it-IT\",\"potentialAction\":[{\"@type\":\"ReadAction\",\"target\":[\"https:\/\/welaikaadv.site\/avviso\/home\/cosa-facciamo\/informare\/documenti-tematici\/mafie\/storie-di-testimoni-di-giustizia\/\"]}]},{\"@type\":\"BreadcrumbList\",\"@id\":\"https:\/\/welaikaadv.site\/avviso\/home\/cosa-facciamo\/informare\/documenti-tematici\/mafie\/storie-di-testimoni-di-giustizia\/#breadcrumb\",\"itemListElement\":[{\"@type\":\"ListItem\",\"position\":1,\"name\":\"Home\",\"item\":\"https:\/\/welaikaadv.site\/avviso\/\"},{\"@type\":\"ListItem\",\"position\":2,\"name\":\"Storie di Testimoni di giustizia\"}]},{\"@type\":\"WebSite\",\"@id\":\"https:\/\/welaikaadv.site\/avviso\/#website\",\"url\":\"https:\/\/welaikaadv.site\/avviso\/\",\"name\":\"Staging Avviso Pubblico\",\"description\":\"\",\"publisher\":{\"@id\":\"https:\/\/welaikaadv.site\/avviso\/#organization\"},\"potentialAction\":[{\"@type\":\"SearchAction\",\"target\":{\"@type\":\"EntryPoint\",\"urlTemplate\":\"https:\/\/welaikaadv.site\/avviso\/?s={search_term_string}\"},\"query-input\":{\"@type\":\"PropertyValueSpecification\",\"valueRequired\":true,\"valueName\":\"search_term_string\"}}],\"inLanguage\":\"it-IT\"},{\"@type\":\"Organization\",\"@id\":\"https:\/\/welaikaadv.site\/avviso\/#organization\",\"name\":\"Staging Avviso Pubblico\",\"url\":\"https:\/\/welaikaadv.site\/avviso\/\",\"logo\":{\"@type\":\"ImageObject\",\"inLanguage\":\"it-IT\",\"@id\":\"https:\/\/welaikaadv.site\/avviso\/#\/schema\/logo\/image\/\",\"url\":\"https:\/\/welaikaadv.site\/avviso\/wp-content\/uploads\/2024\/08\/logoAPsito-400.png\",\"contentUrl\":\"https:\/\/welaikaadv.site\/avviso\/wp-content\/uploads\/2024\/08\/logoAPsito-400.png\",\"width\":400,\"height\":97,\"caption\":\"Staging Avviso Pubblico\"},\"image\":{\"@id\":\"https:\/\/welaikaadv.site\/avviso\/#\/schema\/logo\/image\/\"}}]}<\/script>\n<!-- \/ Yoast SEO plugin. -->","yoast_head_json":{"title":"Storie di Testimoni di giustizia - Staging Avviso Pubblico","robots":{"index":"noindex","follow":"follow","max-snippet":"max-snippet:-1","max-image-preview":"max-image-preview:large","max-video-preview":"max-video-preview:-1"},"og_locale":"it_IT","og_type":"article","og_title":"Storie di Testimoni di giustizia - Staging Avviso Pubblico","og_description":"Rita Atria e Piera Aiello Paolo Borsellino raccoglie le dichiarazioni di Rita Atria, nata a Partanna (Trapani) il 4 settembre 1974, figlia di don Vito&nbsp;[&hellip;]Leggi tutto Storie di Testimoni di giustizia &rarr;","og_url":"https:\/\/welaikaadv.site\/avviso\/home\/cosa-facciamo\/informare\/documenti-tematici\/mafie\/storie-di-testimoni-di-giustizia\/","og_site_name":"Staging Avviso Pubblico","twitter_card":"summary_large_image","twitter_misc":{"Tempo di lettura stimato":"5 minuti"},"schema":{"@context":"https:\/\/schema.org","@graph":[{"@type":"WebPage","@id":"https:\/\/welaikaadv.site\/avviso\/home\/cosa-facciamo\/informare\/documenti-tematici\/mafie\/storie-di-testimoni-di-giustizia\/","url":"https:\/\/welaikaadv.site\/avviso\/home\/cosa-facciamo\/informare\/documenti-tematici\/mafie\/storie-di-testimoni-di-giustizia\/","name":"Storie di Testimoni di giustizia - Staging Avviso Pubblico","isPartOf":{"@id":"https:\/\/welaikaadv.site\/avviso\/#website"},"datePublished":"2018-09-02T18:06:23+00:00","breadcrumb":{"@id":"https:\/\/welaikaadv.site\/avviso\/home\/cosa-facciamo\/informare\/documenti-tematici\/mafie\/storie-di-testimoni-di-giustizia\/#breadcrumb"},"inLanguage":"it-IT","potentialAction":[{"@type":"ReadAction","target":["https:\/\/welaikaadv.site\/avviso\/home\/cosa-facciamo\/informare\/documenti-tematici\/mafie\/storie-di-testimoni-di-giustizia\/"]}]},{"@type":"BreadcrumbList","@id":"https:\/\/welaikaadv.site\/avviso\/home\/cosa-facciamo\/informare\/documenti-tematici\/mafie\/storie-di-testimoni-di-giustizia\/#breadcrumb","itemListElement":[{"@type":"ListItem","position":1,"name":"Home","item":"https:\/\/welaikaadv.site\/avviso\/"},{"@type":"ListItem","position":2,"name":"Storie di Testimoni di giustizia"}]},{"@type":"WebSite","@id":"https:\/\/welaikaadv.site\/avviso\/#website","url":"https:\/\/welaikaadv.site\/avviso\/","name":"Staging Avviso Pubblico","description":"","publisher":{"@id":"https:\/\/welaikaadv.site\/avviso\/#organization"},"potentialAction":[{"@type":"SearchAction","target":{"@type":"EntryPoint","urlTemplate":"https:\/\/welaikaadv.site\/avviso\/?s={search_term_string}"},"query-input":{"@type":"PropertyValueSpecification","valueRequired":true,"valueName":"search_term_string"}}],"inLanguage":"it-IT"},{"@type":"Organization","@id":"https:\/\/welaikaadv.site\/avviso\/#organization","name":"Staging Avviso Pubblico","url":"https:\/\/welaikaadv.site\/avviso\/","logo":{"@type":"ImageObject","inLanguage":"it-IT","@id":"https:\/\/welaikaadv.site\/avviso\/#\/schema\/logo\/image\/","url":"https:\/\/welaikaadv.site\/avviso\/wp-content\/uploads\/2024\/08\/logoAPsito-400.png","contentUrl":"https:\/\/welaikaadv.site\/avviso\/wp-content\/uploads\/2024\/08\/logoAPsito-400.png","width":400,"height":97,"caption":"Staging Avviso Pubblico"},"image":{"@id":"https:\/\/welaikaadv.site\/avviso\/#\/schema\/logo\/image\/"}}]}},"_links":{"self":[{"href":"https:\/\/welaikaadv.site\/avviso\/wp-json\/wp\/v2\/pages\/27500","targetHints":{"allow":["GET"]}}],"collection":[{"href":"https:\/\/welaikaadv.site\/avviso\/wp-json\/wp\/v2\/pages"}],"about":[{"href":"https:\/\/welaikaadv.site\/avviso\/wp-json\/wp\/v2\/types\/page"}],"author":[{"embeddable":true,"href":"https:\/\/welaikaadv.site\/avviso\/wp-json\/wp\/v2\/users\/1"}],"replies":[{"embeddable":true,"href":"https:\/\/welaikaadv.site\/avviso\/wp-json\/wp\/v2\/comments?post=27500"}],"version-history":[{"count":0,"href":"https:\/\/welaikaadv.site\/avviso\/wp-json\/wp\/v2\/pages\/27500\/revisions"}],"up":[{"embeddable":true,"href":"https:\/\/welaikaadv.site\/avviso\/wp-json\/wp\/v2\/pages\/207"}],"wp:attachment":[{"href":"https:\/\/welaikaadv.site\/avviso\/wp-json\/wp\/v2\/media?parent=27500"}],"curies":[{"name":"wp","href":"https:\/\/api.w.org\/{rel}","templated":true}]}}