{"id":3091,"date":"2014-11-28T09:49:12","date_gmt":"2014-11-28T08:49:12","guid":{"rendered":"http:\/\/www.avvisopubblico.it\/osservatorio\/?page_id=3091"},"modified":"2014-11-28T09:49:12","modified_gmt":"2014-11-28T08:49:12","slug":"commissione-antimafia-relazione-sulle-modifiche-al-codice-antimafia","status":"publish","type":"page","link":"https:\/\/welaikaadv.site\/avviso\/home\/cosa-facciamo\/informare\/osservatorio-parlamentare\/attivita-dinchiesta\/attivita-dinchiesta-xvii\/commissione-bicamerale-antimafia\/commissione-antimafia-relazione-sulle-modifiche-al-codice-antimafia\/","title":{"rendered":"Commissione antimafia: relazione sulle modifiche al codice antimafia"},"content":{"rendered":"<h5><strong>Premessa<\/strong><\/h5>\n<p>La Commissione antimafia ha approvato il 9 aprile 2014 una relazione sulla riforma del sistema di gestione dei beni sequestrati alla criminalit\u00e0 organizzata (<a title=\"Doc XXIII, n. 1\" href=\"http:\/\/www.camera.it\/leg17\/1058?idLegislatura=17&amp;tipologia=audiz2&amp;sottotipologia=audizione&amp;anno=2014&amp;mese=04&amp;giorno=09&amp;idCommissione=24&amp;numero=0026&amp;file=indice_stenografico#stenograficoCommissione.tit00020\" target=\"_blank\" rel=\"noopener\"><strong>Doc XXIII, n. 1<\/strong><\/a>), oggetto di successivo dibattito anche da parte dell\u2019Aula di Camera e Senato, che hanno approvato identiche risoluzioni in materia (leggi questa <a title=\"scheda\" href=\"https:\/\/welaikaadv.site\/avviso\/home\/cosa-facciamo\/informare\/osservatorio-parlamentare\/attivita-dinchiesta\/attivita-dinchiesta-xvii\/commissione-bicamerale-antimafia\/commissione-antimafia-relazione-sui-beni-confiscati\/\"><strong>scheda<\/strong><\/a>).<\/p>\n<p>La Commissione ha dato ulteriore seguito al lavoro svolto, elaborando &#8211; con un approccio organico &#8211; una serie puntuali di modifiche al Codice antimafia (<a title=\"decreto legislativo n. 159 del 2011\" href=\"http:\/\/www.normattiva.it\/uri-res\/N2Ls?urn:nir:stato:decreto.legislativo:2011;159\" target=\"_blank\" rel=\"noopener\"><strong>decreto legislativo n. 159 del 2011<\/strong><\/a>) al fine di semplificare la disciplina delle misure di prevenzione e assicurare procedure pi\u00f9 snelle e coordinate e adatte alla gestione dei beni confiscati, recependo anche le indicazioni che emergono dai magistrati che operano in questo settore. E\u2019 inoltre proposta una legge delega la Governo riguardante la gestione delle aziende sottop\u00e8oste a sequestro.<\/p>\n<p>Qui di seguito si evidenziano i principali aspetti del documento (<a title=\"Doc. XXIII, n. 5\" href=\"http:\/\/www.camera.it\/leg17\/491?idLegislatura=17&amp;categoria=023&amp;tipologiaDoc=documento&amp;numero=005&amp;doc=intero\" target=\"_blank\" rel=\"noopener\"><strong>Doc. XXIII, n. 5<\/strong><\/a>) approvato dalla Commissione (sedute del <a title=\"21 ottobre 2014\" href=\"http:\/\/www.camera.it\/leg17\/1058?idLegislatura=17&amp;tipologia=audiz2&amp;sottotipologia=audizione&amp;anno=2014&amp;mese=10&amp;giorno=21&amp;idCommissione=24&amp;numero=0060&amp;file=indice_stenografico#stenograficoCommissione.tit00030.int00010\" target=\"_blank\" rel=\"noopener\"><strong>21 ottobre 2014<\/strong><\/a>, <a title=\"22 ottobre 2014\" href=\"http:\/\/www.camera.it\/leg17\/824?tipo=C&amp;anno=2014&amp;mese=10&amp;giorno=22&amp;view=filtered&amp;commissione=24&amp;pagina=#data.20141022.com24.bollettino.sede00010.tit00010\" target=\"_blank\" rel=\"noopener\"><strong>22 ottobre 2014<\/strong><\/a> e <a title=\"19 novembre 2014\" href=\"http:\/\/www.camera.it\/leg17\/824?tipo=C&amp;anno=2014&amp;mese=11&amp;giorno=19&amp;view=filtered&amp;commissione=24&amp;pagina=#data.20141119.com24.bollettino.sede00010.tit00010\" target=\"_blank\" rel=\"noopener\"><strong>19 novembre 2014<\/strong><\/a>), i cui contenuti sono ripresi nella proposta di legge a firma dell\u2019On. Bindi (<a title=\"AC 2737\" href=\"http:\/\/www.camera.it\/leg17\/126?tab=1&amp;leg=17&amp;idDocumento=2737&amp;sede=&amp;tipo=\" target=\"_blank\" rel=\"noopener\"><strong>AC 2737<\/strong><\/a><strong>)<\/strong>.<\/p>\n<hr \/>\n<h5><strong>Soggetti destinatari delle misure di prevenzione personali<\/strong><\/h5>\n<p>La Commissione propone l\u2019ampliamento dell\u2019elenco attuale dei soggetti (art. 4 del Codice), includendovi, tra gli altri, gli indiziati dei reati di cui all&#8217;art. 416 ter c.p. (concernente lo scambio elettorale politico mafioso, di cui alla <a title=\"legge n. 64 del 2014\" href=\"https:\/\/welaikaadv.site\/avviso\/home\/cosa-facciamo\/informare\/osservatorio-parlamentare\/attivita-legislativa\/legge-n-6214-scambio-elettorale-politico-mafioso\/\" target=\"_blank\" rel=\"noopener\"><strong>legge n. 64 del 2014<\/strong><\/a>), quelli di cui all&#8217;art. 418 c.p. (che riguarda coloro che danno rifugio o forniscono vitto, ospitalit\u00e0, mezzi di trasporto e strumenti di comunicazione ai membri dell\u2019associazione) e di delitti contro la pubblica amministrazione.<\/p>\n<hr \/>\n<h5><strong>Costituzione di sezioni specializzate<\/strong><\/h5>\n<p>Si prevedono sezioni specializzate distrettuali per la trattazione delle misure di prevenzione, fatta salva la creazione di sezioni distaccate per i tribunali circondariali con carichi di lavoro particolarmente rilevanti (come Trapani e Santa Maria Capua Vetere) (art. 5 del codice).<\/p>\n<hr \/>\n<h5>Diritti della difesa<\/h5>\n<p>\u00c8\u00a0prevista la partecipazione del soggetto destinatario delle misure di prevenzione sin dalla prima udienza, anche attraverso videoconferenza (art. 7 del codice).<\/p>\n<hr \/>\n<h5><strong>Competenza per la proposta delle misure patrimoniali<\/strong><\/h5>\n<p>La titolarit\u00e0 delle proposte di adozione delle misure patrimoniali, attualmente limitata al procuratore della repubblica del Tribunale dove il soggetto ha la dimora, al Questore e al Direttore della DIA, viene estesa al procuratore nazionale antimafia (abilitato oggi solo per misure di prevenzione personale ai sensi dell\u2019art. 5 del Codice) (art. 17 del Codice).<\/p>\n<hr \/>\n<h5><strong>Semplificazione del procedimento<\/strong><\/h5>\n<p>Sono introdotte modifiche volte ad accelerare il procedimento, assicurando tempi certi per il suo svolgimento (vedi in particolare gli artt. 24 e 27 del Codice).<\/p>\n<hr \/>\n<h5><strong>Estensione dei casi di confisca<\/strong><\/h5>\n<p><strong>I<\/strong>n caso di morte del proposto, la confisca \u00e8 estesa nei confronti delle persone fisiche che risultano avere convissuto con il defunto nell&#8217;ultimo quinquennio o delle persone giuridiche del cui patrimonio il defunto risultava poter disporre anche indirettamente (art. 18 del Codice); \u00e8 esclusa la possibilit\u00e0 di giustificare la disponibilit\u00e0 di beni con proventi di evasione fiscale (art. 24 del Codice).<\/p>\n<hr \/>\n<h5><strong>Controllo giudiziario<\/strong><\/h5>\n<p>Sono dettate norme pi\u00f9 incisive per il ricorso a forme di amministrazione e controllo giudiziario dei beni ed aziende sottoposti a sequestro <em>\u00a0<\/em>(artt. 34 e 34 <em>bis <\/em>del Codice.<\/p>\n<hr \/>\n<h5><strong>Amministratori giudiziari<\/strong><\/h5>\n<p>Sono previsti nuovi criteri di selezione degli amministratori da parte del Tribunale, e regole sull\u2019organizzazione del lavoro nei casi pi\u00f9 complessi anche per garantire la trasparenza delle procedure e la continuit\u00e0 della gestione, assicurando la collaborazione delle organizzazione sindacali nella regolarizzazione dei rapporti di lavoro (art. 35 ss. del codice ).<\/p>\n<hr \/>\n<h5><strong>Ruolo dell\u2019Agenzia sui beni confiscati<\/strong><\/h5>\n<p>L\u2019Agenzia nella fase del procedimento giurisdizionale avr\u00e0 soprattutto compiti di assistenza e proposta (in particolare per quel che riguarda la decisione in ordine alla prosecuzione dell\u2019attivit\u00e0 dell\u2019azienda; dopo il provvedimento definitivo di confisca, l\u2019Agenzia vedr\u00e0 limitata l\u2019amministrazione giudiziaria alla destinazione del bene. Sono dettate anche norme sull\u2019organizzazione interna dell\u2019Agenzia, che dovr\u00e0 passare alle dipendenze della Presidenza del consiglio ed avere la sede principale a Roma (art. 38 ss. e 110 ss. del codice).<\/p>\n<hr \/>\n<h5><strong>Verifica dei crediti<\/strong><\/h5>\n<p>L\u2019accertamento dei crediti viene effettuato dopo l&#8217;emanazione del provvedimento di confisca di primo grado, anche se non definitivo. Sono modificate anche le procedure al fine di garantire tempi certi ed evitare possibili impugnazioni successive (artt. 57 ss. del codice).<\/p>\n<hr \/>\n<h5><strong>Fallimento<\/strong><\/h5>\n<p>Sono dettate norme per semplificare i rapporti tra i diversi procedimenti in atto (artt. 63 ss. del codice).<\/p>\n<hr \/>\n<h5><strong>Gestione delle aziende sottoposte a sequestro<\/strong><\/h5>\n<p>La Commissione propone un separato disegno di legge delega che faciliti la ripresa dell\u2019attivit\u00e0 delle aziende interessate da misure di prevenzione e la regolarizzazione dei rapporti di lavoro. Il disegno di legge prevede in particolare:<\/p>\n<ul>\n<li>misure di sostegno, agevolazioni fiscali e sgravi contributivi;<\/li>\n<li>titoli preferenziali per l\u2019ottenimento di commesse da parte delle amministrazioni pubbliche;<\/li>\n<li>la costituzione di un fondo di garanzia per assicurare la continuit\u00e0 dei finanziamenti e degli investimenti.<\/li>\n<\/ul>\n<p>Il disegno di legge contiene anche una delega al Governo per una revisione dell\u2019organizzazione e del funzionamento dell\u2019Agenzia per i beni confiscati, che dovr\u00e0 essere dotata di risorse adeguate alla svolgimento dei suoi compiti.<\/p>\n<p style=\"text-align: right;\">(28 novembre 2014)<\/p>\n","protected":false},"excerpt":{"rendered":"<p>Premessa La Commissione antimafia ha approvato il 9 aprile 2014 una relazione sulla riforma del sistema di gestione dei beni sequestrati alla criminalit\u00e0 organizzata (Doc&nbsp;<span class=\"hellipsis\">[&hellip;]<\/span><a class=\"more-link\" href=\"https:\/\/welaikaadv.site\/avviso\/home\/cosa-facciamo\/informare\/osservatorio-parlamentare\/attivita-dinchiesta\/attivita-dinchiesta-xvii\/commissione-bicamerale-antimafia\/commissione-antimafia-relazione-sulle-modifiche-al-codice-antimafia\/\">Leggi tutto <span class=\"screen-reader-text\">Commissione antimafia: relazione sulle modifiche al codice antimafia<\/span> <span class=\"meta-nav\" aria-hidden=\"true\">&rarr;<\/span><\/a><\/p>\n","protected":false},"author":1,"featured_media":0,"parent":2662,"menu_order":0,"comment_status":"closed","ping_status":"closed","template":"","meta":{"_acf_changed":false,"_exactmetrics_skip_tracking":false,"_exactmetrics_sitenote_active":false,"_exactmetrics_sitenote_note":"","_exactmetrics_sitenote_category":0,"wp_social_preview_title":"","wp_social_preview_description":"","wp_social_preview_image":0,"footnotes":""},"class_list":["post-3091","page","type-page","status-publish","hentry"],"acf":[],"yoast_head":"<!-- This site is optimized with the Yoast SEO plugin v27.2 - https:\/\/yoast.com\/product\/yoast-seo-wordpress\/ -->\n<title>Commissione antimafia: relazione sulle modifiche al codice antimafia - Staging Avviso Pubblico<\/title>\n<meta name=\"robots\" content=\"noindex, follow, max-snippet:-1, max-image-preview:large, max-video-preview:-1\" \/>\n<meta property=\"og:locale\" content=\"it_IT\" \/>\n<meta property=\"og:type\" content=\"article\" \/>\n<meta property=\"og:title\" content=\"Commissione antimafia: relazione sulle modifiche al codice antimafia - Staging Avviso Pubblico\" \/>\n<meta property=\"og:description\" content=\"Premessa La Commissione antimafia ha approvato il 9 aprile 2014 una relazione sulla riforma del sistema di gestione dei beni sequestrati alla criminalit\u00e0 organizzata (Doc&nbsp;[&hellip;]Leggi tutto Commissione antimafia: relazione sulle modifiche al codice antimafia &rarr;\" \/>\n<meta property=\"og:url\" content=\"https:\/\/welaikaadv.site\/avviso\/home\/cosa-facciamo\/informare\/osservatorio-parlamentare\/attivita-dinchiesta\/attivita-dinchiesta-xvii\/commissione-bicamerale-antimafia\/commissione-antimafia-relazione-sulle-modifiche-al-codice-antimafia\/\" \/>\n<meta property=\"og:site_name\" content=\"Staging Avviso Pubblico\" \/>\n<meta name=\"twitter:card\" content=\"summary_large_image\" \/>\n<meta name=\"twitter:label1\" content=\"Tempo di lettura stimato\" \/>\n\t<meta name=\"twitter:data1\" content=\"4 minuti\" \/>\n<script type=\"application\/ld+json\" class=\"yoast-schema-graph\">{\"@context\":\"https:\/\/schema.org\",\"@graph\":[{\"@type\":\"WebPage\",\"@id\":\"https:\/\/welaikaadv.site\/avviso\/home\/cosa-facciamo\/informare\/osservatorio-parlamentare\/attivita-dinchiesta\/attivita-dinchiesta-xvii\/commissione-bicamerale-antimafia\/commissione-antimafia-relazione-sulle-modifiche-al-codice-antimafia\/\",\"url\":\"https:\/\/welaikaadv.site\/avviso\/home\/cosa-facciamo\/informare\/osservatorio-parlamentare\/attivita-dinchiesta\/attivita-dinchiesta-xvii\/commissione-bicamerale-antimafia\/commissione-antimafia-relazione-sulle-modifiche-al-codice-antimafia\/\",\"name\":\"Commissione antimafia: relazione sulle modifiche al codice antimafia - Staging Avviso Pubblico\",\"isPartOf\":{\"@id\":\"https:\/\/welaikaadv.site\/avviso\/#website\"},\"datePublished\":\"2014-11-28T08:49:12+00:00\",\"breadcrumb\":{\"@id\":\"https:\/\/welaikaadv.site\/avviso\/home\/cosa-facciamo\/informare\/osservatorio-parlamentare\/attivita-dinchiesta\/attivita-dinchiesta-xvii\/commissione-bicamerale-antimafia\/commissione-antimafia-relazione-sulle-modifiche-al-codice-antimafia\/#breadcrumb\"},\"inLanguage\":\"it-IT\",\"potentialAction\":[{\"@type\":\"ReadAction\",\"target\":[\"https:\/\/welaikaadv.site\/avviso\/home\/cosa-facciamo\/informare\/osservatorio-parlamentare\/attivita-dinchiesta\/attivita-dinchiesta-xvii\/commissione-bicamerale-antimafia\/commissione-antimafia-relazione-sulle-modifiche-al-codice-antimafia\/\"]}]},{\"@type\":\"BreadcrumbList\",\"@id\":\"https:\/\/welaikaadv.site\/avviso\/home\/cosa-facciamo\/informare\/osservatorio-parlamentare\/attivita-dinchiesta\/attivita-dinchiesta-xvii\/commissione-bicamerale-antimafia\/commissione-antimafia-relazione-sulle-modifiche-al-codice-antimafia\/#breadcrumb\",\"itemListElement\":[{\"@type\":\"ListItem\",\"position\":1,\"name\":\"Home\",\"item\":\"https:\/\/welaikaadv.site\/avviso\/\"},{\"@type\":\"ListItem\",\"position\":2,\"name\":\"Commissione antimafia: relazione sulle modifiche al codice antimafia\"}]},{\"@type\":\"WebSite\",\"@id\":\"https:\/\/welaikaadv.site\/avviso\/#website\",\"url\":\"https:\/\/welaikaadv.site\/avviso\/\",\"name\":\"Staging Avviso Pubblico\",\"description\":\"\",\"publisher\":{\"@id\":\"https:\/\/welaikaadv.site\/avviso\/#organization\"},\"potentialAction\":[{\"@type\":\"SearchAction\",\"target\":{\"@type\":\"EntryPoint\",\"urlTemplate\":\"https:\/\/welaikaadv.site\/avviso\/?s={search_term_string}\"},\"query-input\":{\"@type\":\"PropertyValueSpecification\",\"valueRequired\":true,\"valueName\":\"search_term_string\"}}],\"inLanguage\":\"it-IT\"},{\"@type\":\"Organization\",\"@id\":\"https:\/\/welaikaadv.site\/avviso\/#organization\",\"name\":\"Staging Avviso Pubblico\",\"url\":\"https:\/\/welaikaadv.site\/avviso\/\",\"logo\":{\"@type\":\"ImageObject\",\"inLanguage\":\"it-IT\",\"@id\":\"https:\/\/welaikaadv.site\/avviso\/#\/schema\/logo\/image\/\",\"url\":\"https:\/\/welaikaadv.site\/avviso\/wp-content\/uploads\/2024\/08\/logoAPsito-400.png\",\"contentUrl\":\"https:\/\/welaikaadv.site\/avviso\/wp-content\/uploads\/2024\/08\/logoAPsito-400.png\",\"width\":400,\"height\":97,\"caption\":\"Staging Avviso Pubblico\"},\"image\":{\"@id\":\"https:\/\/welaikaadv.site\/avviso\/#\/schema\/logo\/image\/\"}}]}<\/script>\n<!-- \/ Yoast SEO plugin. -->","yoast_head_json":{"title":"Commissione antimafia: relazione sulle modifiche al codice antimafia - Staging Avviso Pubblico","robots":{"index":"noindex","follow":"follow","max-snippet":"max-snippet:-1","max-image-preview":"max-image-preview:large","max-video-preview":"max-video-preview:-1"},"og_locale":"it_IT","og_type":"article","og_title":"Commissione antimafia: relazione sulle modifiche al codice antimafia - Staging Avviso Pubblico","og_description":"Premessa La Commissione antimafia ha approvato il 9 aprile 2014 una relazione sulla riforma del sistema di gestione dei beni sequestrati alla criminalit\u00e0 organizzata (Doc&nbsp;[&hellip;]Leggi tutto Commissione antimafia: relazione sulle modifiche al codice antimafia &rarr;","og_url":"https:\/\/welaikaadv.site\/avviso\/home\/cosa-facciamo\/informare\/osservatorio-parlamentare\/attivita-dinchiesta\/attivita-dinchiesta-xvii\/commissione-bicamerale-antimafia\/commissione-antimafia-relazione-sulle-modifiche-al-codice-antimafia\/","og_site_name":"Staging Avviso Pubblico","twitter_card":"summary_large_image","twitter_misc":{"Tempo di lettura stimato":"4 minuti"},"schema":{"@context":"https:\/\/schema.org","@graph":[{"@type":"WebPage","@id":"https:\/\/welaikaadv.site\/avviso\/home\/cosa-facciamo\/informare\/osservatorio-parlamentare\/attivita-dinchiesta\/attivita-dinchiesta-xvii\/commissione-bicamerale-antimafia\/commissione-antimafia-relazione-sulle-modifiche-al-codice-antimafia\/","url":"https:\/\/welaikaadv.site\/avviso\/home\/cosa-facciamo\/informare\/osservatorio-parlamentare\/attivita-dinchiesta\/attivita-dinchiesta-xvii\/commissione-bicamerale-antimafia\/commissione-antimafia-relazione-sulle-modifiche-al-codice-antimafia\/","name":"Commissione antimafia: relazione sulle modifiche al codice antimafia - Staging Avviso Pubblico","isPartOf":{"@id":"https:\/\/welaikaadv.site\/avviso\/#website"},"datePublished":"2014-11-28T08:49:12+00:00","breadcrumb":{"@id":"https:\/\/welaikaadv.site\/avviso\/home\/cosa-facciamo\/informare\/osservatorio-parlamentare\/attivita-dinchiesta\/attivita-dinchiesta-xvii\/commissione-bicamerale-antimafia\/commissione-antimafia-relazione-sulle-modifiche-al-codice-antimafia\/#breadcrumb"},"inLanguage":"it-IT","potentialAction":[{"@type":"ReadAction","target":["https:\/\/welaikaadv.site\/avviso\/home\/cosa-facciamo\/informare\/osservatorio-parlamentare\/attivita-dinchiesta\/attivita-dinchiesta-xvii\/commissione-bicamerale-antimafia\/commissione-antimafia-relazione-sulle-modifiche-al-codice-antimafia\/"]}]},{"@type":"BreadcrumbList","@id":"https:\/\/welaikaadv.site\/avviso\/home\/cosa-facciamo\/informare\/osservatorio-parlamentare\/attivita-dinchiesta\/attivita-dinchiesta-xvii\/commissione-bicamerale-antimafia\/commissione-antimafia-relazione-sulle-modifiche-al-codice-antimafia\/#breadcrumb","itemListElement":[{"@type":"ListItem","position":1,"name":"Home","item":"https:\/\/welaikaadv.site\/avviso\/"},{"@type":"ListItem","position":2,"name":"Commissione antimafia: relazione sulle modifiche al codice antimafia"}]},{"@type":"WebSite","@id":"https:\/\/welaikaadv.site\/avviso\/#website","url":"https:\/\/welaikaadv.site\/avviso\/","name":"Staging Avviso Pubblico","description":"","publisher":{"@id":"https:\/\/welaikaadv.site\/avviso\/#organization"},"potentialAction":[{"@type":"SearchAction","target":{"@type":"EntryPoint","urlTemplate":"https:\/\/welaikaadv.site\/avviso\/?s={search_term_string}"},"query-input":{"@type":"PropertyValueSpecification","valueRequired":true,"valueName":"search_term_string"}}],"inLanguage":"it-IT"},{"@type":"Organization","@id":"https:\/\/welaikaadv.site\/avviso\/#organization","name":"Staging Avviso Pubblico","url":"https:\/\/welaikaadv.site\/avviso\/","logo":{"@type":"ImageObject","inLanguage":"it-IT","@id":"https:\/\/welaikaadv.site\/avviso\/#\/schema\/logo\/image\/","url":"https:\/\/welaikaadv.site\/avviso\/wp-content\/uploads\/2024\/08\/logoAPsito-400.png","contentUrl":"https:\/\/welaikaadv.site\/avviso\/wp-content\/uploads\/2024\/08\/logoAPsito-400.png","width":400,"height":97,"caption":"Staging Avviso Pubblico"},"image":{"@id":"https:\/\/welaikaadv.site\/avviso\/#\/schema\/logo\/image\/"}}]}},"_links":{"self":[{"href":"https:\/\/welaikaadv.site\/avviso\/wp-json\/wp\/v2\/pages\/3091","targetHints":{"allow":["GET"]}}],"collection":[{"href":"https:\/\/welaikaadv.site\/avviso\/wp-json\/wp\/v2\/pages"}],"about":[{"href":"https:\/\/welaikaadv.site\/avviso\/wp-json\/wp\/v2\/types\/page"}],"author":[{"embeddable":true,"href":"https:\/\/welaikaadv.site\/avviso\/wp-json\/wp\/v2\/users\/1"}],"replies":[{"embeddable":true,"href":"https:\/\/welaikaadv.site\/avviso\/wp-json\/wp\/v2\/comments?post=3091"}],"version-history":[{"count":0,"href":"https:\/\/welaikaadv.site\/avviso\/wp-json\/wp\/v2\/pages\/3091\/revisions"}],"up":[{"embeddable":true,"href":"https:\/\/welaikaadv.site\/avviso\/wp-json\/wp\/v2\/pages\/2662"}],"wp:attachment":[{"href":"https:\/\/welaikaadv.site\/avviso\/wp-json\/wp\/v2\/media?parent=3091"}],"curies":[{"name":"wp","href":"https:\/\/api.w.org\/{rel}","templated":true}]}}