{"id":39537,"date":"2020-10-27T06:55:28","date_gmt":"2020-10-27T05:55:28","guid":{"rendered":"https:\/\/www.avvisopubblico.it\/home\/?page_id=39537"},"modified":"2020-10-27T06:55:28","modified_gmt":"2020-10-27T05:55:28","slug":"il-tar-di-catania-conferma-lordinanza-del-sindaco-di-messina-relativa-agli-orari-di-apertura-delle-sale-gioco-e-di-funzionamento-degli-apparecchi","status":"publish","type":"page","link":"https:\/\/welaikaadv.site\/avviso\/home\/cosa-facciamo\/informare\/documenti-tematici\/gioco-dazzardo\/il-tar-di-catania-conferma-lordinanza-del-sindaco-di-messina-relativa-agli-orari-di-apertura-delle-sale-gioco-e-di-funzionamento-degli-apparecchi\/","title":{"rendered":"IL TAR DI CATANIA CONFERMA L\u2019ORDINANZA DEL SINDACO DI MESSINA RELATIVA AGLI ORARI DI APERTURA DELLE SALE GIOCO E DI FUNZIONAMENTO DEGLI APPARECCHI"},"content":{"rendered":"<p><strong>La normativa.<\/strong> Il Sindaco di Messina, con l\u2019<a href=\"https:\/\/comune.messina.it\/ufficio-stampa\/firmata-dal-sindaco-accorinti-lordinanza-di-regolamentazione-degli-orari-di-apertura-e-chiusura-dei-locali-con-apparecchiature-per-il-gioco-dazzardo\/?pdf=25308\">ordinanza 393\/2017<\/a>, ha disciplinato gli orari di apertura delle sale gioco e di funzionamento degli apparecchi: in particolare, il gioco \u00e8 consentito dalle 10 alle 13 e dalle 17 alle 22, mentre nelle altre fasce orarie gli apparecchi devono essere spenti tramite l\u2019interruttore elettrico e mantenuti non accessibili.<\/p>\n<p><strong>Il ricorso.<\/strong> Avverso queste previsioni sono intervenute alcune sale gioco ed esercenti che hanno sollevato dei ricorsi al TAR di Catania, il quale si \u00e8 pronunciato con tre sentenze: <a href=\"https:\/\/www.giustizia-amministrativa.it\/portale\/pages\/istituzionale\/visualizza\/?nodeRef=&amp;schema=tar_ct&amp;nrg=201701916&amp;nomeFile=201802566_01.html&amp;subDir=Provvedimenti\">2566\/2018<\/a>, <a href=\"https:\/\/www.giustizia-amministrativa.it\/portale\/pages\/istituzionale\/visualizza\/?nodeRef=&amp;schema=tar_ct&amp;nrg=201702106&amp;nomeFile=201901963_01.html&amp;subDir=Provvedimenti\">1963\/2019<\/a>, <a href=\"https:\/\/www.giustizia-amministrativa.it\/portale\/pages\/istituzionale\/visualizza\/?nodeRef=&amp;schema=tar_ct&amp;nrg=201701777&amp;nomeFile=202000585_01.html&amp;subDir=Provvedimenti\">585\/2020<\/a> (che qui si analizzano congiuntamente, poich\u00e9 esprimono in buona sostanza il medesimo indirizzo).<\/p>\n<p><strong>Il potere del Sindaco di disciplinare gli orari (e il rapporto con l\u2019attivit\u00e0 di indirizzo del Consiglio comunale). <\/strong>Una delle questioni sollevate dai ricorrenti \u00e8 quella relativa al potere del Sindaco di disciplinare gli orari delle sale e degli apparecchi: viene contestato che questa prerogativa sindacale si dovrebbe fondare e dovrebbe trarre giustificazione nelle esigenze espresse dal Consiglio comunale e dalla Regione (sulla base dell\u2019art. 50, comma 7 del TUEL). Quest\u2019argomentazione viene respinta sulla base di due tipi di motivazione:<\/p>\n<p>1) nella sentenza 2566\/2018 si scrive che le misure limitative degli orari devono essere considerate come strumentali al perseguimento di obiettivi (nello specifico, la tutela della salute) che sono pacificamente di competenza del Sindaco anche alla luce del comma 5 del medesimo articolo (ordinanze sindacali contingibili e urgenti). Del resto, l\u2019uso strumentale dell\u2019art. 50, comma 7 del TUEL da parte del Sindaco per il perseguimento di obiettivi orientati alla tutela della comunit\u00e0 \u00e8 confermato anche dalla <a href=\"https:\/\/www.cortecostituzionale.it\/actionSchedaPronuncia.do?anno=2014&amp;numero=220\">sentenza 220\/2014<\/a> della Corte costituzionale (che viene citata dai giudici);<\/p>\n<p>2) nella sentenza 585\/2020 il Collegio fa ricorso a un altro argomento: l\u2019art. 50, comma 7 del TUEL imporrebbe s\u00ec un coordinamento con gli indirizzi del Consiglio comunale, ma solo laddove essi siano gi\u00e0 stati espressi, mentre non si pu\u00f2 dire che l\u2019esercizio da parte del Sindaco del potere in questione sia subordinato alla previa adozione di un atto di indirizzo del Consiglio comunale.<\/p>\n<p><strong>L\u2019obiettivo delle limitazioni orarie.<\/strong> Sotto un ulteriore profilo, la sentenza 585\/2020 ricostruisce anche lo scopo delle limitazioni orarie introdotte dai sindaci, rinvenendolo non nell\u2019eliminazione del fenomeno della ludopatia, bens\u00ec nella creazione delle condizioni per sfavorire un\u2019offerta di gioco illimitata. Questa considerazione chiaramente \u00e8 utile anche nell\u2019ottica dell\u2019individuazione dei criteri entro cui i giudici si devono muovere nell\u2019esprimere un giudizio su proporzionalit\u00e0, ragionevolezza e adeguatezza delle varie misure.<\/p>\n<p><strong>L\u2019Intesa in sede di Conferenza unificata.<\/strong> Altro motivo di censura \u00e8 quello relativo allo scostamento rispetto a quanto previsto dall\u2019Intesa in sede di Conferenza unificata (ossia l\u2019interruzione del gioco per un massimo di sei ore al giorno).<\/p>\n<p>La sentenza 585\/2020 ribadisce che l\u2019Intesa non ha valore vincolante in quanto non recepita con apposito decreto e, comunque, sarebbe sbagliato pretendere di fare un\u2019applicazione atomistica o parcellizzata della stessa, avendo questa invece carattere generale (in vista, cio\u00e8, del complessivo riordino della materia).<\/p>\n<p><strong>L\u2019istruttoria.<\/strong> Sul piano della lamentata carenza di istruttoria, le sentenze vanno nella direzione di ritenere che non sia necessario riportare particolari elementi a motivazione dell\u2019ordinanza; in particolare:<\/p>\n<p>1) nelle sentenze 2566\/2018 e 1963\/2019 viene richiamata la pronuncia del <a href=\"https:\/\/www.giustizia-amministrativa.it\/portale\/pages\/istituzionale\/visualizza\/?nodeRef=&amp;schema=tar_to&amp;nrg=201601228&amp;nomeFile=201700829_01.html&amp;subDir=Provvedimenti\">TAR Piemonte 829\/2017<\/a> (\u201cla diffusione del fenomeno della ludopatia in ampie fasce della popolazione costituisce un fatto notorio o, comunque, una nozione di fatto di comune esperienza\u201d);<\/p>\n<p>2) nella sentenza 2566\/2018 si argomenta, pi\u00f9 nello specifico, che \u201cstante l\u2019ampiezza del territorio del comune di Messina, esso rappresenta, in termini statistici, un universo campione sufficiente ampio da consentire la proiezione in ambito locale delle risultanze di dati aggregati a livello nazionale\u201d: in sostanza, quindi, \u00e8 sufficiente richiamare l\u2019esistenza del fenomeno della ludopatia senza che si debba in questo caso scendere nei dettagli della situazione specifica nel Comune.<\/p>\n<p><strong>I principi di ragionevolezza e proporzionalit\u00e0.<\/strong> Un punto su cui tutte e tre le sentenze intervengono \u00e8, poi, quello relativo alla presunta violazione dei principi di ragionevolezza e proporzionalit\u00e0. Anche in questo caso le sentenze bocciano le argomentazioni dei gestori delle sale:<\/p>\n<p>1) le sentenze 1963\/2019 e 585\/2020 operano innanzitutto una ricostruzione delle caratteristiche del settore del gioco d\u2019azzardo, ribadendo che non si tratta di \u201cun\u2019attivit\u00e0 economica ordinaria, dati i suoi possibili effettivi negativi per la salute, e dati i suoi costi sociali, quali il gioco compulsivo (le cui conseguenze e i cui costi sono difficili da stimare), la criminalit\u00e0 organizzata, il riciclaggio di denaro e la manipolazione degli incontri sportivi\u201d. Nel fare ci\u00f2 vengono richiamate varie norme e pronunce, tra cui: la Corte di Giustizia UE (<a href=\"http:\/\/curia.europa.eu\/juris\/document\/document.jsf?text=&amp;docid=161612&amp;pageIndex=0&amp;doclang=it&amp;mode=lst&amp;dir=&amp;occ=first&amp;part=1&amp;cid=9852535\">sentenza 22 gennaio 2015, c 463-2013<\/a>), il Consiglio di Stato (in particolare la <a href=\"https:\/\/www.giustizia-amministrativa.it\/portale\/pages\/istituzionale\/visualizza\/?nodeRef=&amp;schema=cds&amp;nrg=201801383&amp;nomeFile=201804867_11.html&amp;subDir=Provvedimenti\">sentenza 4867\/2018<\/a>), il <a href=\"https:\/\/www.gazzettaufficiale.it\/eli\/id\/2012\/11\/10\/12A11988\/sg\">Decreto Balduzzi<\/a>;<\/p>\n<p>2) da queste considerazioni si ricava che l\u2019introduzione di misure limitative nel settore non solo \u00e8 del tutto legittimo, ma sussisterebbe in questo senso anche un vero e proprio obbligo di intervento per le amministrazioni comunali, sia rispetto alla tutela della salute, sia in ossequio del principio di precauzione (di nuovo si richiama la sentenza 4867\/2018 del Consiglio di Stato);<\/p>\n<p>3) sul piano della lamentata eccessiva compressione della libera iniziativa economica, la sentenza 2566\/2018, oltre a richiamare la nozione di utilit\u00e0 sociale contenuta nell\u2019art. 41 della Costituzione, qualifica la salute come \u201cbene di rilevanza costituzionale protetto in modo assoluto, che non tollera bilanciamenti o parziali compromissioni\u201d: da ci\u00f2 discende che \u201cla subordinazione ad essa delle possibilit\u00e0 di profitto individuale \u00e8 in altri termini sempre idonea, necessaria, adeguata e proporzionale\u201d;<\/p>\n<p>4) nello specifico delle misure introdotte si esprime, inoltre, la sentenza 1963\/2019 che ritiene che l\u2019ordinanza abbia realizzato un \u201cragionevole contemperamento degli interessi economici degli imprenditori del settore con l\u2019interesse pubblico perseguito, sintetizzabile nell\u2019esigenza di ridurre il rischio di dipendenza patologica derivante dalla frequentazione di sale da gioco o scommessa e dall\u2019utilizzo di apparecchiature per il gioco\u201d.<\/p>\n<p><strong>Il problema di una tutela \u201ca macchia di leopardo\u201d.<\/strong> Infine, il TAR \u00e8 chiamato a pronunciarsi sull\u2019asserita irragionevolezza delle limitazioni orarie dovuta alla circostanza che esse vengono applicate solamente nel Comune di Messina e non anche in quelli limitrofi (ossia a macchia di leopardo, con possibilit\u00e0 di spostarsi altrove nelle fasce orarie di interruzione del gioco).<\/p>\n<p>In realt\u00e0, secondo i giudici, ci\u00f2 costituirebbe solo \u201cuna mera circostanza di fatto inidonea a determinare la illegittimit\u00e0\u201d delle misure adottate, e non inciderebbe comunque sull\u2019efficacia del provvedimento.<\/p>\n<p style=\"text-align: right;\">(<em>a cura di <strong>Marco De Pasquale<\/strong>, <\/em><em>Master APC Universit\u00e0 di Pisa<\/em>)<\/p>\n","protected":false},"excerpt":{"rendered":"<p>La normativa. Il Sindaco di Messina, con l\u2019ordinanza 393\/2017, ha disciplinato gli orari di apertura delle sale gioco e di funzionamento degli apparecchi: in particolare,&nbsp;<span class=\"hellipsis\">[&hellip;]<\/span><a class=\"more-link\" href=\"https:\/\/welaikaadv.site\/avviso\/home\/cosa-facciamo\/informare\/documenti-tematici\/gioco-dazzardo\/il-tar-di-catania-conferma-lordinanza-del-sindaco-di-messina-relativa-agli-orari-di-apertura-delle-sale-gioco-e-di-funzionamento-degli-apparecchi\/\">Leggi tutto <span class=\"screen-reader-text\">IL TAR DI CATANIA CONFERMA L\u2019ORDINANZA DEL SINDACO DI MESSINA RELATIVA AGLI ORARI DI APERTURA DELLE SALE GIOCO E DI FUNZIONAMENTO DEGLI APPARECCHI<\/span> <span class=\"meta-nav\" aria-hidden=\"true\">&rarr;<\/span><\/a><\/p>\n","protected":false},"author":1,"featured_media":0,"parent":202,"menu_order":160,"comment_status":"closed","ping_status":"closed","template":"","meta":{"_acf_changed":false,"_exactmetrics_skip_tracking":false,"_exactmetrics_sitenote_active":false,"_exactmetrics_sitenote_note":"","_exactmetrics_sitenote_category":0,"wp_social_preview_title":"","wp_social_preview_description":"","wp_social_preview_image":0,"footnotes":""},"class_list":["post-39537","page","type-page","status-publish","hentry"],"acf":[],"yoast_head":"<!-- This site is optimized with the Yoast SEO plugin v27.2 - https:\/\/yoast.com\/product\/yoast-seo-wordpress\/ -->\n<title>IL TAR DI CATANIA CONFERMA L\u2019ORDINANZA DEL SINDACO DI MESSINA RELATIVA AGLI ORARI DI APERTURA DELLE SALE GIOCO E DI FUNZIONAMENTO DEGLI APPARECCHI - Staging Avviso Pubblico<\/title>\n<meta name=\"robots\" content=\"noindex, follow, max-snippet:-1, max-image-preview:large, max-video-preview:-1\" \/>\n<meta property=\"og:locale\" content=\"it_IT\" \/>\n<meta property=\"og:type\" content=\"article\" \/>\n<meta property=\"og:title\" content=\"IL TAR DI CATANIA CONFERMA L\u2019ORDINANZA DEL SINDACO DI MESSINA RELATIVA AGLI ORARI DI APERTURA DELLE SALE GIOCO E DI FUNZIONAMENTO DEGLI APPARECCHI - Staging Avviso Pubblico\" \/>\n<meta property=\"og:description\" content=\"La normativa. Il Sindaco di Messina, con l\u2019ordinanza 393\/2017, ha disciplinato gli orari di apertura delle sale gioco e di funzionamento degli apparecchi: in particolare,&nbsp;[&hellip;]Leggi tutto IL TAR DI CATANIA CONFERMA L\u2019ORDINANZA DEL SINDACO DI MESSINA RELATIVA AGLI ORARI DI APERTURA DELLE SALE GIOCO E DI FUNZIONAMENTO DEGLI APPARECCHI &rarr;\" \/>\n<meta property=\"og:url\" content=\"https:\/\/welaikaadv.site\/avviso\/home\/cosa-facciamo\/informare\/documenti-tematici\/gioco-dazzardo\/il-tar-di-catania-conferma-lordinanza-del-sindaco-di-messina-relativa-agli-orari-di-apertura-delle-sale-gioco-e-di-funzionamento-degli-apparecchi\/\" \/>\n<meta property=\"og:site_name\" content=\"Staging Avviso Pubblico\" \/>\n<meta name=\"twitter:card\" content=\"summary_large_image\" \/>\n<meta name=\"twitter:label1\" content=\"Tempo di lettura stimato\" \/>\n\t<meta name=\"twitter:data1\" content=\"5 minuti\" \/>\n<script type=\"application\/ld+json\" class=\"yoast-schema-graph\">{\"@context\":\"https:\/\/schema.org\",\"@graph\":[{\"@type\":\"WebPage\",\"@id\":\"https:\/\/welaikaadv.site\/avviso\/home\/cosa-facciamo\/informare\/documenti-tematici\/gioco-dazzardo\/il-tar-di-catania-conferma-lordinanza-del-sindaco-di-messina-relativa-agli-orari-di-apertura-delle-sale-gioco-e-di-funzionamento-degli-apparecchi\/\",\"url\":\"https:\/\/welaikaadv.site\/avviso\/home\/cosa-facciamo\/informare\/documenti-tematici\/gioco-dazzardo\/il-tar-di-catania-conferma-lordinanza-del-sindaco-di-messina-relativa-agli-orari-di-apertura-delle-sale-gioco-e-di-funzionamento-degli-apparecchi\/\",\"name\":\"IL TAR DI CATANIA CONFERMA L\u2019ORDINANZA DEL SINDACO DI MESSINA RELATIVA AGLI ORARI DI APERTURA DELLE SALE GIOCO E DI FUNZIONAMENTO DEGLI APPARECCHI - Staging Avviso Pubblico\",\"isPartOf\":{\"@id\":\"https:\/\/welaikaadv.site\/avviso\/#website\"},\"datePublished\":\"2020-10-27T05:55:28+00:00\",\"breadcrumb\":{\"@id\":\"https:\/\/welaikaadv.site\/avviso\/home\/cosa-facciamo\/informare\/documenti-tematici\/gioco-dazzardo\/il-tar-di-catania-conferma-lordinanza-del-sindaco-di-messina-relativa-agli-orari-di-apertura-delle-sale-gioco-e-di-funzionamento-degli-apparecchi\/#breadcrumb\"},\"inLanguage\":\"it-IT\",\"potentialAction\":[{\"@type\":\"ReadAction\",\"target\":[\"https:\/\/welaikaadv.site\/avviso\/home\/cosa-facciamo\/informare\/documenti-tematici\/gioco-dazzardo\/il-tar-di-catania-conferma-lordinanza-del-sindaco-di-messina-relativa-agli-orari-di-apertura-delle-sale-gioco-e-di-funzionamento-degli-apparecchi\/\"]}]},{\"@type\":\"BreadcrumbList\",\"@id\":\"https:\/\/welaikaadv.site\/avviso\/home\/cosa-facciamo\/informare\/documenti-tematici\/gioco-dazzardo\/il-tar-di-catania-conferma-lordinanza-del-sindaco-di-messina-relativa-agli-orari-di-apertura-delle-sale-gioco-e-di-funzionamento-degli-apparecchi\/#breadcrumb\",\"itemListElement\":[{\"@type\":\"ListItem\",\"position\":1,\"name\":\"Home\",\"item\":\"https:\/\/welaikaadv.site\/avviso\/\"},{\"@type\":\"ListItem\",\"position\":2,\"name\":\"IL TAR DI CATANIA CONFERMA L\u2019ORDINANZA DEL SINDACO DI MESSINA RELATIVA AGLI ORARI DI APERTURA DELLE SALE GIOCO E DI FUNZIONAMENTO DEGLI APPARECCHI\"}]},{\"@type\":\"WebSite\",\"@id\":\"https:\/\/welaikaadv.site\/avviso\/#website\",\"url\":\"https:\/\/welaikaadv.site\/avviso\/\",\"name\":\"Staging Avviso Pubblico\",\"description\":\"\",\"publisher\":{\"@id\":\"https:\/\/welaikaadv.site\/avviso\/#organization\"},\"potentialAction\":[{\"@type\":\"SearchAction\",\"target\":{\"@type\":\"EntryPoint\",\"urlTemplate\":\"https:\/\/welaikaadv.site\/avviso\/?s={search_term_string}\"},\"query-input\":{\"@type\":\"PropertyValueSpecification\",\"valueRequired\":true,\"valueName\":\"search_term_string\"}}],\"inLanguage\":\"it-IT\"},{\"@type\":\"Organization\",\"@id\":\"https:\/\/welaikaadv.site\/avviso\/#organization\",\"name\":\"Staging Avviso Pubblico\",\"url\":\"https:\/\/welaikaadv.site\/avviso\/\",\"logo\":{\"@type\":\"ImageObject\",\"inLanguage\":\"it-IT\",\"@id\":\"https:\/\/welaikaadv.site\/avviso\/#\/schema\/logo\/image\/\",\"url\":\"https:\/\/welaikaadv.site\/avviso\/wp-content\/uploads\/2024\/08\/logoAPsito-400.png\",\"contentUrl\":\"https:\/\/welaikaadv.site\/avviso\/wp-content\/uploads\/2024\/08\/logoAPsito-400.png\",\"width\":400,\"height\":97,\"caption\":\"Staging Avviso Pubblico\"},\"image\":{\"@id\":\"https:\/\/welaikaadv.site\/avviso\/#\/schema\/logo\/image\/\"}}]}<\/script>\n<!-- \/ Yoast SEO plugin. -->","yoast_head_json":{"title":"IL TAR DI CATANIA CONFERMA L\u2019ORDINANZA DEL SINDACO DI MESSINA RELATIVA AGLI ORARI DI APERTURA DELLE SALE GIOCO E DI FUNZIONAMENTO DEGLI APPARECCHI - Staging Avviso Pubblico","robots":{"index":"noindex","follow":"follow","max-snippet":"max-snippet:-1","max-image-preview":"max-image-preview:large","max-video-preview":"max-video-preview:-1"},"og_locale":"it_IT","og_type":"article","og_title":"IL TAR DI CATANIA CONFERMA L\u2019ORDINANZA DEL SINDACO DI MESSINA RELATIVA AGLI ORARI DI APERTURA DELLE SALE GIOCO E DI FUNZIONAMENTO DEGLI APPARECCHI - Staging Avviso Pubblico","og_description":"La normativa. Il Sindaco di Messina, con l\u2019ordinanza 393\/2017, ha disciplinato gli orari di apertura delle sale gioco e di funzionamento degli apparecchi: in particolare,&nbsp;[&hellip;]Leggi tutto IL TAR DI CATANIA CONFERMA L\u2019ORDINANZA DEL SINDACO DI MESSINA RELATIVA AGLI ORARI DI APERTURA DELLE SALE GIOCO E DI FUNZIONAMENTO DEGLI APPARECCHI &rarr;","og_url":"https:\/\/welaikaadv.site\/avviso\/home\/cosa-facciamo\/informare\/documenti-tematici\/gioco-dazzardo\/il-tar-di-catania-conferma-lordinanza-del-sindaco-di-messina-relativa-agli-orari-di-apertura-delle-sale-gioco-e-di-funzionamento-degli-apparecchi\/","og_site_name":"Staging Avviso Pubblico","twitter_card":"summary_large_image","twitter_misc":{"Tempo di lettura stimato":"5 minuti"},"schema":{"@context":"https:\/\/schema.org","@graph":[{"@type":"WebPage","@id":"https:\/\/welaikaadv.site\/avviso\/home\/cosa-facciamo\/informare\/documenti-tematici\/gioco-dazzardo\/il-tar-di-catania-conferma-lordinanza-del-sindaco-di-messina-relativa-agli-orari-di-apertura-delle-sale-gioco-e-di-funzionamento-degli-apparecchi\/","url":"https:\/\/welaikaadv.site\/avviso\/home\/cosa-facciamo\/informare\/documenti-tematici\/gioco-dazzardo\/il-tar-di-catania-conferma-lordinanza-del-sindaco-di-messina-relativa-agli-orari-di-apertura-delle-sale-gioco-e-di-funzionamento-degli-apparecchi\/","name":"IL TAR DI CATANIA CONFERMA L\u2019ORDINANZA DEL SINDACO DI MESSINA RELATIVA AGLI ORARI DI APERTURA DELLE SALE GIOCO E DI FUNZIONAMENTO DEGLI APPARECCHI - Staging Avviso Pubblico","isPartOf":{"@id":"https:\/\/welaikaadv.site\/avviso\/#website"},"datePublished":"2020-10-27T05:55:28+00:00","breadcrumb":{"@id":"https:\/\/welaikaadv.site\/avviso\/home\/cosa-facciamo\/informare\/documenti-tematici\/gioco-dazzardo\/il-tar-di-catania-conferma-lordinanza-del-sindaco-di-messina-relativa-agli-orari-di-apertura-delle-sale-gioco-e-di-funzionamento-degli-apparecchi\/#breadcrumb"},"inLanguage":"it-IT","potentialAction":[{"@type":"ReadAction","target":["https:\/\/welaikaadv.site\/avviso\/home\/cosa-facciamo\/informare\/documenti-tematici\/gioco-dazzardo\/il-tar-di-catania-conferma-lordinanza-del-sindaco-di-messina-relativa-agli-orari-di-apertura-delle-sale-gioco-e-di-funzionamento-degli-apparecchi\/"]}]},{"@type":"BreadcrumbList","@id":"https:\/\/welaikaadv.site\/avviso\/home\/cosa-facciamo\/informare\/documenti-tematici\/gioco-dazzardo\/il-tar-di-catania-conferma-lordinanza-del-sindaco-di-messina-relativa-agli-orari-di-apertura-delle-sale-gioco-e-di-funzionamento-degli-apparecchi\/#breadcrumb","itemListElement":[{"@type":"ListItem","position":1,"name":"Home","item":"https:\/\/welaikaadv.site\/avviso\/"},{"@type":"ListItem","position":2,"name":"IL TAR DI CATANIA CONFERMA L\u2019ORDINANZA DEL SINDACO DI MESSINA RELATIVA AGLI ORARI DI APERTURA DELLE SALE GIOCO E DI FUNZIONAMENTO DEGLI APPARECCHI"}]},{"@type":"WebSite","@id":"https:\/\/welaikaadv.site\/avviso\/#website","url":"https:\/\/welaikaadv.site\/avviso\/","name":"Staging Avviso Pubblico","description":"","publisher":{"@id":"https:\/\/welaikaadv.site\/avviso\/#organization"},"potentialAction":[{"@type":"SearchAction","target":{"@type":"EntryPoint","urlTemplate":"https:\/\/welaikaadv.site\/avviso\/?s={search_term_string}"},"query-input":{"@type":"PropertyValueSpecification","valueRequired":true,"valueName":"search_term_string"}}],"inLanguage":"it-IT"},{"@type":"Organization","@id":"https:\/\/welaikaadv.site\/avviso\/#organization","name":"Staging Avviso Pubblico","url":"https:\/\/welaikaadv.site\/avviso\/","logo":{"@type":"ImageObject","inLanguage":"it-IT","@id":"https:\/\/welaikaadv.site\/avviso\/#\/schema\/logo\/image\/","url":"https:\/\/welaikaadv.site\/avviso\/wp-content\/uploads\/2024\/08\/logoAPsito-400.png","contentUrl":"https:\/\/welaikaadv.site\/avviso\/wp-content\/uploads\/2024\/08\/logoAPsito-400.png","width":400,"height":97,"caption":"Staging Avviso Pubblico"},"image":{"@id":"https:\/\/welaikaadv.site\/avviso\/#\/schema\/logo\/image\/"}}]}},"_links":{"self":[{"href":"https:\/\/welaikaadv.site\/avviso\/wp-json\/wp\/v2\/pages\/39537","targetHints":{"allow":["GET"]}}],"collection":[{"href":"https:\/\/welaikaadv.site\/avviso\/wp-json\/wp\/v2\/pages"}],"about":[{"href":"https:\/\/welaikaadv.site\/avviso\/wp-json\/wp\/v2\/types\/page"}],"author":[{"embeddable":true,"href":"https:\/\/welaikaadv.site\/avviso\/wp-json\/wp\/v2\/users\/1"}],"replies":[{"embeddable":true,"href":"https:\/\/welaikaadv.site\/avviso\/wp-json\/wp\/v2\/comments?post=39537"}],"version-history":[{"count":0,"href":"https:\/\/welaikaadv.site\/avviso\/wp-json\/wp\/v2\/pages\/39537\/revisions"}],"up":[{"embeddable":true,"href":"https:\/\/welaikaadv.site\/avviso\/wp-json\/wp\/v2\/pages\/202"}],"wp:attachment":[{"href":"https:\/\/welaikaadv.site\/avviso\/wp-json\/wp\/v2\/media?parent=39537"}],"curies":[{"name":"wp","href":"https:\/\/api.w.org\/{rel}","templated":true}]}}