{"id":41676,"date":"2021-03-22T07:14:21","date_gmt":"2021-03-22T06:14:21","guid":{"rendered":"https:\/\/www.avvisopubblico.it\/home\/?page_id=41676"},"modified":"2021-03-22T07:14:21","modified_gmt":"2021-03-22T06:14:21","slug":"il-tar-dellemilia-romagna-si-pronuncia-sul-distanziometro-nel-comune-di-riccione","status":"publish","type":"page","link":"https:\/\/welaikaadv.site\/avviso\/home\/cosa-facciamo\/informare\/documenti-tematici\/gioco-dazzardo\/il-tar-dellemilia-romagna-si-pronuncia-sul-distanziometro-nel-comune-di-riccione\/","title":{"rendered":"IL TAR DELL\u2019EMILIA-ROMAGNA SI PRONUNCIA SUL DISTANZIOMETRO NEL COMUNE DI RICCIONE"},"content":{"rendered":"<p><strong>La normativa e il caso.<\/strong> Il Consiglio Comunale di Riccione (Rn) ha approvato, con delibera 34\/2018, il <a href=\"https:\/\/www.comune.riccione.rn.it\/Engine\/RAServeFile.php\/f\/REGOL._gioco_azzardo_lecito_del.C.C.n.34_del_14.11.2018.pdf\">Regolamento delle Sale da gioco<\/a> e, successivamente, la Giunta Comunale \u00e8 intervenuta con la delibera 200\/2018 per effettuare la <a href=\"http:\/\/www.legalita.net\/azzardo\/wp-content\/uploads\/sites\/2\/2018\/06\/Riccione-dlg_00200_21-06-2018.pdf\">Rideterminazione della mappatura dei luoghi sensibili<\/a> ai sensi della Delibera della Giunta Regionale 831\/2017.<\/p>\n<p>Avverso questi atti e avverso i provvedimenti con cui il Comune di Riccione ha prima disposto la chiusura dell\u2019attivit\u00e0, concedendo un termine semestrale, e poi, alla scadenza di questo, accertata la mancata ottemperanza, ha vietato la prosecuzione dell\u2019attivit\u00e0 stessa, la Sala Bingo interessata dai provvedimenti ha presentato ricorso.<\/p>\n<p>L\u2019istanza cautelare presentata \u00e8 stata respinta, sia dal TAR Emilia-Romagna, ordinanza <a href=\"https:\/\/www.giustizia-amministrativa.it\/portale\/pages\/istituzionale\/visualizza\/?nodeRef=&amp;schema=tar_bo&amp;nrg=201900124&amp;nomeFile=201900238_05.html&amp;subDir=Provvedimenti\">238\/2019<\/a>, sia dal Consiglio di Stato, ordinanza <a href=\"https:\/\/www.giustizia-amministrativa.it\/portale\/pages\/istituzionale\/visualizza\/?nodeRef=&amp;schema=cds&amp;nrg=202000603&amp;nomeFile=202000703_15.html&amp;subDir=Provvedimenti\">703\/2020<\/a>.<\/p>\n<p>Sul ricorso, il TAR Emilia-Romagna si \u00e8 pronunciato con la <a href=\"https:\/\/www.giustizia-amministrativa.it\/portale\/pages\/istituzionale\/visualizza\/?nodeRef=&amp;schema=tar_bo&amp;nrg=201900124&amp;nomeFile=202100258_01.html&amp;subDir=Provvedimenti\">sentenza 258\/2021<\/a> che qui si analizza.<\/p>\n<p><strong>Lo strumento utilizzato per la mappatura dei luoghi sensibili.<\/strong> Il Collegio per prima cosa respinge la censura di incompetenza sollevata dal ricorrente rispetto allo strumento utilizzato. Asseriva infatti la Sala Bingo che la Giunta Comunale fosse incompetente ad effettuare la mappatura dei luoghi sensibili, essendo invece ci\u00f2 rientrante nelle prerogative del Consiglio Comunale, organo al quale sarebbe \u201cattribuito il potere di adottare deliberazioni in materia di previsioni urbanistico-territoriali\u201d.<\/p>\n<p>Di diverso avviso \u00e8 il Collegio che ricorda che \u201cla citata deliberazione giuntale non costituisce atto pianificatorio di natura urbanistico-territoriale, vertendo essa, invece, sulla specifica materia della disciplina regionale della lotta alla ludopatia di cui alla <a href=\"https:\/\/demetra.regione.emilia-romagna.it\/al\/articolo?urn=er:assemblealegislativa:legge:2013;5&amp;dl_t=text\/xml&amp;dl_a=y&amp;dl_id=10&amp;pr=idx,0;artic,1;articparziale,0&amp;ev=1\">L.R. Emilia \u2013 Romagna n. 5 del 2013<\/a>\u201d, che attribuisce l\u2019individuazione e la mappatura dei luoghi sensibili alla Giunta.<\/p>\n<p>Queste previsioni, peraltro, non devono soggiacere \u201cal regime procedimentale del c.d. doppio binario (con fase di adozione e successiva fase di approvazione), quale previsto, invece, per gli atti pianificatori comunali in materia urbanistica\u201d. In altri termini, l\u2019operazione di mappatura dei luoghi sensibili che segue alla delibera regionale viene sganciata rispetto all\u2019iter relativo alle previsioni urbanistiche.<\/p>\n<p><strong>L\u2019individuazione dei luoghi sensibili nel provvedimento.<\/strong> Il ricorrente lamenta, inoltre, che il provvedimento comunale con cui l\u2019attivit\u00e0 \u00e8 stata chiusa, previo termine di 6 mesi per procedere ad eventuale rilocalizzazione, sarebbe carente dell\u2019individuazione dei luoghi sensibili che, in concreto, determinerebbero il provvedimento stesso.<\/p>\n<p>Il TAR non accoglie questo motivo di ricorso: nel provvedimento sono indicati gli atti comunali in cui vengono espressamente individuati tutti i luoghi sensibili e, pertanto, la motivazione <em>per relationem<\/em> cos\u00ec riportata deve ritenersi sufficiente a fondare il provvedimento in esame.<\/p>\n<p>Analogo ragionamento viene poi fatto rispetto alla questione del criterio utilizzato per il calcolo della distanza: il Regolamento comunale gi\u00e0 individua il criterio in quello del percorso pedonale pi\u00f9 breve e, dunque, il riferimento a questo atto \u00e8 sufficiente ai fini della motivazione su questo punto.<\/p>\n<p><strong>L\u2019effetto espulsivo.<\/strong> Il cuore dell\u2019argomentazione della Sala Bingo \u00e8 relativo all\u2019asserito effetto espulsivo che il distanziometro, per come \u00e8 stato configurato nel Comune di Riccione, determinerebbe rispetto alle attivit\u00e0 del gioco lecito. Nel caso di specie, peraltro, la questione si arricchisce anche a causa dell\u2019intervento dell\u2019Agenzia delle Dogane e dei Monopoli che ha espresso diniego alla richiesta dell\u2019esercente di spostare l\u2019attivit\u00e0 in altro Comune limitrofo a quello di Riccione: tale provvedimento non \u00e8 stato oggetto di impugnazione.<\/p>\n<p>Il TAR nel ricostruire la vicenda ha rilevato come \u201cil provvedimento negativo dell\u2019Agenzia delle Dogane e dei Monopoli, per essere pi\u00f9 efficacemente opposto agli enti territoriali parti resistenti nel presente giudizio a tale precisato, specifico scopo, avrebbe dovuto essere impugnato dalla ricorrente, in modo da consentire il contraddittorio processuale e il sindacato giurisdizionale di legittimit\u00e0 su tale atto adottato da una delle parti in causa nel presente giudizio\u201d.<\/p>\n<p>A ci\u00f2 si aggiunge il fatto che anche le richieste presentate dalla sala bingo al Comune affinch\u00e9 venissero indicate altre zone del territorio comunale idonee ad ospitare l\u2019attivit\u00e0 della ricorrente da trasferire sono rimaste senza risposta: anche in questa circostanza, il Collegio ritiene che la societ\u00e0 \u201cavrebbe dovuto non limitarsi a prendere atto del silenzio serbato dal Comune sull\u2019atto di significazione, dovendo essa pi\u00f9 efficacemente procedere con azione ex art. 117 Cod. proc. amm. [rubricato \u201cricorsi avverso il silenzio\u201d], al fine di fare accertare, dal giudice amministrativo, l\u2019eventuale illegittimit\u00e0 del silenzio serbato dal Comune su tale atto monitorio, in tal modo consentendo, anche in questo caso, sia il contraddittorio processuale sia il sindacato giurisdizionale di legittimit\u00e0 su tale comportamento inerte del Comune\u201d.<\/p>\n<p>Tutte queste considerazioni evidenzierebbero un comportamento \u201cmeramente acquiescente\u201d che, per\u00f2, non concorre, a detta dei giudici, in alcun modo alla dimostrazione della sussistenza dell\u2019effetto espulsivo nel territorio comunale.<\/p>\n<p>A questo scopo, infine, non \u00e8 nemmeno utile la consulenza tecnica presentata dalla sala bingo: da questa risultano, infatti, chiaramente delle zone periferiche in cui l\u2019insediamento sarebbe possibile. A tal proposito il TAR ribadisce l\u2019orientamento, gi\u00e0 espresso nella sentenza <a href=\"https:\/\/welaikaadv.site\/avviso\/home\/cosa-facciamo\/informare\/documenti-tematici\/gioco-dazzardo\/il-tar-emilia-romagna-si-pronuncia-sulleffetto-espulsivo-generato-dal-distanziometro\/\">703\/2020<\/a> secondo cui l\u2019effetto espulsivo \u201cnon si determina, laddove risulti confermata l\u2019esistenza di aree all\u2019uopo idonee, anche se di superficie pari ad una minuscola porzione di territorio superstite (nella causa citata l\u2019area \u201clibera\u201d era di mq. 0,39 corrispondente allo 0,28% della superficie del territorio comunale)\u201d.<\/p>\n<p style=\"text-align: right;\">(<em>a cura di <strong>Marco De Pasquale<\/strong>, <\/em><em>Master APC Universit\u00e0 di Pisa<\/em>)<\/p>\n","protected":false},"excerpt":{"rendered":"<p>La normativa e il caso. Il Consiglio Comunale di Riccione (Rn) ha approvato, con delibera 34\/2018, il Regolamento delle Sale da gioco e, successivamente, la&nbsp;<span class=\"hellipsis\">[&hellip;]<\/span><a class=\"more-link\" href=\"https:\/\/welaikaadv.site\/avviso\/home\/cosa-facciamo\/informare\/documenti-tematici\/gioco-dazzardo\/il-tar-dellemilia-romagna-si-pronuncia-sul-distanziometro-nel-comune-di-riccione\/\">Leggi tutto <span class=\"screen-reader-text\">IL TAR DELL\u2019EMILIA-ROMAGNA SI PRONUNCIA SUL DISTANZIOMETRO NEL COMUNE DI RICCIONE<\/span> <span class=\"meta-nav\" aria-hidden=\"true\">&rarr;<\/span><\/a><\/p>\n","protected":false},"author":1,"featured_media":0,"parent":202,"menu_order":160,"comment_status":"closed","ping_status":"closed","template":"","meta":{"_acf_changed":false,"_exactmetrics_skip_tracking":false,"_exactmetrics_sitenote_active":false,"_exactmetrics_sitenote_note":"","_exactmetrics_sitenote_category":0,"wp_social_preview_title":"","wp_social_preview_description":"","wp_social_preview_image":0,"footnotes":""},"class_list":["post-41676","page","type-page","status-publish","hentry"],"acf":[],"yoast_head":"<!-- This site is optimized with the Yoast SEO plugin v27.2 - https:\/\/yoast.com\/product\/yoast-seo-wordpress\/ -->\n<title>IL TAR DELL\u2019EMILIA-ROMAGNA SI PRONUNCIA SUL DISTANZIOMETRO NEL COMUNE DI RICCIONE - Staging Avviso Pubblico<\/title>\n<meta name=\"robots\" content=\"noindex, follow, max-snippet:-1, max-image-preview:large, max-video-preview:-1\" \/>\n<meta property=\"og:locale\" content=\"it_IT\" \/>\n<meta property=\"og:type\" content=\"article\" \/>\n<meta property=\"og:title\" content=\"IL TAR DELL\u2019EMILIA-ROMAGNA SI PRONUNCIA SUL DISTANZIOMETRO NEL COMUNE DI RICCIONE - Staging Avviso Pubblico\" \/>\n<meta property=\"og:description\" content=\"La normativa e il caso. Il Consiglio Comunale di Riccione (Rn) ha approvato, con delibera 34\/2018, il Regolamento delle Sale da gioco e, successivamente, la&nbsp;[&hellip;]Leggi tutto IL TAR DELL\u2019EMILIA-ROMAGNA SI PRONUNCIA SUL DISTANZIOMETRO NEL COMUNE DI RICCIONE &rarr;\" \/>\n<meta property=\"og:url\" content=\"https:\/\/welaikaadv.site\/avviso\/home\/cosa-facciamo\/informare\/documenti-tematici\/gioco-dazzardo\/il-tar-dellemilia-romagna-si-pronuncia-sul-distanziometro-nel-comune-di-riccione\/\" \/>\n<meta property=\"og:site_name\" content=\"Staging Avviso Pubblico\" \/>\n<meta name=\"twitter:card\" content=\"summary_large_image\" \/>\n<meta name=\"twitter:label1\" content=\"Tempo di lettura stimato\" \/>\n\t<meta name=\"twitter:data1\" content=\"4 minuti\" \/>\n<script type=\"application\/ld+json\" class=\"yoast-schema-graph\">{\"@context\":\"https:\/\/schema.org\",\"@graph\":[{\"@type\":\"WebPage\",\"@id\":\"https:\/\/welaikaadv.site\/avviso\/home\/cosa-facciamo\/informare\/documenti-tematici\/gioco-dazzardo\/il-tar-dellemilia-romagna-si-pronuncia-sul-distanziometro-nel-comune-di-riccione\/\",\"url\":\"https:\/\/welaikaadv.site\/avviso\/home\/cosa-facciamo\/informare\/documenti-tematici\/gioco-dazzardo\/il-tar-dellemilia-romagna-si-pronuncia-sul-distanziometro-nel-comune-di-riccione\/\",\"name\":\"IL TAR DELL\u2019EMILIA-ROMAGNA SI PRONUNCIA SUL DISTANZIOMETRO NEL COMUNE DI RICCIONE - Staging Avviso Pubblico\",\"isPartOf\":{\"@id\":\"https:\/\/welaikaadv.site\/avviso\/#website\"},\"datePublished\":\"2021-03-22T06:14:21+00:00\",\"breadcrumb\":{\"@id\":\"https:\/\/welaikaadv.site\/avviso\/home\/cosa-facciamo\/informare\/documenti-tematici\/gioco-dazzardo\/il-tar-dellemilia-romagna-si-pronuncia-sul-distanziometro-nel-comune-di-riccione\/#breadcrumb\"},\"inLanguage\":\"it-IT\",\"potentialAction\":[{\"@type\":\"ReadAction\",\"target\":[\"https:\/\/welaikaadv.site\/avviso\/home\/cosa-facciamo\/informare\/documenti-tematici\/gioco-dazzardo\/il-tar-dellemilia-romagna-si-pronuncia-sul-distanziometro-nel-comune-di-riccione\/\"]}]},{\"@type\":\"BreadcrumbList\",\"@id\":\"https:\/\/welaikaadv.site\/avviso\/home\/cosa-facciamo\/informare\/documenti-tematici\/gioco-dazzardo\/il-tar-dellemilia-romagna-si-pronuncia-sul-distanziometro-nel-comune-di-riccione\/#breadcrumb\",\"itemListElement\":[{\"@type\":\"ListItem\",\"position\":1,\"name\":\"Home\",\"item\":\"https:\/\/welaikaadv.site\/avviso\/\"},{\"@type\":\"ListItem\",\"position\":2,\"name\":\"IL TAR DELL\u2019EMILIA-ROMAGNA SI PRONUNCIA SUL DISTANZIOMETRO NEL COMUNE DI RICCIONE\"}]},{\"@type\":\"WebSite\",\"@id\":\"https:\/\/welaikaadv.site\/avviso\/#website\",\"url\":\"https:\/\/welaikaadv.site\/avviso\/\",\"name\":\"Staging Avviso Pubblico\",\"description\":\"\",\"publisher\":{\"@id\":\"https:\/\/welaikaadv.site\/avviso\/#organization\"},\"potentialAction\":[{\"@type\":\"SearchAction\",\"target\":{\"@type\":\"EntryPoint\",\"urlTemplate\":\"https:\/\/welaikaadv.site\/avviso\/?s={search_term_string}\"},\"query-input\":{\"@type\":\"PropertyValueSpecification\",\"valueRequired\":true,\"valueName\":\"search_term_string\"}}],\"inLanguage\":\"it-IT\"},{\"@type\":\"Organization\",\"@id\":\"https:\/\/welaikaadv.site\/avviso\/#organization\",\"name\":\"Staging Avviso Pubblico\",\"url\":\"https:\/\/welaikaadv.site\/avviso\/\",\"logo\":{\"@type\":\"ImageObject\",\"inLanguage\":\"it-IT\",\"@id\":\"https:\/\/welaikaadv.site\/avviso\/#\/schema\/logo\/image\/\",\"url\":\"https:\/\/welaikaadv.site\/avviso\/wp-content\/uploads\/2024\/08\/logoAPsito-400.png\",\"contentUrl\":\"https:\/\/welaikaadv.site\/avviso\/wp-content\/uploads\/2024\/08\/logoAPsito-400.png\",\"width\":400,\"height\":97,\"caption\":\"Staging Avviso Pubblico\"},\"image\":{\"@id\":\"https:\/\/welaikaadv.site\/avviso\/#\/schema\/logo\/image\/\"}}]}<\/script>\n<!-- \/ Yoast SEO plugin. -->","yoast_head_json":{"title":"IL TAR DELL\u2019EMILIA-ROMAGNA SI PRONUNCIA SUL DISTANZIOMETRO NEL COMUNE DI RICCIONE - Staging Avviso Pubblico","robots":{"index":"noindex","follow":"follow","max-snippet":"max-snippet:-1","max-image-preview":"max-image-preview:large","max-video-preview":"max-video-preview:-1"},"og_locale":"it_IT","og_type":"article","og_title":"IL TAR DELL\u2019EMILIA-ROMAGNA SI PRONUNCIA SUL DISTANZIOMETRO NEL COMUNE DI RICCIONE - Staging Avviso Pubblico","og_description":"La normativa e il caso. Il Consiglio Comunale di Riccione (Rn) ha approvato, con delibera 34\/2018, il Regolamento delle Sale da gioco e, successivamente, la&nbsp;[&hellip;]Leggi tutto IL TAR DELL\u2019EMILIA-ROMAGNA SI PRONUNCIA SUL DISTANZIOMETRO NEL COMUNE DI RICCIONE &rarr;","og_url":"https:\/\/welaikaadv.site\/avviso\/home\/cosa-facciamo\/informare\/documenti-tematici\/gioco-dazzardo\/il-tar-dellemilia-romagna-si-pronuncia-sul-distanziometro-nel-comune-di-riccione\/","og_site_name":"Staging Avviso Pubblico","twitter_card":"summary_large_image","twitter_misc":{"Tempo di lettura stimato":"4 minuti"},"schema":{"@context":"https:\/\/schema.org","@graph":[{"@type":"WebPage","@id":"https:\/\/welaikaadv.site\/avviso\/home\/cosa-facciamo\/informare\/documenti-tematici\/gioco-dazzardo\/il-tar-dellemilia-romagna-si-pronuncia-sul-distanziometro-nel-comune-di-riccione\/","url":"https:\/\/welaikaadv.site\/avviso\/home\/cosa-facciamo\/informare\/documenti-tematici\/gioco-dazzardo\/il-tar-dellemilia-romagna-si-pronuncia-sul-distanziometro-nel-comune-di-riccione\/","name":"IL TAR DELL\u2019EMILIA-ROMAGNA SI PRONUNCIA SUL DISTANZIOMETRO NEL COMUNE DI RICCIONE - Staging Avviso Pubblico","isPartOf":{"@id":"https:\/\/welaikaadv.site\/avviso\/#website"},"datePublished":"2021-03-22T06:14:21+00:00","breadcrumb":{"@id":"https:\/\/welaikaadv.site\/avviso\/home\/cosa-facciamo\/informare\/documenti-tematici\/gioco-dazzardo\/il-tar-dellemilia-romagna-si-pronuncia-sul-distanziometro-nel-comune-di-riccione\/#breadcrumb"},"inLanguage":"it-IT","potentialAction":[{"@type":"ReadAction","target":["https:\/\/welaikaadv.site\/avviso\/home\/cosa-facciamo\/informare\/documenti-tematici\/gioco-dazzardo\/il-tar-dellemilia-romagna-si-pronuncia-sul-distanziometro-nel-comune-di-riccione\/"]}]},{"@type":"BreadcrumbList","@id":"https:\/\/welaikaadv.site\/avviso\/home\/cosa-facciamo\/informare\/documenti-tematici\/gioco-dazzardo\/il-tar-dellemilia-romagna-si-pronuncia-sul-distanziometro-nel-comune-di-riccione\/#breadcrumb","itemListElement":[{"@type":"ListItem","position":1,"name":"Home","item":"https:\/\/welaikaadv.site\/avviso\/"},{"@type":"ListItem","position":2,"name":"IL TAR DELL\u2019EMILIA-ROMAGNA SI PRONUNCIA SUL DISTANZIOMETRO NEL COMUNE DI RICCIONE"}]},{"@type":"WebSite","@id":"https:\/\/welaikaadv.site\/avviso\/#website","url":"https:\/\/welaikaadv.site\/avviso\/","name":"Staging Avviso Pubblico","description":"","publisher":{"@id":"https:\/\/welaikaadv.site\/avviso\/#organization"},"potentialAction":[{"@type":"SearchAction","target":{"@type":"EntryPoint","urlTemplate":"https:\/\/welaikaadv.site\/avviso\/?s={search_term_string}"},"query-input":{"@type":"PropertyValueSpecification","valueRequired":true,"valueName":"search_term_string"}}],"inLanguage":"it-IT"},{"@type":"Organization","@id":"https:\/\/welaikaadv.site\/avviso\/#organization","name":"Staging Avviso Pubblico","url":"https:\/\/welaikaadv.site\/avviso\/","logo":{"@type":"ImageObject","inLanguage":"it-IT","@id":"https:\/\/welaikaadv.site\/avviso\/#\/schema\/logo\/image\/","url":"https:\/\/welaikaadv.site\/avviso\/wp-content\/uploads\/2024\/08\/logoAPsito-400.png","contentUrl":"https:\/\/welaikaadv.site\/avviso\/wp-content\/uploads\/2024\/08\/logoAPsito-400.png","width":400,"height":97,"caption":"Staging Avviso Pubblico"},"image":{"@id":"https:\/\/welaikaadv.site\/avviso\/#\/schema\/logo\/image\/"}}]}},"_links":{"self":[{"href":"https:\/\/welaikaadv.site\/avviso\/wp-json\/wp\/v2\/pages\/41676","targetHints":{"allow":["GET"]}}],"collection":[{"href":"https:\/\/welaikaadv.site\/avviso\/wp-json\/wp\/v2\/pages"}],"about":[{"href":"https:\/\/welaikaadv.site\/avviso\/wp-json\/wp\/v2\/types\/page"}],"author":[{"embeddable":true,"href":"https:\/\/welaikaadv.site\/avviso\/wp-json\/wp\/v2\/users\/1"}],"replies":[{"embeddable":true,"href":"https:\/\/welaikaadv.site\/avviso\/wp-json\/wp\/v2\/comments?post=41676"}],"version-history":[{"count":0,"href":"https:\/\/welaikaadv.site\/avviso\/wp-json\/wp\/v2\/pages\/41676\/revisions"}],"up":[{"embeddable":true,"href":"https:\/\/welaikaadv.site\/avviso\/wp-json\/wp\/v2\/pages\/202"}],"wp:attachment":[{"href":"https:\/\/welaikaadv.site\/avviso\/wp-json\/wp\/v2\/media?parent=41676"}],"curies":[{"name":"wp","href":"https:\/\/api.w.org\/{rel}","templated":true}]}}