{"id":42237,"date":"2021-05-02T10:53:15","date_gmt":"2021-05-02T08:53:15","guid":{"rendered":"https:\/\/www.avvisopubblico.it\/home\/?page_id=42237"},"modified":"2021-05-02T10:53:15","modified_gmt":"2021-05-02T08:53:15","slug":"il-consiglio-di-stato-si-pronuncia-sul-distanziometro-nel-comune-di-bologna","status":"publish","type":"page","link":"https:\/\/welaikaadv.site\/avviso\/home\/cosa-facciamo\/informare\/documenti-tematici\/gioco-dazzardo\/il-consiglio-di-stato-si-pronuncia-sul-distanziometro-nel-comune-di-bologna\/","title":{"rendered":"IL CONSIGLIO DI STATO SI PRONUNCIA SUL DISTANZIOMETRO NEL COMUNE DI BOLOGNA"},"content":{"rendered":"<p><strong>La normativa e il caso.<\/strong> La <a href=\"https:\/\/welaikaadv.site\/avviso\/home\/cosa-facciamo\/informare\/documenti-tematici\/gioco-dazzardo\/la-normativa-dellemilia-romagna-per-il-contrasto-del-gioco-dazzardo-patologico\/\">legge regionale 5\/2013 dell\u2019Emilia-Romagna<\/a>, come modificata, prevede all\u2019art. 6 l\u2019introduzione dello strumento del distanziometro (quantificato in 500 metri) rispetto ad una serie di luoghi sensibili puntualmente elencati (ed eventualmente ampliabili dal Comune sulla base di altre particolari esigenze). Con la <a href=\"https:\/\/welaikaadv.site\/avviso\/wp-content\/uploads\/2017\/06\/Regione-Emilia-Romagna_Delibera-di-giunta_831_12.6.2017.pdf\">delibera della Giunta regionale 831\/2017<\/a>, viene specificato che \u201cil divieto (&#8230;) si applica sia con riguardo alla nuova apertura di sale giochi e sale scommesse sia alle sale giochi e sale scommesse in esercizio\u201d; in questa sede, inoltre, viene previsto un periodo di sei mesi (prorogabile di ulteriori sei) tra l\u2019accertamento della violazione della distanza e la chiusura per consentire una rilocalizzazione delle attivit\u00e0.<\/p>\n<p>Il Comune di Bologna ha recepito queste previsioni nel <a href=\"https:\/\/welaikaadv.site\/avviso\/home\/cosa-facciamo\/informare\/documenti-tematici\/gioco-dazzardo\/il-nuovo-regolamento-del-comune-di-bologna-per-il-contrasto-del-gioco-dazzardo\/\">Regolamento per la prevenzione e il contrasto delle patologie e delle problematiche legate al gioco lecito d\u2019azzardo<\/a> approvato il 14 maggio 2018.<\/p>\n<p><strong>Il caso.<\/strong> Avverso questi atti ha presentato ricorso straordinario al Presidente della Repubblica una titolare di un\u2019attivit\u00e0 di CTD per un bookmaker, sollevando una serie di censure anche rispetto al rigetto della richiesta di proroga e al provvedimento di chiusura dell\u2019esercizio (in quanto non rispettoso del limite di 500 metri da un luogo sensibile, nello specifico un luogo di culto). Sul ricorso si \u00e8 espresso il Consiglio di Stato con il <a href=\"https:\/\/www.giustizia-amministrativa.it\/portale\/pages\/istituzionale\/visualizza\/?nodeRef=&amp;schema=consul&amp;nrg=202001286&amp;nomeFile=202100686_27.html&amp;subDir=Provvedimenti\">parere definitivo 686\/2021<\/a> che qui si analizza.<\/p>\n<p><strong>Sull\u2019istruttoria.<\/strong> La ricorrente anzitutto lamenta un difetto di istruttoria rispetto al provvedimento di chiusura indirizzato nei suoi confronti.<\/p>\n<p>Il Consiglio di Stato respinge questa censura, richiamando quanto espresso nelle leggi regionali sul gioco dell\u2019Emilia-Romagna, nella delibera di Giunta 831\/2017 e nel Regolamento del Comune di Bologna. Quest\u2019ultimo, nello specifico, richiama una serie di studi scientifici, sia di rango nazionale (lo studio Eurispes) sia di interesse locale (il Rapporto per l\u2019anno 2016 dell\u2019Osservatorio Epidemiologico Metropolitano Dipendenze Patologiche-AUSL di Bologna), in cui emerge una crescita dei casi di ludopatia nel territorio comunale interessato. La lamentata carenza sul piano istruttorio non si configura, rispetto al provvedimento di chiusura, proprio perch\u00e9 in quest\u2019ultimo sono specificamente indicati questi atti (e in particolare il Regolamento comunale) forniti di attivit\u00e0 istruttoria.<\/p>\n<p><strong>Il principio di proporzionalit\u00e0. <\/strong>Il Collegio si esprime contrariamente anche in ordine alla censura relativa all\u2019asserita violazione del principio di proporzionalit\u00e0 degli atti impugnati.<\/p>\n<p>Anche richiamando un\u2019ampia giurisprudenza sul punto (tra cui, ad esempio, la sentenza <a href=\"https:\/\/www.giustizia-amministrativa.it\/portale\/pages\/istituzionale\/visualizza\/?nodeRef=&amp;schema=cds&amp;nrg=201905105&amp;nomeFile=202005223_11.html&amp;subDir=Provvedimenti\">5223\/2020<\/a> del Consiglio di Stato), si afferma che il test di proporzionalit\u00e0 (idoneit\u00e0 del mezzo, stretta necessit\u00e0, adeguatezza) delle misure del distanziometro \u00e8 da ritenersi correttamente superato dal momento che tali previsioni sono in grado di raggiugere l\u2019obiettivo di tutelare le fasce pi\u00f9 deboli della popolazione dalle insidie del gioco comportando, allo stesso tempo, il minor sacrificio possibile per il privato.<\/p>\n<p>Tali considerazioni non sono intaccate dalla circostanza che vi sono altre forme di gioco, anche illegali, comunque a disposizione del consumatore che non possono essere vengono prese in esame: \u201cla parzialit\u00e0 delle limitazioni adottate non ne esclude la legittimit\u00e0, non potendosene negare adeguatezza, idoneit\u00e0 e proporzionalit\u00e0 rispetto agli obiettivi perseguiti, ancorch\u00e9 questi ultimi possano essere meritevoli e bisognosi di ulteriori ed anche pi\u00f9 intensi interventi\u201d.<\/p>\n<p><strong>Sulla proroga prevista dalla legge regionale.<\/strong> Il Collegio ha modo di esprimersi anche rispetto alla circostanza che \u201cle disposizioni regolamentari disciplinatrici della materia non prevedono l\u2019immediata chiusura degli esercizi esistenti nei luoghi in cui viene ad operare il limite distanziale, prevedendo che la stessa sia preceduta (\u2026) da una comunicazione preventiva, costituente invito alla delocalizzazione nel termine di sei mesi; termine questo che pu\u00f2 essere ulteriormente prorogato in presenza di determinate circostanze che comprovino la seriet\u00e0 dell\u2019intento di delocalizzare\u201d.<\/p>\n<p>Si tratta, a parere del Consiglio di Stato, di un \u201crilevante elemento di tutela dell\u2019operatore economico\u201d, che ha cos\u00ec il tempo di \u201cdi svolgere tutte le attivit\u00e0 necessarie al reperimento di nuovi locali continuando, nelle more, l\u2019esercizio dell\u2019attivit\u00e0, salvaguardando in tal modo sia i suoi interessi economici sia quelli lavorativi dei dipendenti che siano eventualmente impiegati nella struttura\u201d.<\/p>\n<p><strong>Sull\u2019effetto espulsivo.<\/strong> Il Consiglio di Stato, inoltre, \u00e8 chiamato ad esprimersi in merito all\u2019effetto espulsivo che, a detta della ricorrente, discenderebbe dall\u2019applicazione del distanziometro. Tale censura sarebbe, tuttavia, sguarnita di prova poich\u00e9 il ricorrente non ha prodotto \u201calcuna documentazione ovvero elaborato tecnico volto a dimostrare, in relazione alla disciplina urbanistica di zona del Comune, che, applicando i limiti distanziali per i luoghi sensibili individuati dall\u2019ente, non residua alcuna possibilit\u00e0 di allocazione degli esercizi di raccolta del gioco e delle scommesse\u201d. Anzi, sottolinea il Collegio che il Comune ha invece prospettato come vi siano state altre imprese, raggiunte dall\u2019invito a delocalizzare, che hanno reperito altri locali in cui trasferire l\u2019esercizio.<\/p>\n<p>Pertanto, richiamando la sentenza <a href=\"https:\/\/welaikaadv.site\/avviso\/home\/cosa-facciamo\/informare\/documenti-tematici\/gioco-dazzardo\/il-consiglio-di-stato-si-pronuncia-sulle-limitazioni-orarie-e-il-distanziometro-nel-comune-di-domodossola-vb\/?hilite=%278298%2F2019%27\">8298\/2019<\/a> del Consiglio di Stato, si ribadisce che \u201cin presenza della astratta possibilit\u00e0 di delocalizzazione in altre aree del territorio comunale, la sua difficile attuazione in concreto, in ragione del fatto che non risultano esistenti locali commerciali liberi, \u00e8 elemento irrilevante, in quanto non si tratta di una conseguenza imputabile alla misura restrittiva oggetto di contestazione e, dunque, di una barriera all\u2019ingresso di carattere normativo, ma piuttosto di un impedimento meramente fattuale, dipendente dallo stato di fatto dei luoghi\u201d.<\/p>\n<p><strong>Sull\u2019applicazione del distanziometro anche agli esercizi gi\u00e0 autorizzati.<\/strong> Anche sul punto dell\u2019applicazione dello strumento del distanziometro sia agli esercizi in attivit\u00e0 che a quelli di futuro avvio, il Consiglio di Stato avalla la scelta del Regolamento comunale (che discende dall\u2019impostazione a livello regionale): infatti, senza un\u2019applicazione generalizzata del divieto, il risultato sarebbe quello di compromettere la finalit\u00e0 di tutela della salute e di creare delle disparit\u00e0 di trattamento tra gli operatori economici, favorendo nei fatti una categoria rispetto alle altre.<\/p>\n<p><strong>L\u2019Intesa.<\/strong> Il Collegio recepisce anche l\u2019orientamento, maggioritario in giurisprudenza, rispetto all\u2019Intesa raggiunta in seno alla Conferenza Unificata Stato Autonomie locali. Respingendo la prospettazione che aveva fatto la ricorrente, viene ribadito come all\u2019Intesa non possa essere attribuita efficacia vincolante (non essendo stata recepita con decreto) e, in ogni caso, si ribadisce che questa fa espressamente salve le \u201cforme maggiori di tutela per la popolazione\u201d previste da Regioni e Province Autonome.<\/p>\n<p style=\"text-align: right;\">(<em>a cura di <strong>Marco De Pasquale<\/strong>, <\/em><em>Master APC Universit\u00e0 di Pisa<\/em>)<\/p>\n","protected":false},"excerpt":{"rendered":"<p>La normativa e il caso. La legge regionale 5\/2013 dell\u2019Emilia-Romagna, come modificata, prevede all\u2019art. 6 l\u2019introduzione dello strumento del distanziometro (quantificato in 500 metri) rispetto&nbsp;<span class=\"hellipsis\">[&hellip;]<\/span><a class=\"more-link\" href=\"https:\/\/welaikaadv.site\/avviso\/home\/cosa-facciamo\/informare\/documenti-tematici\/gioco-dazzardo\/il-consiglio-di-stato-si-pronuncia-sul-distanziometro-nel-comune-di-bologna\/\">Leggi tutto <span class=\"screen-reader-text\">IL CONSIGLIO DI STATO SI PRONUNCIA SUL DISTANZIOMETRO NEL COMUNE DI BOLOGNA<\/span> <span class=\"meta-nav\" aria-hidden=\"true\">&rarr;<\/span><\/a><\/p>\n","protected":false},"author":1,"featured_media":0,"parent":202,"menu_order":160,"comment_status":"closed","ping_status":"closed","template":"","meta":{"_acf_changed":false,"_exactmetrics_skip_tracking":false,"_exactmetrics_sitenote_active":false,"_exactmetrics_sitenote_note":"","_exactmetrics_sitenote_category":0,"wp_social_preview_title":"","wp_social_preview_description":"","wp_social_preview_image":0,"footnotes":""},"class_list":["post-42237","page","type-page","status-publish","hentry"],"acf":[],"yoast_head":"<!-- This site is optimized with the Yoast SEO plugin v27.2 - https:\/\/yoast.com\/product\/yoast-seo-wordpress\/ -->\n<title>IL CONSIGLIO DI STATO SI PRONUNCIA SUL DISTANZIOMETRO NEL COMUNE DI BOLOGNA - Staging Avviso Pubblico<\/title>\n<meta name=\"robots\" content=\"noindex, follow, max-snippet:-1, max-image-preview:large, max-video-preview:-1\" \/>\n<meta property=\"og:locale\" content=\"it_IT\" \/>\n<meta property=\"og:type\" content=\"article\" \/>\n<meta property=\"og:title\" content=\"IL CONSIGLIO DI STATO SI PRONUNCIA SUL DISTANZIOMETRO NEL COMUNE DI BOLOGNA - Staging Avviso Pubblico\" \/>\n<meta property=\"og:description\" content=\"La normativa e il caso. La legge regionale 5\/2013 dell\u2019Emilia-Romagna, come modificata, prevede all\u2019art. 6 l\u2019introduzione dello strumento del distanziometro (quantificato in 500 metri) rispetto&nbsp;[&hellip;]Leggi tutto IL CONSIGLIO DI STATO SI PRONUNCIA SUL DISTANZIOMETRO NEL COMUNE DI BOLOGNA &rarr;\" \/>\n<meta property=\"og:url\" content=\"https:\/\/welaikaadv.site\/avviso\/home\/cosa-facciamo\/informare\/documenti-tematici\/gioco-dazzardo\/il-consiglio-di-stato-si-pronuncia-sul-distanziometro-nel-comune-di-bologna\/\" \/>\n<meta property=\"og:site_name\" content=\"Staging Avviso Pubblico\" \/>\n<meta name=\"twitter:card\" content=\"summary_large_image\" \/>\n<meta name=\"twitter:label1\" content=\"Tempo di lettura stimato\" \/>\n\t<meta name=\"twitter:data1\" content=\"6 minuti\" \/>\n<script type=\"application\/ld+json\" class=\"yoast-schema-graph\">{\"@context\":\"https:\/\/schema.org\",\"@graph\":[{\"@type\":\"WebPage\",\"@id\":\"https:\/\/welaikaadv.site\/avviso\/home\/cosa-facciamo\/informare\/documenti-tematici\/gioco-dazzardo\/il-consiglio-di-stato-si-pronuncia-sul-distanziometro-nel-comune-di-bologna\/\",\"url\":\"https:\/\/welaikaadv.site\/avviso\/home\/cosa-facciamo\/informare\/documenti-tematici\/gioco-dazzardo\/il-consiglio-di-stato-si-pronuncia-sul-distanziometro-nel-comune-di-bologna\/\",\"name\":\"IL CONSIGLIO DI STATO SI PRONUNCIA SUL DISTANZIOMETRO NEL COMUNE DI BOLOGNA - Staging Avviso Pubblico\",\"isPartOf\":{\"@id\":\"https:\/\/welaikaadv.site\/avviso\/#website\"},\"datePublished\":\"2021-05-02T08:53:15+00:00\",\"breadcrumb\":{\"@id\":\"https:\/\/welaikaadv.site\/avviso\/home\/cosa-facciamo\/informare\/documenti-tematici\/gioco-dazzardo\/il-consiglio-di-stato-si-pronuncia-sul-distanziometro-nel-comune-di-bologna\/#breadcrumb\"},\"inLanguage\":\"it-IT\",\"potentialAction\":[{\"@type\":\"ReadAction\",\"target\":[\"https:\/\/welaikaadv.site\/avviso\/home\/cosa-facciamo\/informare\/documenti-tematici\/gioco-dazzardo\/il-consiglio-di-stato-si-pronuncia-sul-distanziometro-nel-comune-di-bologna\/\"]}]},{\"@type\":\"BreadcrumbList\",\"@id\":\"https:\/\/welaikaadv.site\/avviso\/home\/cosa-facciamo\/informare\/documenti-tematici\/gioco-dazzardo\/il-consiglio-di-stato-si-pronuncia-sul-distanziometro-nel-comune-di-bologna\/#breadcrumb\",\"itemListElement\":[{\"@type\":\"ListItem\",\"position\":1,\"name\":\"Home\",\"item\":\"https:\/\/welaikaadv.site\/avviso\/\"},{\"@type\":\"ListItem\",\"position\":2,\"name\":\"IL CONSIGLIO DI STATO SI PRONUNCIA SUL DISTANZIOMETRO NEL COMUNE DI BOLOGNA\"}]},{\"@type\":\"WebSite\",\"@id\":\"https:\/\/welaikaadv.site\/avviso\/#website\",\"url\":\"https:\/\/welaikaadv.site\/avviso\/\",\"name\":\"Staging Avviso Pubblico\",\"description\":\"\",\"publisher\":{\"@id\":\"https:\/\/welaikaadv.site\/avviso\/#organization\"},\"potentialAction\":[{\"@type\":\"SearchAction\",\"target\":{\"@type\":\"EntryPoint\",\"urlTemplate\":\"https:\/\/welaikaadv.site\/avviso\/?s={search_term_string}\"},\"query-input\":{\"@type\":\"PropertyValueSpecification\",\"valueRequired\":true,\"valueName\":\"search_term_string\"}}],\"inLanguage\":\"it-IT\"},{\"@type\":\"Organization\",\"@id\":\"https:\/\/welaikaadv.site\/avviso\/#organization\",\"name\":\"Staging Avviso Pubblico\",\"url\":\"https:\/\/welaikaadv.site\/avviso\/\",\"logo\":{\"@type\":\"ImageObject\",\"inLanguage\":\"it-IT\",\"@id\":\"https:\/\/welaikaadv.site\/avviso\/#\/schema\/logo\/image\/\",\"url\":\"https:\/\/welaikaadv.site\/avviso\/wp-content\/uploads\/2024\/08\/logoAPsito-400.png\",\"contentUrl\":\"https:\/\/welaikaadv.site\/avviso\/wp-content\/uploads\/2024\/08\/logoAPsito-400.png\",\"width\":400,\"height\":97,\"caption\":\"Staging Avviso Pubblico\"},\"image\":{\"@id\":\"https:\/\/welaikaadv.site\/avviso\/#\/schema\/logo\/image\/\"}}]}<\/script>\n<!-- \/ Yoast SEO plugin. -->","yoast_head_json":{"title":"IL CONSIGLIO DI STATO SI PRONUNCIA SUL DISTANZIOMETRO NEL COMUNE DI BOLOGNA - Staging Avviso Pubblico","robots":{"index":"noindex","follow":"follow","max-snippet":"max-snippet:-1","max-image-preview":"max-image-preview:large","max-video-preview":"max-video-preview:-1"},"og_locale":"it_IT","og_type":"article","og_title":"IL CONSIGLIO DI STATO SI PRONUNCIA SUL DISTANZIOMETRO NEL COMUNE DI BOLOGNA - Staging Avviso Pubblico","og_description":"La normativa e il caso. La legge regionale 5\/2013 dell\u2019Emilia-Romagna, come modificata, prevede all\u2019art. 6 l\u2019introduzione dello strumento del distanziometro (quantificato in 500 metri) rispetto&nbsp;[&hellip;]Leggi tutto IL CONSIGLIO DI STATO SI PRONUNCIA SUL DISTANZIOMETRO NEL COMUNE DI BOLOGNA &rarr;","og_url":"https:\/\/welaikaadv.site\/avviso\/home\/cosa-facciamo\/informare\/documenti-tematici\/gioco-dazzardo\/il-consiglio-di-stato-si-pronuncia-sul-distanziometro-nel-comune-di-bologna\/","og_site_name":"Staging Avviso Pubblico","twitter_card":"summary_large_image","twitter_misc":{"Tempo di lettura stimato":"6 minuti"},"schema":{"@context":"https:\/\/schema.org","@graph":[{"@type":"WebPage","@id":"https:\/\/welaikaadv.site\/avviso\/home\/cosa-facciamo\/informare\/documenti-tematici\/gioco-dazzardo\/il-consiglio-di-stato-si-pronuncia-sul-distanziometro-nel-comune-di-bologna\/","url":"https:\/\/welaikaadv.site\/avviso\/home\/cosa-facciamo\/informare\/documenti-tematici\/gioco-dazzardo\/il-consiglio-di-stato-si-pronuncia-sul-distanziometro-nel-comune-di-bologna\/","name":"IL CONSIGLIO DI STATO SI PRONUNCIA SUL DISTANZIOMETRO NEL COMUNE DI BOLOGNA - Staging Avviso Pubblico","isPartOf":{"@id":"https:\/\/welaikaadv.site\/avviso\/#website"},"datePublished":"2021-05-02T08:53:15+00:00","breadcrumb":{"@id":"https:\/\/welaikaadv.site\/avviso\/home\/cosa-facciamo\/informare\/documenti-tematici\/gioco-dazzardo\/il-consiglio-di-stato-si-pronuncia-sul-distanziometro-nel-comune-di-bologna\/#breadcrumb"},"inLanguage":"it-IT","potentialAction":[{"@type":"ReadAction","target":["https:\/\/welaikaadv.site\/avviso\/home\/cosa-facciamo\/informare\/documenti-tematici\/gioco-dazzardo\/il-consiglio-di-stato-si-pronuncia-sul-distanziometro-nel-comune-di-bologna\/"]}]},{"@type":"BreadcrumbList","@id":"https:\/\/welaikaadv.site\/avviso\/home\/cosa-facciamo\/informare\/documenti-tematici\/gioco-dazzardo\/il-consiglio-di-stato-si-pronuncia-sul-distanziometro-nel-comune-di-bologna\/#breadcrumb","itemListElement":[{"@type":"ListItem","position":1,"name":"Home","item":"https:\/\/welaikaadv.site\/avviso\/"},{"@type":"ListItem","position":2,"name":"IL CONSIGLIO DI STATO SI PRONUNCIA SUL DISTANZIOMETRO NEL COMUNE DI BOLOGNA"}]},{"@type":"WebSite","@id":"https:\/\/welaikaadv.site\/avviso\/#website","url":"https:\/\/welaikaadv.site\/avviso\/","name":"Staging Avviso Pubblico","description":"","publisher":{"@id":"https:\/\/welaikaadv.site\/avviso\/#organization"},"potentialAction":[{"@type":"SearchAction","target":{"@type":"EntryPoint","urlTemplate":"https:\/\/welaikaadv.site\/avviso\/?s={search_term_string}"},"query-input":{"@type":"PropertyValueSpecification","valueRequired":true,"valueName":"search_term_string"}}],"inLanguage":"it-IT"},{"@type":"Organization","@id":"https:\/\/welaikaadv.site\/avviso\/#organization","name":"Staging Avviso Pubblico","url":"https:\/\/welaikaadv.site\/avviso\/","logo":{"@type":"ImageObject","inLanguage":"it-IT","@id":"https:\/\/welaikaadv.site\/avviso\/#\/schema\/logo\/image\/","url":"https:\/\/welaikaadv.site\/avviso\/wp-content\/uploads\/2024\/08\/logoAPsito-400.png","contentUrl":"https:\/\/welaikaadv.site\/avviso\/wp-content\/uploads\/2024\/08\/logoAPsito-400.png","width":400,"height":97,"caption":"Staging Avviso Pubblico"},"image":{"@id":"https:\/\/welaikaadv.site\/avviso\/#\/schema\/logo\/image\/"}}]}},"_links":{"self":[{"href":"https:\/\/welaikaadv.site\/avviso\/wp-json\/wp\/v2\/pages\/42237","targetHints":{"allow":["GET"]}}],"collection":[{"href":"https:\/\/welaikaadv.site\/avviso\/wp-json\/wp\/v2\/pages"}],"about":[{"href":"https:\/\/welaikaadv.site\/avviso\/wp-json\/wp\/v2\/types\/page"}],"author":[{"embeddable":true,"href":"https:\/\/welaikaadv.site\/avviso\/wp-json\/wp\/v2\/users\/1"}],"replies":[{"embeddable":true,"href":"https:\/\/welaikaadv.site\/avviso\/wp-json\/wp\/v2\/comments?post=42237"}],"version-history":[{"count":0,"href":"https:\/\/welaikaadv.site\/avviso\/wp-json\/wp\/v2\/pages\/42237\/revisions"}],"up":[{"embeddable":true,"href":"https:\/\/welaikaadv.site\/avviso\/wp-json\/wp\/v2\/pages\/202"}],"wp:attachment":[{"href":"https:\/\/welaikaadv.site\/avviso\/wp-json\/wp\/v2\/media?parent=42237"}],"curies":[{"name":"wp","href":"https:\/\/api.w.org\/{rel}","templated":true}]}}