{"id":42307,"date":"2021-05-11T11:28:31","date_gmt":"2021-05-11T09:28:31","guid":{"rendered":"https:\/\/www.avvisopubblico.it\/home\/?page_id=42307"},"modified":"2021-05-11T11:28:31","modified_gmt":"2021-05-11T09:28:31","slug":"il-tar-di-brescia-si-pronuncia-sul-regolamento-dellambito-territoriale-di-treviglio-bg","status":"publish","type":"page","link":"https:\/\/welaikaadv.site\/avviso\/home\/cosa-facciamo\/informare\/documenti-tematici\/gioco-dazzardo\/il-tar-di-brescia-si-pronuncia-sul-regolamento-dellambito-territoriale-di-treviglio-bg\/","title":{"rendered":"IL TAR DI BRESCIA SI PRONUNCIA SUL REGOLAMENTO DELL\u2019AMBITO TERRITORIALE DI TREVIGLIO (BG)"},"content":{"rendered":"<p><strong>La normativa e il caso. <\/strong>L\u2019assemblea dei sindaci dell\u2019Ambito Territoriale di Treviglio ha approvato, nel novembre 2018, il <a href=\"http:\/\/www.risorsasociale.it\/files\/news\/125\/109\/Regolamento%20per%20il%20contrasto%20al%20GAP%20Treviglio%202018%20APPROVATO.pdf\">Regolamento per il contrasto al fenomeno del Gioco d&#8217;Azzardo Patologico derivante dalle forme di gioco lecito<\/a>. Tra le principali misure introdotte da questo provvedimento si trovano, in particolare:<\/p>\n<p>1) l\u2019indicazione di fasce orarie di interruzione quotidiana del gioco (12.30-14.30 e 23-10), rimesse al successivo intervento del Sindaco con ordinanza;<\/p>\n<p>2) l\u2019introduzione del divieto di installazione di apparecchi per il gioco d&#8217;azzardo lecito e\/o distributori automatici per la vendita di lotterie istantanee su piattaforma virtuale e\/o con tagliando cartaceo (gratta e vinci, 10 e lotto, eccetera) all\u2019esterno di esercizi aperti al pubblico sia di natura commerciale, artigianale che di servizi, anche se su spazi privati;<\/p>\n<p>3) il divieto di pubblicit\u00e0, anche indiretta, relativa a giochi o scommesse con vincite di denaro, comprensivo anche del divieto a qualunque esercizio aperto al pubblico di mostrare e trasmettere con qualunque messaggio pubblicitario la vincita effettuata, compresa l\u2019esposizione di copie fotostatiche di biglietti gratta e vinci o tagliandi di lotterie di qualunque genere, che abbiano determinato vincite nell\u2019esercizio.<\/p>\n<p>Il Regolamento \u00e8 stato poi recepito dai Comuni di Caravaggio (Bg), Calvenzano (Bg) e di Brignano Gera D\u2019Adda (Bg); avverso tale provvedimento hanno presentato ricorso la Federazione Italiana Tabaccai insieme a due esercenti (titolari di concessione rilasciata dall\u2019ADM per la vendita di generi di monopolio e per la raccolta delle giocate del Lotto) operanti nei Comuni menzionati.<\/p>\n<p>Sui ricorsi si \u00e8 pronunciato il TAR per la Lombardia \u2013 Sezione staccata di Brescia con le sentenze <a href=\"https:\/\/www.giustizia-amministrativa.it\/portale\/pages\/istituzionale\/visualizza\/?nodeRef=&amp;schema=tar_bs&amp;nrg=201900299&amp;nomeFile=202100401_01.html&amp;subDir=Provvedimenti\">401\/2021<\/a>, <a href=\"https:\/\/www.giustizia-amministrativa.it\/portale\/pages\/istituzionale\/visualizza\/?nodeRef=&amp;schema=tar_bs&amp;nrg=201900300&amp;nomeFile=202100404_01.html&amp;subDir=Provvedimenti\">404\/2021<\/a> e <a href=\"https:\/\/www.giustizia-amministrativa.it\/portale\/pages\/istituzionale\/visualizza\/?nodeRef=&amp;schema=tar_bs&amp;nrg=201900480&amp;nomeFile=202100426_01.html&amp;subDir=Provvedimenti\">426\/2021<\/a>, che qui si analizzano congiuntamente perch\u00e9 identiche.<\/p>\n<p>Dello stesso tenore, inoltre, anche la sentenza <a href=\"https:\/\/www.giustizia-amministrativa.it\/portale\/pages\/istituzionale\/visualizza\/?nodeRef=&amp;schema=tar_bs&amp;nrg=202000321&amp;nomeFile=202100837_01.html&amp;subDir=Provvedimenti\">837\/2021<\/a>, relativa in questo caso al Comune di Fara Gera D&#8217;Adda (Bg).<\/p>\n<p><strong>L\u2019applicazione delle misure sul gioco anche a 10 e Lotto e Gratta e Vinci.<\/strong> Una delle caratteristiche del Regolamento consiste nell\u2019elencazione delle tipologie di gioco a cui si applicano le misure indicate: accanto alle sale slot e VLT e alle attivit\u00e0 di scommesse su competizioni sportive, infatti, nel Regolamento vengono ricomprese anche le attivit\u00e0 di gioco svolte mediante lotterie istantanee su piattaforma virtuale o con tagliandi cartacei (10 e Lotto, Gratta e Vinci), con l\u2019eccezione di Lotto, Superenalotto e Totocalcio che risultano quindi escluse dalle limitazioni. Anche a 10 e Lotto e Gratta e Vinci, dunque, vengono applicate le misure poc\u2019anzi elencate, compresa le limitazioni orarie.<\/p>\n<p>La Federazione Tabaccai contesta questa scelta: anzitutto, viene detto, \u201cle attivit\u00e0 di gioco gestite dai rivenditori di generi di monopolio sulla base di una concessione dell\u2019AAMS-ADM sarebbero sottratte al potere comunale di regolazione degli orari\u201d, potendosi quest\u2019ultimo esercitare \u201csolo nei confronti delle sale da gioco autorizzate dal Comune ai sensi dell\u2019art. 86 del TULPS\u201d. Nello specifico, il ricorrente afferma che 10 e Lotto e Gratta e Vinci giochi rientrano \u201cnella competenza diretta della AAMS-ADM [e] fanno parte di una categoria a s\u00e9 stante, estranea al potere di interferenza dei Comuni\u201d. Infine, viene lamentato anche un grave danno economico derivante dalla riduzione degli orari di raccolta dei suddetti giochi.<\/p>\n<p>Il TAR rigetta questo motivo di ricorso: dalla lettura dell\u2019articolo 50, comma 7 del TUEL (contenente le competenze sindacali in materia di orari) non si ricava alcuna distinzione tra esercizi pubblici sulla base del titolo concessorio (come invece pretende il ricorrente), prendendo invece in considerazione congiuntamente gli esercizi commerciali, i pubblici esercizi e i servizi pubblici senza altre distinzioni. In altri termini, non deve farsi confusione tra il rapporto concessorio e le prescrizioni comunali, le quali hanno per oggetto la cura degli interessi della collettivit\u00e0 (articolo 3, comma 2 del TUEL) e il potere di regolazione degli orari (articolo 50, comma 7 del TUEL), in questo caso anche nell\u2019ottica di prevenzione della ludopatia. Il TAR, quindi, riconosce che il \u201cregolamento comunale pu\u00f2 estendersi a qualsiasi forma di gioco lecito\u201d.<\/p>\n<p><strong>L\u2019applicazione delle misure a tutte le forme di gioco.<\/strong> Se astrattamente i giudici confermano la possibilit\u00e0 di ampliare le tipologie di gioco a cui applicare le restrizioni, sul piano concreto le misure introdotte nel Regolamento vengono parzialmente bocciate.<\/p>\n<p>Il punto di partenza del ragionamento dei giudici \u00e8 rappresentato dalla considerazione che \u201cla riduzione degli orari di gioco, non deve mai spingersi fino al punto da cancellare il valore economico della concessione\u201d (sul punto si veda anche il precedente orientamento, sempre del TAR Brescia, nella sentenza <a href=\"https:\/\/welaikaadv.site\/avviso\/home\/cosa-facciamo\/informare\/documenti-tematici\/gioco-dazzardo\/gli-orientamenti-del-tar-di-brescia-su-ordinanze-e-regolamenti-di-contrasto-al-gioco-dazzardo-patologico-emanati-dagli-enti-locali\/\">684\/2020<\/a>), valutando l\u2019utilit\u00e0 delle limitazioni anche rispetto al sacrificio economico imposto.<\/p>\n<p>In questo senso, a fronte dell\u2019articolo 5 del Regolamento in cui si afferma che \u201cgli orari non dovranno penalizzare determinate tipologie di gioco (e conseguentemente determinate attivit\u00e0 commerciali) a vantaggio di altre\u201d, il TAR ritiene che la conseguenza tratta, ossia l\u2019estensione delle stesse restrizioni a tutte le tipologie di gioco, non sia accettabile.<\/p>\n<p>Ci\u00f2 perch\u00e9, innanzitutto, non \u00e8 corretto imporre un sacrificio economico anche a quelle \u201ctipologie di gioco per le quali non siano accertati incrementi preoccupanti di utenza o di spesa individuale\u201d; inoltre, con specifico riferimento a 10 e Lotto e Gratta e Vinci, non sarebbe dimostrata l\u2019efficacia delle limitazioni orarie (diversamente da altre tipologie di gioco, come gli apparecchi VLT), con il rischio anzi di determinare lo spostamento degli utenti su altre tipologie di gioco (come Lotto e Superenalotto, rimaste fuori dal Regolamento) vanificando anche il principio di neutralit\u00e0 di cui all\u2019articolo 5.<\/p>\n<p>Per questo motivo, dunque, tenendo fermo il potere del Comune di regolare alcuni aspetti dell\u2019attivit\u00e0 di gioco presso le rivendite di generi di monopolio e le ricevitorie del Lotto, il TAR annulla le limitazioni orarie per 10 e Lotto e Gratta e Vinci.<\/p>\n<p><strong>Il divieto di installazione di apparecchi per il gioco o di distributori automatici all\u2019esterno di esercizi aperti al pubblico anche se su spazi privati.<\/strong> Anche questa misura viene rigettata dal TAR: decisiva in questo senso \u00e8 la considerazione che \u201cnon \u00e8 dimostrato che gli spazi esterni creino un incentivo al gioco, e tantomeno che l\u2019attivit\u00e0 di gioco fuoriesca in questo modo dalla sfera di controllo del concessionario\u201d. La scelta di porre gli apparecchi all\u2019esterno dei locali viene letta dai giudici come oggetto della libera organizzazione degli spazi da parte dell\u2019esercente, specialmente nei casi in cui la superficie interna sia limitata, dubitando al contempo che l\u2019introduzione di una limitazione in questo senso possa prevenire la ludopatia e rigettando l\u2019idea che ci\u00f2 possa costituire una forma di pubblicit\u00e0.<\/p>\n<p><strong>Sulla pubblicit\u00e0.<\/strong> Per quel che concerne, infine, il divieto di qualsiasi forma di pubblicit\u00e0 (compresa l\u2019esposizione di copie fotostatiche di biglietti gratta e vinci o tagliandi di lotterie di qualunque genere che abbiano determinato vincite nell\u2019esercizio), il TAR ritiene che il Regolamento abbia fatto corretta applicazione dei principi della materia contenuti nell\u2019articolo 9 del <a href=\"https:\/\/www.gazzettaufficiale.it\/eli\/id\/2018\/07\/13\/18G00112\/sg\">DL 87\/2018<\/a>.<\/p>\n<p>In questo senso, ribadiscono i giudici, \u201cqualsiasi sollecitazione, anche indiretta, rivolta ai potenziali giocatori avrebbe un duplice effetto negativo, costituendo contemporaneamente una forma di pubblicit\u00e0, ammessa invece solo in casi tassativi, e un\u2019informazione distorta sulla probabilit\u00e0 di vincita, in violazione dell\u2019art. 7 comma 4-bis del <a href=\"https:\/\/www.gazzettaufficiale.it\/eli\/id\/2012\/09\/13\/012G0180\/sg\">DL 13 settembre 2012 n. 158<\/a>\u201d.<\/p>\n<p>&nbsp;<\/p>\n<p style=\"text-align: right;\">(<em>a cura di <strong>Marco De Pasquale<\/strong>, <\/em><em>Master APC Universit\u00e0 di Pisa<\/em>)<\/p>\n","protected":false},"excerpt":{"rendered":"<p>La normativa e il caso. L\u2019assemblea dei sindaci dell\u2019Ambito Territoriale di Treviglio ha approvato, nel novembre 2018, il Regolamento per il contrasto al fenomeno del&nbsp;<span class=\"hellipsis\">[&hellip;]<\/span><a class=\"more-link\" href=\"https:\/\/welaikaadv.site\/avviso\/home\/cosa-facciamo\/informare\/documenti-tematici\/gioco-dazzardo\/il-tar-di-brescia-si-pronuncia-sul-regolamento-dellambito-territoriale-di-treviglio-bg\/\">Leggi tutto <span class=\"screen-reader-text\">IL TAR DI BRESCIA SI PRONUNCIA SUL REGOLAMENTO DELL\u2019AMBITO TERRITORIALE DI TREVIGLIO (BG)<\/span> <span class=\"meta-nav\" aria-hidden=\"true\">&rarr;<\/span><\/a><\/p>\n","protected":false},"author":1,"featured_media":0,"parent":202,"menu_order":160,"comment_status":"closed","ping_status":"closed","template":"","meta":{"_acf_changed":false,"_exactmetrics_skip_tracking":false,"_exactmetrics_sitenote_active":false,"_exactmetrics_sitenote_note":"","_exactmetrics_sitenote_category":0,"wp_social_preview_title":"","wp_social_preview_description":"","wp_social_preview_image":0,"footnotes":""},"class_list":["post-42307","page","type-page","status-publish","hentry"],"acf":[],"yoast_head":"<!-- This site is optimized with the Yoast SEO plugin v27.2 - https:\/\/yoast.com\/product\/yoast-seo-wordpress\/ -->\n<title>IL TAR DI BRESCIA SI PRONUNCIA SUL REGOLAMENTO DELL\u2019AMBITO TERRITORIALE DI TREVIGLIO (BG) - Staging Avviso Pubblico<\/title>\n<meta name=\"robots\" content=\"noindex, follow, max-snippet:-1, max-image-preview:large, max-video-preview:-1\" \/>\n<meta property=\"og:locale\" content=\"it_IT\" \/>\n<meta property=\"og:type\" content=\"article\" \/>\n<meta property=\"og:title\" content=\"IL TAR DI BRESCIA SI PRONUNCIA SUL REGOLAMENTO DELL\u2019AMBITO TERRITORIALE DI TREVIGLIO (BG) - Staging Avviso Pubblico\" \/>\n<meta property=\"og:description\" content=\"La normativa e il caso. L\u2019assemblea dei sindaci dell\u2019Ambito Territoriale di Treviglio ha approvato, nel novembre 2018, il Regolamento per il contrasto al fenomeno del&nbsp;[&hellip;]Leggi tutto IL TAR DI BRESCIA SI PRONUNCIA SUL REGOLAMENTO DELL\u2019AMBITO TERRITORIALE DI TREVIGLIO (BG) &rarr;\" \/>\n<meta property=\"og:url\" content=\"https:\/\/welaikaadv.site\/avviso\/home\/cosa-facciamo\/informare\/documenti-tematici\/gioco-dazzardo\/il-tar-di-brescia-si-pronuncia-sul-regolamento-dellambito-territoriale-di-treviglio-bg\/\" \/>\n<meta property=\"og:site_name\" content=\"Staging Avviso Pubblico\" \/>\n<meta name=\"twitter:card\" content=\"summary_large_image\" \/>\n<meta name=\"twitter:label1\" content=\"Tempo di lettura stimato\" \/>\n\t<meta name=\"twitter:data1\" content=\"6 minuti\" \/>\n<script type=\"application\/ld+json\" class=\"yoast-schema-graph\">{\"@context\":\"https:\/\/schema.org\",\"@graph\":[{\"@type\":\"WebPage\",\"@id\":\"https:\/\/welaikaadv.site\/avviso\/home\/cosa-facciamo\/informare\/documenti-tematici\/gioco-dazzardo\/il-tar-di-brescia-si-pronuncia-sul-regolamento-dellambito-territoriale-di-treviglio-bg\/\",\"url\":\"https:\/\/welaikaadv.site\/avviso\/home\/cosa-facciamo\/informare\/documenti-tematici\/gioco-dazzardo\/il-tar-di-brescia-si-pronuncia-sul-regolamento-dellambito-territoriale-di-treviglio-bg\/\",\"name\":\"IL TAR DI BRESCIA SI PRONUNCIA SUL REGOLAMENTO DELL\u2019AMBITO TERRITORIALE DI TREVIGLIO (BG) - Staging Avviso Pubblico\",\"isPartOf\":{\"@id\":\"https:\/\/welaikaadv.site\/avviso\/#website\"},\"datePublished\":\"2021-05-11T09:28:31+00:00\",\"breadcrumb\":{\"@id\":\"https:\/\/welaikaadv.site\/avviso\/home\/cosa-facciamo\/informare\/documenti-tematici\/gioco-dazzardo\/il-tar-di-brescia-si-pronuncia-sul-regolamento-dellambito-territoriale-di-treviglio-bg\/#breadcrumb\"},\"inLanguage\":\"it-IT\",\"potentialAction\":[{\"@type\":\"ReadAction\",\"target\":[\"https:\/\/welaikaadv.site\/avviso\/home\/cosa-facciamo\/informare\/documenti-tematici\/gioco-dazzardo\/il-tar-di-brescia-si-pronuncia-sul-regolamento-dellambito-territoriale-di-treviglio-bg\/\"]}]},{\"@type\":\"BreadcrumbList\",\"@id\":\"https:\/\/welaikaadv.site\/avviso\/home\/cosa-facciamo\/informare\/documenti-tematici\/gioco-dazzardo\/il-tar-di-brescia-si-pronuncia-sul-regolamento-dellambito-territoriale-di-treviglio-bg\/#breadcrumb\",\"itemListElement\":[{\"@type\":\"ListItem\",\"position\":1,\"name\":\"Home\",\"item\":\"https:\/\/welaikaadv.site\/avviso\/\"},{\"@type\":\"ListItem\",\"position\":2,\"name\":\"IL TAR DI BRESCIA SI PRONUNCIA SUL REGOLAMENTO DELL\u2019AMBITO TERRITORIALE DI TREVIGLIO (BG)\"}]},{\"@type\":\"WebSite\",\"@id\":\"https:\/\/welaikaadv.site\/avviso\/#website\",\"url\":\"https:\/\/welaikaadv.site\/avviso\/\",\"name\":\"Staging Avviso Pubblico\",\"description\":\"\",\"publisher\":{\"@id\":\"https:\/\/welaikaadv.site\/avviso\/#organization\"},\"potentialAction\":[{\"@type\":\"SearchAction\",\"target\":{\"@type\":\"EntryPoint\",\"urlTemplate\":\"https:\/\/welaikaadv.site\/avviso\/?s={search_term_string}\"},\"query-input\":{\"@type\":\"PropertyValueSpecification\",\"valueRequired\":true,\"valueName\":\"search_term_string\"}}],\"inLanguage\":\"it-IT\"},{\"@type\":\"Organization\",\"@id\":\"https:\/\/welaikaadv.site\/avviso\/#organization\",\"name\":\"Staging Avviso Pubblico\",\"url\":\"https:\/\/welaikaadv.site\/avviso\/\",\"logo\":{\"@type\":\"ImageObject\",\"inLanguage\":\"it-IT\",\"@id\":\"https:\/\/welaikaadv.site\/avviso\/#\/schema\/logo\/image\/\",\"url\":\"https:\/\/welaikaadv.site\/avviso\/wp-content\/uploads\/2024\/08\/logoAPsito-400.png\",\"contentUrl\":\"https:\/\/welaikaadv.site\/avviso\/wp-content\/uploads\/2024\/08\/logoAPsito-400.png\",\"width\":400,\"height\":97,\"caption\":\"Staging Avviso Pubblico\"},\"image\":{\"@id\":\"https:\/\/welaikaadv.site\/avviso\/#\/schema\/logo\/image\/\"}}]}<\/script>\n<!-- \/ Yoast SEO plugin. -->","yoast_head_json":{"title":"IL TAR DI BRESCIA SI PRONUNCIA SUL REGOLAMENTO DELL\u2019AMBITO TERRITORIALE DI TREVIGLIO (BG) - Staging Avviso Pubblico","robots":{"index":"noindex","follow":"follow","max-snippet":"max-snippet:-1","max-image-preview":"max-image-preview:large","max-video-preview":"max-video-preview:-1"},"og_locale":"it_IT","og_type":"article","og_title":"IL TAR DI BRESCIA SI PRONUNCIA SUL REGOLAMENTO DELL\u2019AMBITO TERRITORIALE DI TREVIGLIO (BG) - Staging Avviso Pubblico","og_description":"La normativa e il caso. L\u2019assemblea dei sindaci dell\u2019Ambito Territoriale di Treviglio ha approvato, nel novembre 2018, il Regolamento per il contrasto al fenomeno del&nbsp;[&hellip;]Leggi tutto IL TAR DI BRESCIA SI PRONUNCIA SUL REGOLAMENTO DELL\u2019AMBITO TERRITORIALE DI TREVIGLIO (BG) &rarr;","og_url":"https:\/\/welaikaadv.site\/avviso\/home\/cosa-facciamo\/informare\/documenti-tematici\/gioco-dazzardo\/il-tar-di-brescia-si-pronuncia-sul-regolamento-dellambito-territoriale-di-treviglio-bg\/","og_site_name":"Staging Avviso Pubblico","twitter_card":"summary_large_image","twitter_misc":{"Tempo di lettura stimato":"6 minuti"},"schema":{"@context":"https:\/\/schema.org","@graph":[{"@type":"WebPage","@id":"https:\/\/welaikaadv.site\/avviso\/home\/cosa-facciamo\/informare\/documenti-tematici\/gioco-dazzardo\/il-tar-di-brescia-si-pronuncia-sul-regolamento-dellambito-territoriale-di-treviglio-bg\/","url":"https:\/\/welaikaadv.site\/avviso\/home\/cosa-facciamo\/informare\/documenti-tematici\/gioco-dazzardo\/il-tar-di-brescia-si-pronuncia-sul-regolamento-dellambito-territoriale-di-treviglio-bg\/","name":"IL TAR DI BRESCIA SI PRONUNCIA SUL REGOLAMENTO DELL\u2019AMBITO TERRITORIALE DI TREVIGLIO (BG) - Staging Avviso Pubblico","isPartOf":{"@id":"https:\/\/welaikaadv.site\/avviso\/#website"},"datePublished":"2021-05-11T09:28:31+00:00","breadcrumb":{"@id":"https:\/\/welaikaadv.site\/avviso\/home\/cosa-facciamo\/informare\/documenti-tematici\/gioco-dazzardo\/il-tar-di-brescia-si-pronuncia-sul-regolamento-dellambito-territoriale-di-treviglio-bg\/#breadcrumb"},"inLanguage":"it-IT","potentialAction":[{"@type":"ReadAction","target":["https:\/\/welaikaadv.site\/avviso\/home\/cosa-facciamo\/informare\/documenti-tematici\/gioco-dazzardo\/il-tar-di-brescia-si-pronuncia-sul-regolamento-dellambito-territoriale-di-treviglio-bg\/"]}]},{"@type":"BreadcrumbList","@id":"https:\/\/welaikaadv.site\/avviso\/home\/cosa-facciamo\/informare\/documenti-tematici\/gioco-dazzardo\/il-tar-di-brescia-si-pronuncia-sul-regolamento-dellambito-territoriale-di-treviglio-bg\/#breadcrumb","itemListElement":[{"@type":"ListItem","position":1,"name":"Home","item":"https:\/\/welaikaadv.site\/avviso\/"},{"@type":"ListItem","position":2,"name":"IL TAR DI BRESCIA SI PRONUNCIA SUL REGOLAMENTO DELL\u2019AMBITO TERRITORIALE DI TREVIGLIO (BG)"}]},{"@type":"WebSite","@id":"https:\/\/welaikaadv.site\/avviso\/#website","url":"https:\/\/welaikaadv.site\/avviso\/","name":"Staging Avviso Pubblico","description":"","publisher":{"@id":"https:\/\/welaikaadv.site\/avviso\/#organization"},"potentialAction":[{"@type":"SearchAction","target":{"@type":"EntryPoint","urlTemplate":"https:\/\/welaikaadv.site\/avviso\/?s={search_term_string}"},"query-input":{"@type":"PropertyValueSpecification","valueRequired":true,"valueName":"search_term_string"}}],"inLanguage":"it-IT"},{"@type":"Organization","@id":"https:\/\/welaikaadv.site\/avviso\/#organization","name":"Staging Avviso Pubblico","url":"https:\/\/welaikaadv.site\/avviso\/","logo":{"@type":"ImageObject","inLanguage":"it-IT","@id":"https:\/\/welaikaadv.site\/avviso\/#\/schema\/logo\/image\/","url":"https:\/\/welaikaadv.site\/avviso\/wp-content\/uploads\/2024\/08\/logoAPsito-400.png","contentUrl":"https:\/\/welaikaadv.site\/avviso\/wp-content\/uploads\/2024\/08\/logoAPsito-400.png","width":400,"height":97,"caption":"Staging Avviso Pubblico"},"image":{"@id":"https:\/\/welaikaadv.site\/avviso\/#\/schema\/logo\/image\/"}}]}},"_links":{"self":[{"href":"https:\/\/welaikaadv.site\/avviso\/wp-json\/wp\/v2\/pages\/42307","targetHints":{"allow":["GET"]}}],"collection":[{"href":"https:\/\/welaikaadv.site\/avviso\/wp-json\/wp\/v2\/pages"}],"about":[{"href":"https:\/\/welaikaadv.site\/avviso\/wp-json\/wp\/v2\/types\/page"}],"author":[{"embeddable":true,"href":"https:\/\/welaikaadv.site\/avviso\/wp-json\/wp\/v2\/users\/1"}],"replies":[{"embeddable":true,"href":"https:\/\/welaikaadv.site\/avviso\/wp-json\/wp\/v2\/comments?post=42307"}],"version-history":[{"count":0,"href":"https:\/\/welaikaadv.site\/avviso\/wp-json\/wp\/v2\/pages\/42307\/revisions"}],"up":[{"embeddable":true,"href":"https:\/\/welaikaadv.site\/avviso\/wp-json\/wp\/v2\/pages\/202"}],"wp:attachment":[{"href":"https:\/\/welaikaadv.site\/avviso\/wp-json\/wp\/v2\/media?parent=42307"}],"curies":[{"name":"wp","href":"https:\/\/api.w.org\/{rel}","templated":true}]}}