{"id":45608,"date":"2021-07-28T14:08:08","date_gmt":"2021-07-28T12:08:08","guid":{"rendered":"https:\/\/www.avvisopubblico.it\/home\/?page_id=45608"},"modified":"2021-07-28T14:08:08","modified_gmt":"2021-07-28T12:08:08","slug":"il-tar-campania-si-pronuncia-sul-regolamento-giochi-del-comune-di-anacapri-na","status":"publish","type":"page","link":"https:\/\/welaikaadv.site\/avviso\/home\/cosa-facciamo\/informare\/documenti-tematici\/gioco-dazzardo\/il-tar-campania-si-pronuncia-sul-regolamento-giochi-del-comune-di-anacapri-na\/","title":{"rendered":"IL TAR CAMPANIA SI PRONUNCIA SUL REGOLAMENTO GIOCHI DEL COMUNE DI ANACAPRI (NA)"},"content":{"rendered":"<p><strong>La normativa.<\/strong> Il Comune di Anacapri (Na) ha adottato, con la deliberazione consiliare 44\/2014, il <a href=\"https:\/\/anacapri.etrasparenza.it\/archivio19_regolamenti_0_6860.html\">Regolamento per i giochi leciti<\/a>, con cui ha stabilito alcune regole in materia di gioco d\u2019azzardo nel territorio comunale. Tra le prescrizioni contenute, in particolare, il Regolamento prevede:<\/p>\n<p>1) il distanziometro di 150 metri rispetto ad una serie di luoghi sensibili;<\/p>\n<p>2) l\u2019apertura delle sale da gioco non prima delle ore 10.00 e non oltre le ore 21.00 (con specifiche indicazioni tramite ordinanza).<\/p>\n<p>Successivamente a questo regolamento, il Consiglio regionale della Campania ha approvato la legge <a href=\"https:\/\/welaikaadv.site\/avviso\/wp-content\/uploads\/2020\/03\/Legge-gioco-dazzardo-Campania-.pdf\">2\/2020<\/a> con cui ha introdotto, tra le altre cose:<\/p>\n<p>1) il distanziometro di 250 metri da una serie di luoghi sensibili per gli esercizi di nuova apertura;<\/p>\n<p>2) requisiti stringenti per gli esercizi gi\u00e0 in attivit\u00e0 localizzati a meno di 250 metri dai luoghi sensibili;<\/p>\n<p>3) fasce orarie di sospensione dell\u2019attivit\u00e0 di gioco variabili tra esercizi in cui il gioco \u00e8 attivit\u00e0 esclusiva o prevalente e quelli in cui non lo \u00e8 (per i primi, otto ore quotidiane e consecutive di sospensione dalle 2 alle 10; per i secondi, dodici ore quotidiane di sospensione, dalle 23 alle 9 e dalle 12.30 alle 14.30);<\/p>\n<p>4) l\u2019onere di recepimento da parte dei Comuni delle previsioni della legge \u201centro e non oltre novanta giorni dalla data della sua entrata in vigore, decorsi i quali, in assenza di attivit\u00e0 di adeguamento comunale, le disposizioni della presente legge trovano immediata applicazione\u201d.<\/p>\n<p><strong>Il caso.<\/strong> Avverso il Regolamento del Comune di Anacapri ha presentato ricorso una societ\u00e0 operante nel settore del gioco lecito, con una serie di censure. Il TAR per la Campania si \u00e8 pronunciato con la sentenza <a href=\"https:\/\/www.giustizia-amministrativa.it\/portale\/pages\/istituzionale\/visualizza\/?nodeRef=&amp;schema=tar_na&amp;nrg=201500375&amp;nomeFile=202105001_01.html&amp;subDir=Provvedimenti\">5001\/2021<\/a> che qui si analizza.<\/p>\n<p><strong>L\u2019istruttoria.<\/strong> Il TAR respinge, anzitutto, la censura del ricorrente che lamentava una carenza di istruttoria. Richiamando l\u2019ordinanza <a href=\"https:\/\/www.giustizia-amministrativa.it\/portale\/pages\/istituzionale\/visualizza\/?nodeRef=&amp;schema=tar_na&amp;nrg=201500375&amp;nomeFile=201502216_05.html&amp;subDir=Provvedimenti\">2216\/2015<\/a> del TAR Campania, con cui era stata respinta la domanda cautelare dell\u2019esercente (ordinanza non appellata), i giudici ribadiscono che \u201cl\u2019esigenza perseguita in via prudenziale dal Comune di Anacapri\u201d di porre un argine alla dipendenza da gioco \u201cnon necessita di ulteriori e particolari accertamenti istruttori rispetto ai rischi qui in rilievo\u201d in quanto questi sono gi\u00e0 stati \u201cpositivamente apprezzati in ambito nazionale\u201d, con una fitta produzione normativa, bench\u00e9 ancora carente di apposita pianificazione nazionale.<\/p>\n<p>Per un approfondimento sulle richieste istruttorie, si rinvia a questa <a href=\"https:\/\/welaikaadv.site\/avviso\/home\/cosa-facciamo\/informare\/documenti-tematici\/gioco-dazzardo\/giurisprudenza-e-dati-sul-giocato-pro-capite\/gioco-dazzardo-gli-orientamenti-della-giurisprudenza-rispetto-agli-interventi-degli-enti-locali\/\">scheda<\/a> dell\u2019area riservata.<\/p>\n<p><strong>Le competenze comunali.<\/strong> Il Collegio, poi, respinge anche l\u2019ulteriore censura sollevata dal ricorrente rispetto alle competenze comunali. Richiamando il parere definitivo del Consiglio di Stato <a href=\"https:\/\/www.giustizia-amministrativa.it\/portale\/pages\/istituzionale\/visualizza\/?nodeRef=&amp;schema=consul&amp;nrg=201500420&amp;nomeFile=201503323_27.html&amp;subDir=Provvedimenti\">3323\/2015<\/a> (con cui era stato respinto un altro ricorso avverso lo stesso Regolamento del Comune di Anacapri), viene sottolineato che \u201cla disciplina regolamentare, senza incidere direttamente sulla individuazione ed installazione dei giochi leciti, \u00e8 volta a governare le conseguenze sociali dell\u2019offerta dei giochi su fasce di consumatori psicologicamente pi\u00f9 deboli, nonch\u00e9 l\u2019impatto sul territorio dell\u2019afflusso a detti giochi degli utenti\u201d.<\/p>\n<p>Si tratta di aspetti che, come sottolinea sempre il Consiglio di Stato (citando anche la sentenza <a href=\"https:\/\/www.cortecostituzionale.it\/actionSchedaPronuncia.do?anno=2011&amp;numero=300\">300\/2011<\/a> della Corte costituzionale), attengono \u201calla tutela del benessere psico-fisico dei soggetti maggiormente vulnerabili e della quiete pubblica (\u2026), tutela che rientra appunto pienamente nelle attribuzioni del Comune ex artt. 3 e 5 del d.lgs. n. 267 del 2006\u201d.<\/p>\n<p>Per quel che riguarda, inoltre, le prerogative comunali in tema di definizione degli orari di attivit\u00e0 delle sale gioco e degli altri esercizi in cui sono installati apparecchi da gioco, il TAR aderisce all\u2019orientamento assolutamente maggioritario in giurisprudenza secondo cui tale competenza si fonda sull\u2019articolo 50, comma 7, del d.lgs. 267\/2000 \u201cnella parte in cui attribuisce espressamente [all\u2019Ente locale] il compito di coordinare e riorganizzare gli orari degli esercizi commerciali, dei pubblici esercizi e dei servizi pubblici\u201d, tra cui devono essere ricomprese anche le attivit\u00e0 di gioco.<\/p>\n<p>Per un approfondimento sulle competenze comunali si veda questa <a href=\"https:\/\/welaikaadv.site\/avviso\/home\/cosa-facciamo\/informare\/documenti-tematici\/gioco-dazzardo\/sintesi-della-normativa-della-giurisprudenza-materia-gioco-dazzardo-ludopatia\/\">scheda<\/a> dell\u2019area riservata.<\/p>\n<p style=\"text-align: right;\">(<em>a cura di <strong>Marco De Pasquale<\/strong><\/em>)<\/p>\n","protected":false},"excerpt":{"rendered":"<p>La normativa. Il Comune di Anacapri (Na) ha adottato, con la deliberazione consiliare 44\/2014, il Regolamento per i giochi leciti, con cui ha stabilito alcune&nbsp;<span class=\"hellipsis\">[&hellip;]<\/span><a class=\"more-link\" href=\"https:\/\/welaikaadv.site\/avviso\/home\/cosa-facciamo\/informare\/documenti-tematici\/gioco-dazzardo\/il-tar-campania-si-pronuncia-sul-regolamento-giochi-del-comune-di-anacapri-na\/\">Leggi tutto <span class=\"screen-reader-text\">IL TAR CAMPANIA SI PRONUNCIA SUL REGOLAMENTO GIOCHI DEL COMUNE DI ANACAPRI (NA)<\/span> <span class=\"meta-nav\" aria-hidden=\"true\">&rarr;<\/span><\/a><\/p>\n","protected":false},"author":1,"featured_media":0,"parent":202,"menu_order":160,"comment_status":"closed","ping_status":"closed","template":"","meta":{"_acf_changed":false,"_exactmetrics_skip_tracking":false,"_exactmetrics_sitenote_active":false,"_exactmetrics_sitenote_note":"","_exactmetrics_sitenote_category":0,"wp_social_preview_title":"","wp_social_preview_description":"","wp_social_preview_image":0,"footnotes":""},"class_list":["post-45608","page","type-page","status-publish","hentry"],"acf":[],"yoast_head":"<!-- This site is optimized with the Yoast SEO plugin v27.2 - https:\/\/yoast.com\/product\/yoast-seo-wordpress\/ -->\n<title>IL TAR CAMPANIA SI PRONUNCIA SUL REGOLAMENTO GIOCHI DEL COMUNE DI ANACAPRI (NA) - Staging Avviso Pubblico<\/title>\n<meta name=\"robots\" content=\"noindex, follow, max-snippet:-1, max-image-preview:large, max-video-preview:-1\" \/>\n<meta property=\"og:locale\" content=\"it_IT\" \/>\n<meta property=\"og:type\" content=\"article\" \/>\n<meta property=\"og:title\" content=\"IL TAR CAMPANIA SI PRONUNCIA SUL REGOLAMENTO GIOCHI DEL COMUNE DI ANACAPRI (NA) - Staging Avviso Pubblico\" \/>\n<meta property=\"og:description\" content=\"La normativa. Il Comune di Anacapri (Na) ha adottato, con la deliberazione consiliare 44\/2014, il Regolamento per i giochi leciti, con cui ha stabilito alcune&nbsp;[&hellip;]Leggi tutto IL TAR CAMPANIA SI PRONUNCIA SUL REGOLAMENTO GIOCHI DEL COMUNE DI ANACAPRI (NA) &rarr;\" \/>\n<meta property=\"og:url\" content=\"https:\/\/welaikaadv.site\/avviso\/home\/cosa-facciamo\/informare\/documenti-tematici\/gioco-dazzardo\/il-tar-campania-si-pronuncia-sul-regolamento-giochi-del-comune-di-anacapri-na\/\" \/>\n<meta property=\"og:site_name\" content=\"Staging Avviso Pubblico\" \/>\n<meta name=\"twitter:card\" content=\"summary_large_image\" \/>\n<meta name=\"twitter:label1\" content=\"Tempo di lettura stimato\" \/>\n\t<meta name=\"twitter:data1\" content=\"3 minuti\" \/>\n<script type=\"application\/ld+json\" class=\"yoast-schema-graph\">{\"@context\":\"https:\/\/schema.org\",\"@graph\":[{\"@type\":\"WebPage\",\"@id\":\"https:\/\/welaikaadv.site\/avviso\/home\/cosa-facciamo\/informare\/documenti-tematici\/gioco-dazzardo\/il-tar-campania-si-pronuncia-sul-regolamento-giochi-del-comune-di-anacapri-na\/\",\"url\":\"https:\/\/welaikaadv.site\/avviso\/home\/cosa-facciamo\/informare\/documenti-tematici\/gioco-dazzardo\/il-tar-campania-si-pronuncia-sul-regolamento-giochi-del-comune-di-anacapri-na\/\",\"name\":\"IL TAR CAMPANIA SI PRONUNCIA SUL REGOLAMENTO GIOCHI DEL COMUNE DI ANACAPRI (NA) - Staging Avviso Pubblico\",\"isPartOf\":{\"@id\":\"https:\/\/welaikaadv.site\/avviso\/#website\"},\"datePublished\":\"2021-07-28T12:08:08+00:00\",\"breadcrumb\":{\"@id\":\"https:\/\/welaikaadv.site\/avviso\/home\/cosa-facciamo\/informare\/documenti-tematici\/gioco-dazzardo\/il-tar-campania-si-pronuncia-sul-regolamento-giochi-del-comune-di-anacapri-na\/#breadcrumb\"},\"inLanguage\":\"it-IT\",\"potentialAction\":[{\"@type\":\"ReadAction\",\"target\":[\"https:\/\/welaikaadv.site\/avviso\/home\/cosa-facciamo\/informare\/documenti-tematici\/gioco-dazzardo\/il-tar-campania-si-pronuncia-sul-regolamento-giochi-del-comune-di-anacapri-na\/\"]}]},{\"@type\":\"BreadcrumbList\",\"@id\":\"https:\/\/welaikaadv.site\/avviso\/home\/cosa-facciamo\/informare\/documenti-tematici\/gioco-dazzardo\/il-tar-campania-si-pronuncia-sul-regolamento-giochi-del-comune-di-anacapri-na\/#breadcrumb\",\"itemListElement\":[{\"@type\":\"ListItem\",\"position\":1,\"name\":\"Home\",\"item\":\"https:\/\/welaikaadv.site\/avviso\/\"},{\"@type\":\"ListItem\",\"position\":2,\"name\":\"IL TAR CAMPANIA SI PRONUNCIA SUL REGOLAMENTO GIOCHI DEL COMUNE DI ANACAPRI (NA)\"}]},{\"@type\":\"WebSite\",\"@id\":\"https:\/\/welaikaadv.site\/avviso\/#website\",\"url\":\"https:\/\/welaikaadv.site\/avviso\/\",\"name\":\"Staging Avviso Pubblico\",\"description\":\"\",\"publisher\":{\"@id\":\"https:\/\/welaikaadv.site\/avviso\/#organization\"},\"potentialAction\":[{\"@type\":\"SearchAction\",\"target\":{\"@type\":\"EntryPoint\",\"urlTemplate\":\"https:\/\/welaikaadv.site\/avviso\/?s={search_term_string}\"},\"query-input\":{\"@type\":\"PropertyValueSpecification\",\"valueRequired\":true,\"valueName\":\"search_term_string\"}}],\"inLanguage\":\"it-IT\"},{\"@type\":\"Organization\",\"@id\":\"https:\/\/welaikaadv.site\/avviso\/#organization\",\"name\":\"Staging Avviso Pubblico\",\"url\":\"https:\/\/welaikaadv.site\/avviso\/\",\"logo\":{\"@type\":\"ImageObject\",\"inLanguage\":\"it-IT\",\"@id\":\"https:\/\/welaikaadv.site\/avviso\/#\/schema\/logo\/image\/\",\"url\":\"https:\/\/welaikaadv.site\/avviso\/wp-content\/uploads\/2024\/08\/logoAPsito-400.png\",\"contentUrl\":\"https:\/\/welaikaadv.site\/avviso\/wp-content\/uploads\/2024\/08\/logoAPsito-400.png\",\"width\":400,\"height\":97,\"caption\":\"Staging Avviso Pubblico\"},\"image\":{\"@id\":\"https:\/\/welaikaadv.site\/avviso\/#\/schema\/logo\/image\/\"}}]}<\/script>\n<!-- \/ Yoast SEO plugin. -->","yoast_head_json":{"title":"IL TAR CAMPANIA SI PRONUNCIA SUL REGOLAMENTO GIOCHI DEL COMUNE DI ANACAPRI (NA) - Staging Avviso Pubblico","robots":{"index":"noindex","follow":"follow","max-snippet":"max-snippet:-1","max-image-preview":"max-image-preview:large","max-video-preview":"max-video-preview:-1"},"og_locale":"it_IT","og_type":"article","og_title":"IL TAR CAMPANIA SI PRONUNCIA SUL REGOLAMENTO GIOCHI DEL COMUNE DI ANACAPRI (NA) - Staging Avviso Pubblico","og_description":"La normativa. Il Comune di Anacapri (Na) ha adottato, con la deliberazione consiliare 44\/2014, il Regolamento per i giochi leciti, con cui ha stabilito alcune&nbsp;[&hellip;]Leggi tutto IL TAR CAMPANIA SI PRONUNCIA SUL REGOLAMENTO GIOCHI DEL COMUNE DI ANACAPRI (NA) &rarr;","og_url":"https:\/\/welaikaadv.site\/avviso\/home\/cosa-facciamo\/informare\/documenti-tematici\/gioco-dazzardo\/il-tar-campania-si-pronuncia-sul-regolamento-giochi-del-comune-di-anacapri-na\/","og_site_name":"Staging Avviso Pubblico","twitter_card":"summary_large_image","twitter_misc":{"Tempo di lettura stimato":"3 minuti"},"schema":{"@context":"https:\/\/schema.org","@graph":[{"@type":"WebPage","@id":"https:\/\/welaikaadv.site\/avviso\/home\/cosa-facciamo\/informare\/documenti-tematici\/gioco-dazzardo\/il-tar-campania-si-pronuncia-sul-regolamento-giochi-del-comune-di-anacapri-na\/","url":"https:\/\/welaikaadv.site\/avviso\/home\/cosa-facciamo\/informare\/documenti-tematici\/gioco-dazzardo\/il-tar-campania-si-pronuncia-sul-regolamento-giochi-del-comune-di-anacapri-na\/","name":"IL TAR CAMPANIA SI PRONUNCIA SUL REGOLAMENTO GIOCHI DEL COMUNE DI ANACAPRI (NA) - Staging Avviso Pubblico","isPartOf":{"@id":"https:\/\/welaikaadv.site\/avviso\/#website"},"datePublished":"2021-07-28T12:08:08+00:00","breadcrumb":{"@id":"https:\/\/welaikaadv.site\/avviso\/home\/cosa-facciamo\/informare\/documenti-tematici\/gioco-dazzardo\/il-tar-campania-si-pronuncia-sul-regolamento-giochi-del-comune-di-anacapri-na\/#breadcrumb"},"inLanguage":"it-IT","potentialAction":[{"@type":"ReadAction","target":["https:\/\/welaikaadv.site\/avviso\/home\/cosa-facciamo\/informare\/documenti-tematici\/gioco-dazzardo\/il-tar-campania-si-pronuncia-sul-regolamento-giochi-del-comune-di-anacapri-na\/"]}]},{"@type":"BreadcrumbList","@id":"https:\/\/welaikaadv.site\/avviso\/home\/cosa-facciamo\/informare\/documenti-tematici\/gioco-dazzardo\/il-tar-campania-si-pronuncia-sul-regolamento-giochi-del-comune-di-anacapri-na\/#breadcrumb","itemListElement":[{"@type":"ListItem","position":1,"name":"Home","item":"https:\/\/welaikaadv.site\/avviso\/"},{"@type":"ListItem","position":2,"name":"IL TAR CAMPANIA SI PRONUNCIA SUL REGOLAMENTO GIOCHI DEL COMUNE DI ANACAPRI (NA)"}]},{"@type":"WebSite","@id":"https:\/\/welaikaadv.site\/avviso\/#website","url":"https:\/\/welaikaadv.site\/avviso\/","name":"Staging Avviso Pubblico","description":"","publisher":{"@id":"https:\/\/welaikaadv.site\/avviso\/#organization"},"potentialAction":[{"@type":"SearchAction","target":{"@type":"EntryPoint","urlTemplate":"https:\/\/welaikaadv.site\/avviso\/?s={search_term_string}"},"query-input":{"@type":"PropertyValueSpecification","valueRequired":true,"valueName":"search_term_string"}}],"inLanguage":"it-IT"},{"@type":"Organization","@id":"https:\/\/welaikaadv.site\/avviso\/#organization","name":"Staging Avviso Pubblico","url":"https:\/\/welaikaadv.site\/avviso\/","logo":{"@type":"ImageObject","inLanguage":"it-IT","@id":"https:\/\/welaikaadv.site\/avviso\/#\/schema\/logo\/image\/","url":"https:\/\/welaikaadv.site\/avviso\/wp-content\/uploads\/2024\/08\/logoAPsito-400.png","contentUrl":"https:\/\/welaikaadv.site\/avviso\/wp-content\/uploads\/2024\/08\/logoAPsito-400.png","width":400,"height":97,"caption":"Staging Avviso Pubblico"},"image":{"@id":"https:\/\/welaikaadv.site\/avviso\/#\/schema\/logo\/image\/"}}]}},"_links":{"self":[{"href":"https:\/\/welaikaadv.site\/avviso\/wp-json\/wp\/v2\/pages\/45608","targetHints":{"allow":["GET"]}}],"collection":[{"href":"https:\/\/welaikaadv.site\/avviso\/wp-json\/wp\/v2\/pages"}],"about":[{"href":"https:\/\/welaikaadv.site\/avviso\/wp-json\/wp\/v2\/types\/page"}],"author":[{"embeddable":true,"href":"https:\/\/welaikaadv.site\/avviso\/wp-json\/wp\/v2\/users\/1"}],"replies":[{"embeddable":true,"href":"https:\/\/welaikaadv.site\/avviso\/wp-json\/wp\/v2\/comments?post=45608"}],"version-history":[{"count":0,"href":"https:\/\/welaikaadv.site\/avviso\/wp-json\/wp\/v2\/pages\/45608\/revisions"}],"up":[{"embeddable":true,"href":"https:\/\/welaikaadv.site\/avviso\/wp-json\/wp\/v2\/pages\/202"}],"wp:attachment":[{"href":"https:\/\/welaikaadv.site\/avviso\/wp-json\/wp\/v2\/media?parent=45608"}],"curies":[{"name":"wp","href":"https:\/\/api.w.org\/{rel}","templated":true}]}}