{"id":47861,"date":"2022-02-18T14:40:23","date_gmt":"2022-02-18T13:40:23","guid":{"rendered":"https:\/\/www.avvisopubblico.it\/home\/?page_id=47861"},"modified":"2022-02-18T14:40:23","modified_gmt":"2022-02-18T13:40:23","slug":"audizione-del-procuratore-nazionale-antimafia-17-febbraio-2022","status":"publish","type":"page","link":"https:\/\/welaikaadv.site\/avviso\/home\/cosa-facciamo\/informare\/osservatorio-parlamentare\/attivita-dinchiesta\/le-commissioni-di-inchiesta-nella-xviii-legislatura\/commissione-sul-gioco-illegale-e-sulle-disfunzioni-del-gioco-pubblico-quadro-generale-dellattivita-xviii-legislatura\/audizione-del-procuratore-nazionale-antimafia-17-febbraio-2022\/","title":{"rendered":"Audizione del Procuratore Nazionale Antimafia (17 febbraio 2022)"},"content":{"rendered":"<p><strong>Premessa.<\/strong> <a href=\"https:\/\/welaikaadv.site\/avviso\/home\/cosa-facciamo\/informare\/osservatorio-parlamentare\/attivita-dinchiesta\/le-commissioni-di-inchiesta-nella-xviii-legislatura\/commissione-sul-gioco-illegale-e-sulle-disfunzioni-del-gioco-pubblico-quadro-generale-dellattivita-xviii-legislatura\/\">La Commissione parlamentare di inchiesta sul gioco illegale e sulle disfunzioni del gioco pubblico<\/a> ha audito, nella seduta del 17 febbraio 2022, il Procuratore nazionale antimafia e antiterrorismo, Federico Cafiero De Raho (<a href=\"https:\/\/webtv.senato.it\/4621?video_evento=239707\"><strong>il video dell&#8217;audizione<\/strong><\/a>)<\/p>\n<p>Il Procuratore inizia la seduta ricordando due operazioni importanti della polizia che hanno dato conferma dell\u2019infiltrazione mafiosa nel mondo delle scommesse online e offline.<\/p>\n<p>La prima trattata \u00e8 l\u2019operazione Gambling del 2015, dalla quale emerse in modo chiarissimo la capacit\u00e0 delle organizzazioni criminali di utilizzare il gioco per ripulire il proprio denaro proveniente da fonti illecite. L\u2019inchiesta inoltre rilev\u00f2 in modo particolare l\u2019esistenza di una pluralit\u00e0 di societ\u00e0 estere in collaborazione con societ\u00e0 operanti nel settore dei giochi sul territorio nazionale.<\/p>\n<p>Un\u2019altra grande inchiesta \u00e8 stata l\u2019operazione Galassia nel 2018, la quale consent\u00ec di evidenziare come tre organizzazioni mafiose- barese, siciliana e calabrese &#8211; rivolgendosi allo stesso riferimento tecnico, erano riuscite a organizzare delle piattaforme all\u2019estero grazie alle quali veniva gestito il gioco online.<\/p>\n<p>Viene quindi sottolineato come le organizzazioni criminali hanno sempre pi\u00f9 interesse a operare sul circuito online attraverso piattaforme perlopi\u00f9 costituite all\u2019estero. Tale loro operativit\u00e0 trova aggancio nel principio della libert\u00e0 di stabilimento, vale a dire la possibilit\u00e0 che hanno in Europa i vari soggetti economici di operare con sedi al di fuori del territorio dello stato.<\/p>\n<p>Collegandosi a ci\u00f2 il Procuratore informa dell\u2019esistenza di un elenco pubblicizzato dall\u2019Agenzia delle Dogane e dei Monopoli, il quale indica i siti web autorizzati, fatto che dovrebbe essere la garanzia per il giocatore di potersi muovere in un circuito di legalit\u00e0.<\/p>\n<p>Viene poi affrontano il problema della continua nascita di nuovi luoghi di scommessa fisici, soprattutto nei luoghi di maggiore disagio sociale e conseguentemente luoghi in cui \u00e8 maggiormente presente la criminalit\u00e0 organizzata. Talvolta questi punti vendita di gioco sono assolutamente legali, ma vengono affiancati da un canale parallelo, illegale e clandestino.<\/p>\n<p>Da questo dato sorge spontaneamente l\u2019esigenza di maggiori controlli dei giochi e delle scommesse sul territorio fisico.\u00a0 Controlli che devono essere portati non soltanto dall\u2019Agenzia dei Monopoli ma sostanzialmente da tutte le forze di Polizia, perch\u00e9 quel che avviene all\u2019interno e all\u2019esterno dalle sale evidenzia la presenza di esponenti della criminalit\u00e0 organizzata, i quali sono pronti a offrire denaro a coloro che ne hanno bisogno facendoli cadere nel vortice dell\u2019usura, arrivando anche alla vera e propria cessione delle proprie attivit\u00e0 al gruppo criminale. Cessione che avviene senza formalit\u00e0, in modo che il soggetto titolare continua apparentemente a essere colui che gestisce il bene quando in verit\u00e0 a gestirlo \u00e8 la criminalit\u00e0 organizzata.<\/p>\n<p>Oltre al controllo da parte delle forze di Polizia viene il Procuratore De Raho considera indispensabile la presenza di associazioni di tipo assistenziale che possano verificare i casi di ludopatia, di persone che nelle sale gioco spendono pi\u00f9 di quello che effettivamente possiedono.<\/p>\n<p>Altro argomento affrontato \u00e8 poi quello che riguarda il meccanismo delle segnalazioni sospette, il quale \u00e8 uno delle forme di controllo pi\u00f9 significative ad ampio raggio che vengono sviluppate sul territorio nazionale. I soggetti obbligati alle segnalazioni sono soggetti finanziari, quali istituti bancari, intermediari finanziari e non, ma anche i prestatori di servizi di gioco, i quali si rivelano essere i meno propensi a inviare le segnalazioni le quali sono passate ad essere 5772 nel 2020, dalle 6470 del 2019.<\/p>\n<p>Questo dato ha portato la DIA ad avere contatti con Lottomatica per comprendere quali siano i sistemi di monitoraggio dei giocatori, rilevando che questi ultimi vengano monitorati con delle schede che consentono di sapere per ciascun giocatore quale sia l\u2019entit\u00e0 delle somme giocate.\u00a0Viene dunque sottolineata la necessit\u00e0 che altri soggetti come Lottomatica siano in grado di effettuare tali monitoraggi.<\/p>\n<p>Le domande poste dai Commissari si concentrano sul trattamento di dati personali del giocatore, sull&#8217;utilizzo della tessera sanitaria per accedere alcune tipologie di azzardo, sul presunto nesso tra riduzione del gioco legale e aumento del gioco illegale, sulla diminuzione delle segnalazioni di operazioni sospette citate dal Procuratore.<\/p>\n<p>Il Procuratore evidenzia che il gioco legale rappresenta argine a quello illegale, ma tale concetto non va declinato nella moltiplicazione e nell&#8217;aumento di offerta di azzardo.\u00a0 E&#8217; necessario selezionare i concessionari, ma anche intervenire a livello europeo per non allargare la platea dei soggetti economici che operano nel comparto dell&#8217;azzardo, soprattutto online. In tema di privacy il Procuratore afferma che di fronte al tema della sicurezza del Paese e alla prevenzione da forme di riciclaggio, non pu\u00f2 esserci una protezione del dato personale &#8220;sempre e comunque&#8221;.<\/p>\n<p>&nbsp;<\/p>\n<p style=\"text-align: right;\">(a cura di <em><strong>Noemi Roszak<\/strong><\/em>)<\/p>\n<p>&nbsp;<\/p>\n","protected":false},"excerpt":{"rendered":"<p>Premessa. La Commissione parlamentare di inchiesta sul gioco illegale e sulle disfunzioni del gioco pubblico ha audito, nella seduta del 17 febbraio 2022, il Procuratore&nbsp;<span class=\"hellipsis\">[&hellip;]<\/span><a class=\"more-link\" href=\"https:\/\/welaikaadv.site\/avviso\/home\/cosa-facciamo\/informare\/osservatorio-parlamentare\/attivita-dinchiesta\/le-commissioni-di-inchiesta-nella-xviii-legislatura\/commissione-sul-gioco-illegale-e-sulle-disfunzioni-del-gioco-pubblico-quadro-generale-dellattivita-xviii-legislatura\/audizione-del-procuratore-nazionale-antimafia-17-febbraio-2022\/\">Leggi tutto <span class=\"screen-reader-text\">Audizione del Procuratore Nazionale Antimafia (17 febbraio 2022)<\/span> <span class=\"meta-nav\" aria-hidden=\"true\">&rarr;<\/span><\/a><\/p>\n","protected":false},"author":1,"featured_media":0,"parent":44908,"menu_order":0,"comment_status":"closed","ping_status":"closed","template":"","meta":{"_acf_changed":false,"_exactmetrics_skip_tracking":false,"_exactmetrics_sitenote_active":false,"_exactmetrics_sitenote_note":"","_exactmetrics_sitenote_category":0,"wp_social_preview_title":"","wp_social_preview_description":"","wp_social_preview_image":0,"footnotes":""},"class_list":["post-47861","page","type-page","status-publish","hentry"],"acf":[],"yoast_head":"<!-- This site is optimized with the Yoast SEO plugin v27.2 - https:\/\/yoast.com\/product\/yoast-seo-wordpress\/ -->\n<title>Audizione del Procuratore Nazionale Antimafia (17 febbraio 2022) - Staging Avviso Pubblico<\/title>\n<meta name=\"robots\" content=\"noindex, follow, max-snippet:-1, max-image-preview:large, max-video-preview:-1\" \/>\n<meta property=\"og:locale\" content=\"it_IT\" \/>\n<meta property=\"og:type\" content=\"article\" \/>\n<meta property=\"og:title\" content=\"Audizione del Procuratore Nazionale Antimafia (17 febbraio 2022) - Staging Avviso Pubblico\" \/>\n<meta property=\"og:description\" content=\"Premessa. La Commissione parlamentare di inchiesta sul gioco illegale e sulle disfunzioni del gioco pubblico ha audito, nella seduta del 17 febbraio 2022, il Procuratore&nbsp;[&hellip;]Leggi tutto Audizione del Procuratore Nazionale Antimafia (17 febbraio 2022) &rarr;\" \/>\n<meta property=\"og:url\" content=\"https:\/\/welaikaadv.site\/avviso\/home\/cosa-facciamo\/informare\/osservatorio-parlamentare\/attivita-dinchiesta\/le-commissioni-di-inchiesta-nella-xviii-legislatura\/commissione-sul-gioco-illegale-e-sulle-disfunzioni-del-gioco-pubblico-quadro-generale-dellattivita-xviii-legislatura\/audizione-del-procuratore-nazionale-antimafia-17-febbraio-2022\/\" \/>\n<meta property=\"og:site_name\" content=\"Staging Avviso Pubblico\" \/>\n<meta name=\"twitter:card\" content=\"summary_large_image\" \/>\n<meta name=\"twitter:label1\" content=\"Tempo di lettura stimato\" \/>\n\t<meta name=\"twitter:data1\" content=\"4 minuti\" \/>\n<script type=\"application\/ld+json\" class=\"yoast-schema-graph\">{\"@context\":\"https:\/\/schema.org\",\"@graph\":[{\"@type\":\"WebPage\",\"@id\":\"https:\/\/welaikaadv.site\/avviso\/home\/cosa-facciamo\/informare\/osservatorio-parlamentare\/attivita-dinchiesta\/le-commissioni-di-inchiesta-nella-xviii-legislatura\/commissione-sul-gioco-illegale-e-sulle-disfunzioni-del-gioco-pubblico-quadro-generale-dellattivita-xviii-legislatura\/audizione-del-procuratore-nazionale-antimafia-17-febbraio-2022\/\",\"url\":\"https:\/\/welaikaadv.site\/avviso\/home\/cosa-facciamo\/informare\/osservatorio-parlamentare\/attivita-dinchiesta\/le-commissioni-di-inchiesta-nella-xviii-legislatura\/commissione-sul-gioco-illegale-e-sulle-disfunzioni-del-gioco-pubblico-quadro-generale-dellattivita-xviii-legislatura\/audizione-del-procuratore-nazionale-antimafia-17-febbraio-2022\/\",\"name\":\"Audizione del Procuratore Nazionale Antimafia (17 febbraio 2022) - Staging Avviso Pubblico\",\"isPartOf\":{\"@id\":\"https:\/\/welaikaadv.site\/avviso\/#website\"},\"datePublished\":\"2022-02-18T13:40:23+00:00\",\"breadcrumb\":{\"@id\":\"https:\/\/welaikaadv.site\/avviso\/home\/cosa-facciamo\/informare\/osservatorio-parlamentare\/attivita-dinchiesta\/le-commissioni-di-inchiesta-nella-xviii-legislatura\/commissione-sul-gioco-illegale-e-sulle-disfunzioni-del-gioco-pubblico-quadro-generale-dellattivita-xviii-legislatura\/audizione-del-procuratore-nazionale-antimafia-17-febbraio-2022\/#breadcrumb\"},\"inLanguage\":\"it-IT\",\"potentialAction\":[{\"@type\":\"ReadAction\",\"target\":[\"https:\/\/welaikaadv.site\/avviso\/home\/cosa-facciamo\/informare\/osservatorio-parlamentare\/attivita-dinchiesta\/le-commissioni-di-inchiesta-nella-xviii-legislatura\/commissione-sul-gioco-illegale-e-sulle-disfunzioni-del-gioco-pubblico-quadro-generale-dellattivita-xviii-legislatura\/audizione-del-procuratore-nazionale-antimafia-17-febbraio-2022\/\"]}]},{\"@type\":\"BreadcrumbList\",\"@id\":\"https:\/\/welaikaadv.site\/avviso\/home\/cosa-facciamo\/informare\/osservatorio-parlamentare\/attivita-dinchiesta\/le-commissioni-di-inchiesta-nella-xviii-legislatura\/commissione-sul-gioco-illegale-e-sulle-disfunzioni-del-gioco-pubblico-quadro-generale-dellattivita-xviii-legislatura\/audizione-del-procuratore-nazionale-antimafia-17-febbraio-2022\/#breadcrumb\",\"itemListElement\":[{\"@type\":\"ListItem\",\"position\":1,\"name\":\"Home\",\"item\":\"https:\/\/welaikaadv.site\/avviso\/\"},{\"@type\":\"ListItem\",\"position\":2,\"name\":\"Audizione del Procuratore Nazionale Antimafia (17 febbraio 2022)\"}]},{\"@type\":\"WebSite\",\"@id\":\"https:\/\/welaikaadv.site\/avviso\/#website\",\"url\":\"https:\/\/welaikaadv.site\/avviso\/\",\"name\":\"Staging Avviso Pubblico\",\"description\":\"\",\"publisher\":{\"@id\":\"https:\/\/welaikaadv.site\/avviso\/#organization\"},\"potentialAction\":[{\"@type\":\"SearchAction\",\"target\":{\"@type\":\"EntryPoint\",\"urlTemplate\":\"https:\/\/welaikaadv.site\/avviso\/?s={search_term_string}\"},\"query-input\":{\"@type\":\"PropertyValueSpecification\",\"valueRequired\":true,\"valueName\":\"search_term_string\"}}],\"inLanguage\":\"it-IT\"},{\"@type\":\"Organization\",\"@id\":\"https:\/\/welaikaadv.site\/avviso\/#organization\",\"name\":\"Staging Avviso Pubblico\",\"url\":\"https:\/\/welaikaadv.site\/avviso\/\",\"logo\":{\"@type\":\"ImageObject\",\"inLanguage\":\"it-IT\",\"@id\":\"https:\/\/welaikaadv.site\/avviso\/#\/schema\/logo\/image\/\",\"url\":\"https:\/\/welaikaadv.site\/avviso\/wp-content\/uploads\/2024\/08\/logoAPsito-400.png\",\"contentUrl\":\"https:\/\/welaikaadv.site\/avviso\/wp-content\/uploads\/2024\/08\/logoAPsito-400.png\",\"width\":400,\"height\":97,\"caption\":\"Staging Avviso Pubblico\"},\"image\":{\"@id\":\"https:\/\/welaikaadv.site\/avviso\/#\/schema\/logo\/image\/\"}}]}<\/script>\n<!-- \/ Yoast SEO plugin. -->","yoast_head_json":{"title":"Audizione del Procuratore Nazionale Antimafia (17 febbraio 2022) - Staging Avviso Pubblico","robots":{"index":"noindex","follow":"follow","max-snippet":"max-snippet:-1","max-image-preview":"max-image-preview:large","max-video-preview":"max-video-preview:-1"},"og_locale":"it_IT","og_type":"article","og_title":"Audizione del Procuratore Nazionale Antimafia (17 febbraio 2022) - Staging Avviso Pubblico","og_description":"Premessa. La Commissione parlamentare di inchiesta sul gioco illegale e sulle disfunzioni del gioco pubblico ha audito, nella seduta del 17 febbraio 2022, il Procuratore&nbsp;[&hellip;]Leggi tutto Audizione del Procuratore Nazionale Antimafia (17 febbraio 2022) &rarr;","og_url":"https:\/\/welaikaadv.site\/avviso\/home\/cosa-facciamo\/informare\/osservatorio-parlamentare\/attivita-dinchiesta\/le-commissioni-di-inchiesta-nella-xviii-legislatura\/commissione-sul-gioco-illegale-e-sulle-disfunzioni-del-gioco-pubblico-quadro-generale-dellattivita-xviii-legislatura\/audizione-del-procuratore-nazionale-antimafia-17-febbraio-2022\/","og_site_name":"Staging Avviso Pubblico","twitter_card":"summary_large_image","twitter_misc":{"Tempo di lettura stimato":"4 minuti"},"schema":{"@context":"https:\/\/schema.org","@graph":[{"@type":"WebPage","@id":"https:\/\/welaikaadv.site\/avviso\/home\/cosa-facciamo\/informare\/osservatorio-parlamentare\/attivita-dinchiesta\/le-commissioni-di-inchiesta-nella-xviii-legislatura\/commissione-sul-gioco-illegale-e-sulle-disfunzioni-del-gioco-pubblico-quadro-generale-dellattivita-xviii-legislatura\/audizione-del-procuratore-nazionale-antimafia-17-febbraio-2022\/","url":"https:\/\/welaikaadv.site\/avviso\/home\/cosa-facciamo\/informare\/osservatorio-parlamentare\/attivita-dinchiesta\/le-commissioni-di-inchiesta-nella-xviii-legislatura\/commissione-sul-gioco-illegale-e-sulle-disfunzioni-del-gioco-pubblico-quadro-generale-dellattivita-xviii-legislatura\/audizione-del-procuratore-nazionale-antimafia-17-febbraio-2022\/","name":"Audizione del Procuratore Nazionale Antimafia (17 febbraio 2022) - Staging Avviso Pubblico","isPartOf":{"@id":"https:\/\/welaikaadv.site\/avviso\/#website"},"datePublished":"2022-02-18T13:40:23+00:00","breadcrumb":{"@id":"https:\/\/welaikaadv.site\/avviso\/home\/cosa-facciamo\/informare\/osservatorio-parlamentare\/attivita-dinchiesta\/le-commissioni-di-inchiesta-nella-xviii-legislatura\/commissione-sul-gioco-illegale-e-sulle-disfunzioni-del-gioco-pubblico-quadro-generale-dellattivita-xviii-legislatura\/audizione-del-procuratore-nazionale-antimafia-17-febbraio-2022\/#breadcrumb"},"inLanguage":"it-IT","potentialAction":[{"@type":"ReadAction","target":["https:\/\/welaikaadv.site\/avviso\/home\/cosa-facciamo\/informare\/osservatorio-parlamentare\/attivita-dinchiesta\/le-commissioni-di-inchiesta-nella-xviii-legislatura\/commissione-sul-gioco-illegale-e-sulle-disfunzioni-del-gioco-pubblico-quadro-generale-dellattivita-xviii-legislatura\/audizione-del-procuratore-nazionale-antimafia-17-febbraio-2022\/"]}]},{"@type":"BreadcrumbList","@id":"https:\/\/welaikaadv.site\/avviso\/home\/cosa-facciamo\/informare\/osservatorio-parlamentare\/attivita-dinchiesta\/le-commissioni-di-inchiesta-nella-xviii-legislatura\/commissione-sul-gioco-illegale-e-sulle-disfunzioni-del-gioco-pubblico-quadro-generale-dellattivita-xviii-legislatura\/audizione-del-procuratore-nazionale-antimafia-17-febbraio-2022\/#breadcrumb","itemListElement":[{"@type":"ListItem","position":1,"name":"Home","item":"https:\/\/welaikaadv.site\/avviso\/"},{"@type":"ListItem","position":2,"name":"Audizione del Procuratore Nazionale Antimafia (17 febbraio 2022)"}]},{"@type":"WebSite","@id":"https:\/\/welaikaadv.site\/avviso\/#website","url":"https:\/\/welaikaadv.site\/avviso\/","name":"Staging Avviso Pubblico","description":"","publisher":{"@id":"https:\/\/welaikaadv.site\/avviso\/#organization"},"potentialAction":[{"@type":"SearchAction","target":{"@type":"EntryPoint","urlTemplate":"https:\/\/welaikaadv.site\/avviso\/?s={search_term_string}"},"query-input":{"@type":"PropertyValueSpecification","valueRequired":true,"valueName":"search_term_string"}}],"inLanguage":"it-IT"},{"@type":"Organization","@id":"https:\/\/welaikaadv.site\/avviso\/#organization","name":"Staging Avviso Pubblico","url":"https:\/\/welaikaadv.site\/avviso\/","logo":{"@type":"ImageObject","inLanguage":"it-IT","@id":"https:\/\/welaikaadv.site\/avviso\/#\/schema\/logo\/image\/","url":"https:\/\/welaikaadv.site\/avviso\/wp-content\/uploads\/2024\/08\/logoAPsito-400.png","contentUrl":"https:\/\/welaikaadv.site\/avviso\/wp-content\/uploads\/2024\/08\/logoAPsito-400.png","width":400,"height":97,"caption":"Staging Avviso Pubblico"},"image":{"@id":"https:\/\/welaikaadv.site\/avviso\/#\/schema\/logo\/image\/"}}]}},"_links":{"self":[{"href":"https:\/\/welaikaadv.site\/avviso\/wp-json\/wp\/v2\/pages\/47861","targetHints":{"allow":["GET"]}}],"collection":[{"href":"https:\/\/welaikaadv.site\/avviso\/wp-json\/wp\/v2\/pages"}],"about":[{"href":"https:\/\/welaikaadv.site\/avviso\/wp-json\/wp\/v2\/types\/page"}],"author":[{"embeddable":true,"href":"https:\/\/welaikaadv.site\/avviso\/wp-json\/wp\/v2\/users\/1"}],"replies":[{"embeddable":true,"href":"https:\/\/welaikaadv.site\/avviso\/wp-json\/wp\/v2\/comments?post=47861"}],"version-history":[{"count":0,"href":"https:\/\/welaikaadv.site\/avviso\/wp-json\/wp\/v2\/pages\/47861\/revisions"}],"up":[{"embeddable":true,"href":"https:\/\/welaikaadv.site\/avviso\/wp-json\/wp\/v2\/pages\/44908"}],"wp:attachment":[{"href":"https:\/\/welaikaadv.site\/avviso\/wp-json\/wp\/v2\/media?parent=47861"}],"curies":[{"name":"wp","href":"https:\/\/api.w.org\/{rel}","templated":true}]}}