{"id":47999,"date":"2022-02-28T09:11:41","date_gmt":"2022-02-28T08:11:41","guid":{"rendered":"https:\/\/www.avvisopubblico.it\/home\/?page_id=47999"},"modified":"2022-02-28T09:11:41","modified_gmt":"2022-02-28T08:11:41","slug":"il-tar-veneto-si-esprime-sullapplicazione-del-distanziometro-regionale-in-un-caso-di-subentro-nellattivita","status":"publish","type":"page","link":"https:\/\/welaikaadv.site\/avviso\/home\/cosa-facciamo\/informare\/documenti-tematici\/gioco-dazzardo\/il-tar-veneto-si-esprime-sullapplicazione-del-distanziometro-regionale-in-un-caso-di-subentro-nellattivita\/","title":{"rendered":"IL TAR VENETO SI ESPRIME SULL\u2019APPLICAZIONE DEL DISTANZIOMETRO REGIONALE IN UN CASO DI SUBENTRO NELL\u2019ATTIVIT\u00c0"},"content":{"rendered":"<p><strong>Il caso e la normativa.<\/strong> Il caso che il TAR Veneto ha affrontato nella sentenza <a href=\"https:\/\/www.giustizia-amministrativa.it\/portale\/pages\/istituzionale\/visualizza\/?nodeRef=&amp;schema=tar_ve&amp;nrg=202200018&amp;nomeFile=202200307_20.html&amp;subDir=Provvedimenti\">307\/2022<\/a> trae origine dal rigetto, deciso da un Comune veneto, della SCIA presentata da un\u2019esercente per il subentro nell\u2019autorizzazione all\u2019esercizio dell\u2019attivit\u00e0 di gioco lecito in relazione ad alcuni apparecchi da gioco all\u2019interno di un esercizio di somministrazione di alimenti e bevande, situato a meno di 400 metri (la distanza prescritta dalle <a href=\"https:\/\/welaikaadv.site\/avviso\/home\/cosa-facciamo\/informare\/documenti-tematici\/gioco-dazzardo\/legge-della-regione-veneto-sulla-prevenzione-e-la-cura-del-disturbo-da-gioco-dazzardo-patologico\/\">legge<\/a> regionale veneta) da un luogo sensibile.<\/p>\n<p>Si deve ricordare, in ogni caso, che l\u2019articolo 7, comma 6, della legge regionale veneta 38\/2019 prevede che le misure relative al distanziometro \u201cnon si applicano alle sale da gioco ed ai locali in cui sono installati gli apparecchi da gioco di cui all\u2019articolo 110 del R.D. 773\/1931, esistenti alla data di entrata in vigore della presente legge\u201d.<\/p>\n<p><strong>L\u2019accoglimento del ricorso.<\/strong> Il TAR accoglie il ricorso presentato dall\u2019esercente.<\/p>\n<p>Sostengono i giudici, infatti, che rilevante ai fini della decisione \u00e8 la considerazione che l\u2019attivit\u00e0 in cui la ricorrente \u00e8 subentrata \u00e8 presente almeno dal 2015, quindi ben prima dell\u2019entrata in vigore della legge regionale, e che il provvedimento di rigetto della SCIA trae il suo fondamento direttamente nella normativa regionale.<\/p>\n<p>A fronte di un dato letterale inequivoco, il Collegio ritiene quindi che debba applicarsi, nel caso di specie, la disposizione di cui all\u2019articolo 7, comma 6, della legge regionale, la cui ratio \u00e8 quella di offrire una forma di \u201ctutela degli investimenti finanziari operati prima dell\u2019entrata in vigore della normativa\u201d, e ci\u00f2 avuto riguardo sia della \u201cpossibilit\u00e0 di continuare nell\u2019esercizio dell\u2019attivit\u00e0\u201d sia di eventualmente \u201ccedere ad altri la gestione della stessa\u201d.<\/p>\n<p>I giudici lasciano intendere che un esito diverso si sarebbe potuto determinare se il dato normativo avesse ancorato la deroga al profilo soggettivo del gestore: in assenza di tale eventualit\u00e0 (contemplata, invece, in altre regioni), le limitazioni non appaiono suscettibili dell\u2019interpretazione analogica estensiva fatta propria dal Comune.<\/p>\n<p style=\"text-align: right;\">(<em>a cura di <strong>Marco De Pasquale<\/strong><\/em>)<\/p>\n","protected":false},"excerpt":{"rendered":"<p>Il caso e la normativa. Il caso che il TAR Veneto ha affrontato nella sentenza 307\/2022 trae origine dal rigetto, deciso da un Comune veneto,&nbsp;<span class=\"hellipsis\">[&hellip;]<\/span><a class=\"more-link\" href=\"https:\/\/welaikaadv.site\/avviso\/home\/cosa-facciamo\/informare\/documenti-tematici\/gioco-dazzardo\/il-tar-veneto-si-esprime-sullapplicazione-del-distanziometro-regionale-in-un-caso-di-subentro-nellattivita\/\">Leggi tutto <span class=\"screen-reader-text\">IL TAR VENETO SI ESPRIME SULL\u2019APPLICAZIONE DEL DISTANZIOMETRO REGIONALE IN UN CASO DI SUBENTRO NELL\u2019ATTIVIT\u00c0<\/span> <span class=\"meta-nav\" aria-hidden=\"true\">&rarr;<\/span><\/a><\/p>\n","protected":false},"author":1,"featured_media":0,"parent":202,"menu_order":160,"comment_status":"closed","ping_status":"closed","template":"","meta":{"_acf_changed":false,"_exactmetrics_skip_tracking":false,"_exactmetrics_sitenote_active":false,"_exactmetrics_sitenote_note":"","_exactmetrics_sitenote_category":0,"wp_social_preview_title":"","wp_social_preview_description":"","wp_social_preview_image":0,"footnotes":""},"class_list":["post-47999","page","type-page","status-publish","hentry"],"acf":[],"yoast_head":"<!-- This site is optimized with the Yoast SEO plugin v27.2 - https:\/\/yoast.com\/product\/yoast-seo-wordpress\/ -->\n<title>IL TAR VENETO SI ESPRIME SULL\u2019APPLICAZIONE DEL DISTANZIOMETRO REGIONALE IN UN CASO DI SUBENTRO NELL\u2019ATTIVIT\u00c0 - Staging Avviso Pubblico<\/title>\n<meta name=\"robots\" content=\"noindex, follow, max-snippet:-1, max-image-preview:large, max-video-preview:-1\" \/>\n<meta property=\"og:locale\" content=\"it_IT\" \/>\n<meta property=\"og:type\" content=\"article\" \/>\n<meta property=\"og:title\" content=\"IL TAR VENETO SI ESPRIME SULL\u2019APPLICAZIONE DEL DISTANZIOMETRO REGIONALE IN UN CASO DI SUBENTRO NELL\u2019ATTIVIT\u00c0 - Staging Avviso Pubblico\" \/>\n<meta property=\"og:description\" content=\"Il caso e la normativa. Il caso che il TAR Veneto ha affrontato nella sentenza 307\/2022 trae origine dal rigetto, deciso da un Comune veneto,&nbsp;[&hellip;]Leggi tutto IL TAR VENETO SI ESPRIME SULL\u2019APPLICAZIONE DEL DISTANZIOMETRO REGIONALE IN UN CASO DI SUBENTRO NELL\u2019ATTIVIT\u00c0 &rarr;\" \/>\n<meta property=\"og:url\" content=\"https:\/\/welaikaadv.site\/avviso\/home\/cosa-facciamo\/informare\/documenti-tematici\/gioco-dazzardo\/il-tar-veneto-si-esprime-sullapplicazione-del-distanziometro-regionale-in-un-caso-di-subentro-nellattivita\/\" \/>\n<meta property=\"og:site_name\" content=\"Staging Avviso Pubblico\" \/>\n<meta name=\"twitter:card\" content=\"summary_large_image\" \/>\n<meta name=\"twitter:label1\" content=\"Tempo di lettura stimato\" \/>\n\t<meta name=\"twitter:data1\" content=\"2 minuti\" \/>\n<script type=\"application\/ld+json\" class=\"yoast-schema-graph\">{\"@context\":\"https:\/\/schema.org\",\"@graph\":[{\"@type\":\"WebPage\",\"@id\":\"https:\/\/welaikaadv.site\/avviso\/home\/cosa-facciamo\/informare\/documenti-tematici\/gioco-dazzardo\/il-tar-veneto-si-esprime-sullapplicazione-del-distanziometro-regionale-in-un-caso-di-subentro-nellattivita\/\",\"url\":\"https:\/\/welaikaadv.site\/avviso\/home\/cosa-facciamo\/informare\/documenti-tematici\/gioco-dazzardo\/il-tar-veneto-si-esprime-sullapplicazione-del-distanziometro-regionale-in-un-caso-di-subentro-nellattivita\/\",\"name\":\"IL TAR VENETO SI ESPRIME SULL\u2019APPLICAZIONE DEL DISTANZIOMETRO REGIONALE IN UN CASO DI SUBENTRO NELL\u2019ATTIVIT\u00c0 - Staging Avviso Pubblico\",\"isPartOf\":{\"@id\":\"https:\/\/welaikaadv.site\/avviso\/#website\"},\"datePublished\":\"2022-02-28T08:11:41+00:00\",\"breadcrumb\":{\"@id\":\"https:\/\/welaikaadv.site\/avviso\/home\/cosa-facciamo\/informare\/documenti-tematici\/gioco-dazzardo\/il-tar-veneto-si-esprime-sullapplicazione-del-distanziometro-regionale-in-un-caso-di-subentro-nellattivita\/#breadcrumb\"},\"inLanguage\":\"it-IT\",\"potentialAction\":[{\"@type\":\"ReadAction\",\"target\":[\"https:\/\/welaikaadv.site\/avviso\/home\/cosa-facciamo\/informare\/documenti-tematici\/gioco-dazzardo\/il-tar-veneto-si-esprime-sullapplicazione-del-distanziometro-regionale-in-un-caso-di-subentro-nellattivita\/\"]}]},{\"@type\":\"BreadcrumbList\",\"@id\":\"https:\/\/welaikaadv.site\/avviso\/home\/cosa-facciamo\/informare\/documenti-tematici\/gioco-dazzardo\/il-tar-veneto-si-esprime-sullapplicazione-del-distanziometro-regionale-in-un-caso-di-subentro-nellattivita\/#breadcrumb\",\"itemListElement\":[{\"@type\":\"ListItem\",\"position\":1,\"name\":\"Home\",\"item\":\"https:\/\/welaikaadv.site\/avviso\/\"},{\"@type\":\"ListItem\",\"position\":2,\"name\":\"IL TAR VENETO SI ESPRIME SULL\u2019APPLICAZIONE DEL DISTANZIOMETRO REGIONALE IN UN CASO DI SUBENTRO NELL\u2019ATTIVIT\u00c0\"}]},{\"@type\":\"WebSite\",\"@id\":\"https:\/\/welaikaadv.site\/avviso\/#website\",\"url\":\"https:\/\/welaikaadv.site\/avviso\/\",\"name\":\"Staging Avviso Pubblico\",\"description\":\"\",\"publisher\":{\"@id\":\"https:\/\/welaikaadv.site\/avviso\/#organization\"},\"potentialAction\":[{\"@type\":\"SearchAction\",\"target\":{\"@type\":\"EntryPoint\",\"urlTemplate\":\"https:\/\/welaikaadv.site\/avviso\/?s={search_term_string}\"},\"query-input\":{\"@type\":\"PropertyValueSpecification\",\"valueRequired\":true,\"valueName\":\"search_term_string\"}}],\"inLanguage\":\"it-IT\"},{\"@type\":\"Organization\",\"@id\":\"https:\/\/welaikaadv.site\/avviso\/#organization\",\"name\":\"Staging Avviso Pubblico\",\"url\":\"https:\/\/welaikaadv.site\/avviso\/\",\"logo\":{\"@type\":\"ImageObject\",\"inLanguage\":\"it-IT\",\"@id\":\"https:\/\/welaikaadv.site\/avviso\/#\/schema\/logo\/image\/\",\"url\":\"https:\/\/welaikaadv.site\/avviso\/wp-content\/uploads\/2024\/08\/logoAPsito-400.png\",\"contentUrl\":\"https:\/\/welaikaadv.site\/avviso\/wp-content\/uploads\/2024\/08\/logoAPsito-400.png\",\"width\":400,\"height\":97,\"caption\":\"Staging Avviso Pubblico\"},\"image\":{\"@id\":\"https:\/\/welaikaadv.site\/avviso\/#\/schema\/logo\/image\/\"}}]}<\/script>\n<!-- \/ Yoast SEO plugin. -->","yoast_head_json":{"title":"IL TAR VENETO SI ESPRIME SULL\u2019APPLICAZIONE DEL DISTANZIOMETRO REGIONALE IN UN CASO DI SUBENTRO NELL\u2019ATTIVIT\u00c0 - Staging Avviso Pubblico","robots":{"index":"noindex","follow":"follow","max-snippet":"max-snippet:-1","max-image-preview":"max-image-preview:large","max-video-preview":"max-video-preview:-1"},"og_locale":"it_IT","og_type":"article","og_title":"IL TAR VENETO SI ESPRIME SULL\u2019APPLICAZIONE DEL DISTANZIOMETRO REGIONALE IN UN CASO DI SUBENTRO NELL\u2019ATTIVIT\u00c0 - Staging Avviso Pubblico","og_description":"Il caso e la normativa. Il caso che il TAR Veneto ha affrontato nella sentenza 307\/2022 trae origine dal rigetto, deciso da un Comune veneto,&nbsp;[&hellip;]Leggi tutto IL TAR VENETO SI ESPRIME SULL\u2019APPLICAZIONE DEL DISTANZIOMETRO REGIONALE IN UN CASO DI SUBENTRO NELL\u2019ATTIVIT\u00c0 &rarr;","og_url":"https:\/\/welaikaadv.site\/avviso\/home\/cosa-facciamo\/informare\/documenti-tematici\/gioco-dazzardo\/il-tar-veneto-si-esprime-sullapplicazione-del-distanziometro-regionale-in-un-caso-di-subentro-nellattivita\/","og_site_name":"Staging Avviso Pubblico","twitter_card":"summary_large_image","twitter_misc":{"Tempo di lettura stimato":"2 minuti"},"schema":{"@context":"https:\/\/schema.org","@graph":[{"@type":"WebPage","@id":"https:\/\/welaikaadv.site\/avviso\/home\/cosa-facciamo\/informare\/documenti-tematici\/gioco-dazzardo\/il-tar-veneto-si-esprime-sullapplicazione-del-distanziometro-regionale-in-un-caso-di-subentro-nellattivita\/","url":"https:\/\/welaikaadv.site\/avviso\/home\/cosa-facciamo\/informare\/documenti-tematici\/gioco-dazzardo\/il-tar-veneto-si-esprime-sullapplicazione-del-distanziometro-regionale-in-un-caso-di-subentro-nellattivita\/","name":"IL TAR VENETO SI ESPRIME SULL\u2019APPLICAZIONE DEL DISTANZIOMETRO REGIONALE IN UN CASO DI SUBENTRO NELL\u2019ATTIVIT\u00c0 - Staging Avviso Pubblico","isPartOf":{"@id":"https:\/\/welaikaadv.site\/avviso\/#website"},"datePublished":"2022-02-28T08:11:41+00:00","breadcrumb":{"@id":"https:\/\/welaikaadv.site\/avviso\/home\/cosa-facciamo\/informare\/documenti-tematici\/gioco-dazzardo\/il-tar-veneto-si-esprime-sullapplicazione-del-distanziometro-regionale-in-un-caso-di-subentro-nellattivita\/#breadcrumb"},"inLanguage":"it-IT","potentialAction":[{"@type":"ReadAction","target":["https:\/\/welaikaadv.site\/avviso\/home\/cosa-facciamo\/informare\/documenti-tematici\/gioco-dazzardo\/il-tar-veneto-si-esprime-sullapplicazione-del-distanziometro-regionale-in-un-caso-di-subentro-nellattivita\/"]}]},{"@type":"BreadcrumbList","@id":"https:\/\/welaikaadv.site\/avviso\/home\/cosa-facciamo\/informare\/documenti-tematici\/gioco-dazzardo\/il-tar-veneto-si-esprime-sullapplicazione-del-distanziometro-regionale-in-un-caso-di-subentro-nellattivita\/#breadcrumb","itemListElement":[{"@type":"ListItem","position":1,"name":"Home","item":"https:\/\/welaikaadv.site\/avviso\/"},{"@type":"ListItem","position":2,"name":"IL TAR VENETO SI ESPRIME SULL\u2019APPLICAZIONE DEL DISTANZIOMETRO REGIONALE IN UN CASO DI SUBENTRO NELL\u2019ATTIVIT\u00c0"}]},{"@type":"WebSite","@id":"https:\/\/welaikaadv.site\/avviso\/#website","url":"https:\/\/welaikaadv.site\/avviso\/","name":"Staging Avviso Pubblico","description":"","publisher":{"@id":"https:\/\/welaikaadv.site\/avviso\/#organization"},"potentialAction":[{"@type":"SearchAction","target":{"@type":"EntryPoint","urlTemplate":"https:\/\/welaikaadv.site\/avviso\/?s={search_term_string}"},"query-input":{"@type":"PropertyValueSpecification","valueRequired":true,"valueName":"search_term_string"}}],"inLanguage":"it-IT"},{"@type":"Organization","@id":"https:\/\/welaikaadv.site\/avviso\/#organization","name":"Staging Avviso Pubblico","url":"https:\/\/welaikaadv.site\/avviso\/","logo":{"@type":"ImageObject","inLanguage":"it-IT","@id":"https:\/\/welaikaadv.site\/avviso\/#\/schema\/logo\/image\/","url":"https:\/\/welaikaadv.site\/avviso\/wp-content\/uploads\/2024\/08\/logoAPsito-400.png","contentUrl":"https:\/\/welaikaadv.site\/avviso\/wp-content\/uploads\/2024\/08\/logoAPsito-400.png","width":400,"height":97,"caption":"Staging Avviso Pubblico"},"image":{"@id":"https:\/\/welaikaadv.site\/avviso\/#\/schema\/logo\/image\/"}}]}},"_links":{"self":[{"href":"https:\/\/welaikaadv.site\/avviso\/wp-json\/wp\/v2\/pages\/47999","targetHints":{"allow":["GET"]}}],"collection":[{"href":"https:\/\/welaikaadv.site\/avviso\/wp-json\/wp\/v2\/pages"}],"about":[{"href":"https:\/\/welaikaadv.site\/avviso\/wp-json\/wp\/v2\/types\/page"}],"author":[{"embeddable":true,"href":"https:\/\/welaikaadv.site\/avviso\/wp-json\/wp\/v2\/users\/1"}],"replies":[{"embeddable":true,"href":"https:\/\/welaikaadv.site\/avviso\/wp-json\/wp\/v2\/comments?post=47999"}],"version-history":[{"count":0,"href":"https:\/\/welaikaadv.site\/avviso\/wp-json\/wp\/v2\/pages\/47999\/revisions"}],"up":[{"embeddable":true,"href":"https:\/\/welaikaadv.site\/avviso\/wp-json\/wp\/v2\/pages\/202"}],"wp:attachment":[{"href":"https:\/\/welaikaadv.site\/avviso\/wp-json\/wp\/v2\/media?parent=47999"}],"curies":[{"name":"wp","href":"https:\/\/api.w.org\/{rel}","templated":true}]}}