{"id":50272,"date":"2022-06-30T09:19:51","date_gmt":"2022-06-30T07:19:51","guid":{"rendered":"https:\/\/www.avvisopubblico.it\/home\/?page_id=50272"},"modified":"2022-06-30T09:19:51","modified_gmt":"2022-06-30T07:19:51","slug":"sintesi-della-presentazione-del-rapporto-annuale-sullattivita-svolta-dallunita-di-informazione-finanziaria-per-litalia-nel-2021","status":"publish","type":"page","link":"https:\/\/welaikaadv.site\/avviso\/home\/cosa-facciamo\/informare\/documenti-tematici\/antiriciclaggio\/sintesi-della-presentazione-del-rapporto-annuale-sullattivita-svolta-dallunita-di-informazione-finanziaria-per-litalia-nel-2021\/","title":{"rendered":"Sintesi della Presentazione del Rapporto Annuale sull&#8217;attivit\u00e0 svolta dall&#8217;Unit\u00e0 di Informazione Finanziaria per l&#8217;Italia nel 2021"},"content":{"rendered":"<div class=\"page\" title=\"Page 1\">\n<div class=\"layoutArea\">\n<div class=\"column\">\n<p><strong>Premessa.<\/strong> Il 24 giugno si \u00e8 svolta la presentazione del <a href=\"https:\/\/uif.bancaditalia.it\/pubblicazioni\/rapporto-annuale\/2022\/Rapporto-UIF-anno-2021.pdf\">Rapporto Annuale<\/a> sull&#8217;attivit\u00e0 svolta dall&#8217;Unit\u00e0 di Informazione Finanziaria per l&#8217;Italia nel 2021 (<a href=\"https:\/\/www.youtube.com\/watch?v=CnH5YGNifc0\">qui<\/a> il video).<\/p>\n<p>Prima della relazione del Direttore della UIF Claudio Clemente (<a href=\"https:\/\/uif.bancaditalia.it\/pubblicazioni\/interventi\/documenti\/Relazione-Direttore-UIF-sul-2021.pdf\">qui<\/a> il testo), sono intervenuti per un saluto istituzionale il Governatore di Banca d\u2019Italia Ignazio Visco e il Ministro dell\u2019Economia e delle Finanze Daniele Franco.<\/p>\n<p>Il Governatore di Banca d\u2019Italia Ignazio Visco ha ricordato che siamo alla vigilia della rivisitazione complessiva del sistema antiriciclaggio europeo con la nascita della nuova Autorit\u00e0 Europea Antiriciclaggio: questa, in particolare, operer\u00e0 in raccordo con le Unit\u00e0 di Informazione Finanziaria dei vari paesi europei, recependo il modello italiano.<\/p>\n<p>Il sistema antiriciclaggio del nostro Paese, e l\u2019attivit\u00e0 della UIF in particolare, \u00e8 improntata alla collaborazione con l\u2019Autorit\u00e0 Giudiziaria: si tratta dello sviluppo di un\u2019intuizione di Giovanni Falcone; del resto, l\u2019attivit\u00e0 UIF in campo antimafia \u00e8 particolarmente preziosa se si pensa che nell\u2019ultimo anno circa il 15% delle segnalazioni di operazioni sospette analizzate hanno evidenziato collegamenti con la criminalit\u00e0 organizzata.<\/p>\n<p>Il Ministro dell\u2019Economia Daniele Franco ha sottolineato lo sviluppo della UIF nel corso dei suoi 15 anni di vita, in particolare sul piano dell\u2019aumento del numero e dell\u2019accuratezza delle segnalazioni di operazioni sospette e nella crescita complessiva della sensibilit\u00e0 e cultura antiriciclaggio.<\/p>\n<p>Emergenza sanitaria, PNRR e guerra hanno aperto scenari nuovi, nei quali risulta fondamentale l\u2019attenzione alla prevenzione degli illeciti e l\u2019implementazione delle forme di collaborazione internazionale. Il Ministro dell\u2019Economia ha poi ricordato quanto sia cruciale oggi il tema della cessione dei crediti edilizi.<\/p>\n<p><strong>I 15 anni della UIF.<\/strong> Ampia e articolata la relazione del Direttore della UIF Claudio Clemente. In primo luogo ha ricordato che nel corso dei 15 anni di esistenza della UIF si \u00e8 assistito ad un incremento della sofisticazione delle minacce di riciclaggio, in un contesto caratterizzato da rapidi mutamenti. A questo scenario si \u00e8 fatto fronte con l\u2019aumento delle categorie di operatori assoggettati a obblighi antiriciclaggio, delle autorit\u00e0 coinvolte, dei volumi e delle tipologie di informazioni trattate.<\/p>\n<p>L\u2019operato della UIF si \u00e8 cos\u00ec caratterizzato nell\u2019ottica della diffusione della cultura antiriciclaggio, dell\u2019affinamento delle capacit\u00e0 di analisi, della diversificazione delle fonti informative, dell\u2019aumento degli scambi con le autorit\u00e0, dell\u2019accrescimento dell\u2019attivit\u00e0 di intelligence sviluppata a supporto di indagini e del rafforzamento della riservatezza delle informazioni a tutela dei segnalanti e dei segnalati. Il tutto anche grazie a nuovi strumenti messi a disposizione degli operatori tra cui modelli e schemi rappresentativi di comportamenti anomali, indicatori di anomalia per le diverse categorie di soggetti obbligati, comunicazioni tematiche, pubblicazione di quaderni di casistiche di riciclaggio.<\/p>\n<p>Si sono poste cos\u00ec le basi per la crescita dell\u2019attivit\u00e0 della UIF: dal 2007 ad oggi \u00e8 aumentato di oltre dieci volte il volume di segnalazioni; si sono ridotti i tempi di invio delle segnalazioni; \u00e8 migliorata la capacit\u00e0 di intercettare fenomeni nuovi; \u00e8 stata implementata la collaborazione con le autorit\u00e0 competenti, investigative, giudiziarie e di supervisione, tra cui in particolare la DNAA.<\/p>\n<p><strong>Il 2021.<\/strong> Per quel che concerne l\u2019attivit\u00e0 della UIF nell\u2019anno 2021, le segnalazioni di operazioni sospette hanno superato le 139.000 unit\u00e0, con un incremento di oltre 26.000 segnalazioni rispetto all\u2019anno precedente (+23,3%). Si tratta di una crescita che dipende, in primis, dalle segnalazioni degli istituti di moneta elettronica e degli istituti di pagamento; hanno contribuito, inoltre, notai, prestatori di servizi di gioco, societ\u00e0 di trasporto e custodia di valori e banche.<\/p>\n<p>Nel biennio 2020-21, i ritorni positivi rilevati sono stati circa 45.000 da parte del Nucleo Speciale di Polizia Valutaria e 4.500 dalla Direzione Investigativa Antimafia; le comunicazioni oggettive, invece, hanno riguardato 43 milioni di operazioni in contante per un importo complessivo di 225 miliardi di euro.<\/p>\n<p>Tra le segnalazioni, il Rapporto evidenzia che gli illeciti fiscali si confermano una delle tipologie operative prevalenti nell\u2019ambito della collaborazione attiva (16,8% sul totale delle segnalazioni); in questa categoria, le frodi nelle fatturazioni da sole incidono per oltre il 25%.<\/p>\n<p>Le segnalazioni potenzialmente riconducibili a contesti di criminalit\u00e0 organizzata si sono mantenute intorno al 16% di quelle complessive. Dall\u2019analisi delle segnalazioni emerge come le consorterie abbiano calibrato le proprie modalit\u00e0 d\u2019azione anche per sfruttare al meglio le opportunit\u00e0 di guadagno emerse con la pandemia (commercio di dispositivi di protezione individuale, usura, acquisizione di societ\u00e0 in crisi).<\/p>\n<p>Nel quadro delle risorse legate all\u2019emergenza sanitaria, centrale \u00e8 l\u2019analisi dei fenomeni corruttivi, delle forme di appropriazione di fondi pubblici, delle condotte fraudolente in fase di richiesta e degli utilizzi impropri delle somme erogate.<\/p>\n<p>Altri settori da monitorare sono quelli relativi alle segnalazioni connesse all\u2019utilizzo di valute virtuali (3.500 segnalazioni) e a persone politicamente esposte (quasi 4.200).<\/p>\n<p><strong>L\u2019attivit\u00e0 ispettiva, la normativa e le prospettive.<\/strong> Sul piano dell\u2019attivit\u00e0 ispettiva, il Rapporto sottolinea che sono oggetto di approfondimento la questione della diffusione del contante, l\u2019analisi della gestione e dell\u2019operativit\u00e0 delle imprese infiltrate dalla criminalit\u00e0 organizzata e l\u2019accertamento su alcuni segmenti a rischio (quali il recupero crediti, i finanziamenti assistiti da garanzie pubbliche e la cartolarizzazione dei crediti).<\/p>\n<p>A livello normativo, nel Rapporto si elencano tre novit\u00e0 intervenute nel corso dell\u2019ultimo anno:<\/p>\n<ul>\n<li>D.<a href=\"https:\/\/www.gazzettaufficiale.it\/eli\/id\/2021\/11\/29\/21G00195\/sg\">lgs. 186\/2021<\/a>: nuovi canali di collaborazione domestica e internazionale, in particolare rispetto ai casi in cui le Autorit\u00e0 competenti possono richiedere informazioni e analisi finanziarie alla UIF;<\/li>\n<li>L.<a href=\"https:\/\/www.gazzettaufficiale.it\/eli\/id\/2022\/02\/28\/22G00022\/sg\"> 15\/2022<\/a>: ampliamento della tutela della riservatezza in sede processuale, con una tutela rafforzata prevista per i dati identificativi dei segnalanti<\/li>\n<li>L.<a href=\"https:\/\/www.gazzettaufficiale.it\/eli\/id\/2022\/03\/28\/22G00035\/sg\"> 25\/2022<\/a>: condivisione in alcuni casi delle informazioni in possesso dell\u2019Unit\u00e0 anche con i servizi centrali della Polizia di Stato, dell\u2019Arma dei Carabinieri e del Corpo della Guardia di Finanza.<\/li>\n<\/ul>\n<p>Infine, il Rapporto traccia alcune linee sulle prospettive dell\u2019antiriciclaggio nel nostro Paese. Tra gli elementi principali sono stati sottolineati:<\/p>\n<ul>\n<li>la sfida costituita dallo sviluppo tecnologico, in particolare per ci\u00f2 che concerne i sistemi di pagamento e i fenomeni di finanza e cripto-attivit\u00e0 basati su tecnologie decentralizzate;<\/li>\n<li>il tema delle sanzioni alla Russia, su cui anche la UIF \u00e8 impegnata per il loro rispetto;<\/li>\n<li>la grande questione dei fondi del PNRR, rispetto ai quali bisogna evitare che i flussi finanziari disponibili divengano bersaglio di ingerenze affaristico-criminali, che possono avere finalit\u00e0 sia di riciclaggio dei proventi illeciti, sia di condizionamento della sfera decisionale pubblica, anche a livello locale.<\/li>\n<\/ul>\n<\/div>\n<\/div>\n<\/div>\n<div class=\"page\" title=\"Page 3\">\n<div class=\"layoutArea\">\n<div class=\"column\">\n<p>&nbsp;<\/p>\n<\/div>\n<\/div>\n<\/div>\n","protected":false},"excerpt":{"rendered":"<p>Premessa. Il 24 giugno si \u00e8 svolta la presentazione del Rapporto Annuale sull&#8217;attivit\u00e0 svolta dall&#8217;Unit\u00e0 di Informazione Finanziaria per l&#8217;Italia nel 2021 (qui il video).&nbsp;<span class=\"hellipsis\">[&hellip;]<\/span><a class=\"more-link\" href=\"https:\/\/welaikaadv.site\/avviso\/home\/cosa-facciamo\/informare\/documenti-tematici\/antiriciclaggio\/sintesi-della-presentazione-del-rapporto-annuale-sullattivita-svolta-dallunita-di-informazione-finanziaria-per-litalia-nel-2021\/\">Leggi tutto <span class=\"screen-reader-text\">Sintesi della Presentazione del Rapporto Annuale sull&#8217;attivit\u00e0 svolta dall&#8217;Unit\u00e0 di Informazione Finanziaria per l&#8217;Italia nel 2021<\/span> <span class=\"meta-nav\" aria-hidden=\"true\">&rarr;<\/span><\/a><\/p>\n","protected":false},"author":1,"featured_media":0,"parent":29353,"menu_order":0,"comment_status":"closed","ping_status":"closed","template":"","meta":{"_acf_changed":false,"_exactmetrics_skip_tracking":false,"_exactmetrics_sitenote_active":false,"_exactmetrics_sitenote_note":"","_exactmetrics_sitenote_category":0,"wp_social_preview_title":"","wp_social_preview_description":"","wp_social_preview_image":0,"footnotes":""},"class_list":["post-50272","page","type-page","status-publish","hentry"],"acf":[],"yoast_head":"<!-- This site is optimized with the Yoast SEO plugin v27.2 - https:\/\/yoast.com\/product\/yoast-seo-wordpress\/ -->\n<title>Sintesi della Presentazione del Rapporto Annuale sull&#039;attivit\u00e0 svolta dall&#039;Unit\u00e0 di Informazione Finanziaria per l&#039;Italia nel 2021 - Staging Avviso Pubblico<\/title>\n<meta name=\"robots\" content=\"noindex, follow, max-snippet:-1, max-image-preview:large, max-video-preview:-1\" \/>\n<meta property=\"og:locale\" content=\"it_IT\" \/>\n<meta property=\"og:type\" content=\"article\" \/>\n<meta property=\"og:title\" content=\"Sintesi della Presentazione del Rapporto Annuale sull&#039;attivit\u00e0 svolta dall&#039;Unit\u00e0 di Informazione Finanziaria per l&#039;Italia nel 2021 - Staging Avviso Pubblico\" \/>\n<meta property=\"og:description\" content=\"Premessa. Il 24 giugno si \u00e8 svolta la presentazione del Rapporto Annuale sull&#8217;attivit\u00e0 svolta dall&#8217;Unit\u00e0 di Informazione Finanziaria per l&#8217;Italia nel 2021 (qui il video).&nbsp;[&hellip;]Leggi tutto Sintesi della Presentazione del Rapporto Annuale sull&#8217;attivit\u00e0 svolta dall&#8217;Unit\u00e0 di Informazione Finanziaria per l&#8217;Italia nel 2021 &rarr;\" \/>\n<meta property=\"og:url\" content=\"https:\/\/welaikaadv.site\/avviso\/home\/cosa-facciamo\/informare\/documenti-tematici\/antiriciclaggio\/sintesi-della-presentazione-del-rapporto-annuale-sullattivita-svolta-dallunita-di-informazione-finanziaria-per-litalia-nel-2021\/\" \/>\n<meta property=\"og:site_name\" content=\"Staging Avviso Pubblico\" \/>\n<meta name=\"twitter:card\" content=\"summary_large_image\" \/>\n<meta name=\"twitter:label1\" content=\"Tempo di lettura stimato\" \/>\n\t<meta name=\"twitter:data1\" content=\"6 minuti\" \/>\n<script type=\"application\/ld+json\" class=\"yoast-schema-graph\">{\"@context\":\"https:\/\/schema.org\",\"@graph\":[{\"@type\":\"WebPage\",\"@id\":\"https:\/\/welaikaadv.site\/avviso\/home\/cosa-facciamo\/informare\/documenti-tematici\/antiriciclaggio\/sintesi-della-presentazione-del-rapporto-annuale-sullattivita-svolta-dallunita-di-informazione-finanziaria-per-litalia-nel-2021\/\",\"url\":\"https:\/\/welaikaadv.site\/avviso\/home\/cosa-facciamo\/informare\/documenti-tematici\/antiriciclaggio\/sintesi-della-presentazione-del-rapporto-annuale-sullattivita-svolta-dallunita-di-informazione-finanziaria-per-litalia-nel-2021\/\",\"name\":\"Sintesi della Presentazione del Rapporto Annuale sull'attivit\u00e0 svolta dall'Unit\u00e0 di Informazione Finanziaria per l'Italia nel 2021 - Staging Avviso Pubblico\",\"isPartOf\":{\"@id\":\"https:\/\/welaikaadv.site\/avviso\/#website\"},\"datePublished\":\"2022-06-30T07:19:51+00:00\",\"breadcrumb\":{\"@id\":\"https:\/\/welaikaadv.site\/avviso\/home\/cosa-facciamo\/informare\/documenti-tematici\/antiriciclaggio\/sintesi-della-presentazione-del-rapporto-annuale-sullattivita-svolta-dallunita-di-informazione-finanziaria-per-litalia-nel-2021\/#breadcrumb\"},\"inLanguage\":\"it-IT\",\"potentialAction\":[{\"@type\":\"ReadAction\",\"target\":[\"https:\/\/welaikaadv.site\/avviso\/home\/cosa-facciamo\/informare\/documenti-tematici\/antiriciclaggio\/sintesi-della-presentazione-del-rapporto-annuale-sullattivita-svolta-dallunita-di-informazione-finanziaria-per-litalia-nel-2021\/\"]}]},{\"@type\":\"BreadcrumbList\",\"@id\":\"https:\/\/welaikaadv.site\/avviso\/home\/cosa-facciamo\/informare\/documenti-tematici\/antiriciclaggio\/sintesi-della-presentazione-del-rapporto-annuale-sullattivita-svolta-dallunita-di-informazione-finanziaria-per-litalia-nel-2021\/#breadcrumb\",\"itemListElement\":[{\"@type\":\"ListItem\",\"position\":1,\"name\":\"Home\",\"item\":\"https:\/\/welaikaadv.site\/avviso\/\"},{\"@type\":\"ListItem\",\"position\":2,\"name\":\"Sintesi della Presentazione del Rapporto Annuale sull&#8217;attivit\u00e0 svolta dall&#8217;Unit\u00e0 di Informazione Finanziaria per l&#8217;Italia nel 2021\"}]},{\"@type\":\"WebSite\",\"@id\":\"https:\/\/welaikaadv.site\/avviso\/#website\",\"url\":\"https:\/\/welaikaadv.site\/avviso\/\",\"name\":\"Staging Avviso Pubblico\",\"description\":\"\",\"publisher\":{\"@id\":\"https:\/\/welaikaadv.site\/avviso\/#organization\"},\"potentialAction\":[{\"@type\":\"SearchAction\",\"target\":{\"@type\":\"EntryPoint\",\"urlTemplate\":\"https:\/\/welaikaadv.site\/avviso\/?s={search_term_string}\"},\"query-input\":{\"@type\":\"PropertyValueSpecification\",\"valueRequired\":true,\"valueName\":\"search_term_string\"}}],\"inLanguage\":\"it-IT\"},{\"@type\":\"Organization\",\"@id\":\"https:\/\/welaikaadv.site\/avviso\/#organization\",\"name\":\"Staging Avviso Pubblico\",\"url\":\"https:\/\/welaikaadv.site\/avviso\/\",\"logo\":{\"@type\":\"ImageObject\",\"inLanguage\":\"it-IT\",\"@id\":\"https:\/\/welaikaadv.site\/avviso\/#\/schema\/logo\/image\/\",\"url\":\"https:\/\/welaikaadv.site\/avviso\/wp-content\/uploads\/2024\/08\/logoAPsito-400.png\",\"contentUrl\":\"https:\/\/welaikaadv.site\/avviso\/wp-content\/uploads\/2024\/08\/logoAPsito-400.png\",\"width\":400,\"height\":97,\"caption\":\"Staging Avviso Pubblico\"},\"image\":{\"@id\":\"https:\/\/welaikaadv.site\/avviso\/#\/schema\/logo\/image\/\"}}]}<\/script>\n<!-- \/ Yoast SEO plugin. -->","yoast_head_json":{"title":"Sintesi della Presentazione del Rapporto Annuale sull'attivit\u00e0 svolta dall'Unit\u00e0 di Informazione Finanziaria per l'Italia nel 2021 - Staging Avviso Pubblico","robots":{"index":"noindex","follow":"follow","max-snippet":"max-snippet:-1","max-image-preview":"max-image-preview:large","max-video-preview":"max-video-preview:-1"},"og_locale":"it_IT","og_type":"article","og_title":"Sintesi della Presentazione del Rapporto Annuale sull'attivit\u00e0 svolta dall'Unit\u00e0 di Informazione Finanziaria per l'Italia nel 2021 - Staging Avviso Pubblico","og_description":"Premessa. Il 24 giugno si \u00e8 svolta la presentazione del Rapporto Annuale sull&#8217;attivit\u00e0 svolta dall&#8217;Unit\u00e0 di Informazione Finanziaria per l&#8217;Italia nel 2021 (qui il video).&nbsp;[&hellip;]Leggi tutto Sintesi della Presentazione del Rapporto Annuale sull&#8217;attivit\u00e0 svolta dall&#8217;Unit\u00e0 di Informazione Finanziaria per l&#8217;Italia nel 2021 &rarr;","og_url":"https:\/\/welaikaadv.site\/avviso\/home\/cosa-facciamo\/informare\/documenti-tematici\/antiriciclaggio\/sintesi-della-presentazione-del-rapporto-annuale-sullattivita-svolta-dallunita-di-informazione-finanziaria-per-litalia-nel-2021\/","og_site_name":"Staging Avviso Pubblico","twitter_card":"summary_large_image","twitter_misc":{"Tempo di lettura stimato":"6 minuti"},"schema":{"@context":"https:\/\/schema.org","@graph":[{"@type":"WebPage","@id":"https:\/\/welaikaadv.site\/avviso\/home\/cosa-facciamo\/informare\/documenti-tematici\/antiriciclaggio\/sintesi-della-presentazione-del-rapporto-annuale-sullattivita-svolta-dallunita-di-informazione-finanziaria-per-litalia-nel-2021\/","url":"https:\/\/welaikaadv.site\/avviso\/home\/cosa-facciamo\/informare\/documenti-tematici\/antiriciclaggio\/sintesi-della-presentazione-del-rapporto-annuale-sullattivita-svolta-dallunita-di-informazione-finanziaria-per-litalia-nel-2021\/","name":"Sintesi della Presentazione del Rapporto Annuale sull'attivit\u00e0 svolta dall'Unit\u00e0 di Informazione Finanziaria per l'Italia nel 2021 - Staging Avviso Pubblico","isPartOf":{"@id":"https:\/\/welaikaadv.site\/avviso\/#website"},"datePublished":"2022-06-30T07:19:51+00:00","breadcrumb":{"@id":"https:\/\/welaikaadv.site\/avviso\/home\/cosa-facciamo\/informare\/documenti-tematici\/antiriciclaggio\/sintesi-della-presentazione-del-rapporto-annuale-sullattivita-svolta-dallunita-di-informazione-finanziaria-per-litalia-nel-2021\/#breadcrumb"},"inLanguage":"it-IT","potentialAction":[{"@type":"ReadAction","target":["https:\/\/welaikaadv.site\/avviso\/home\/cosa-facciamo\/informare\/documenti-tematici\/antiriciclaggio\/sintesi-della-presentazione-del-rapporto-annuale-sullattivita-svolta-dallunita-di-informazione-finanziaria-per-litalia-nel-2021\/"]}]},{"@type":"BreadcrumbList","@id":"https:\/\/welaikaadv.site\/avviso\/home\/cosa-facciamo\/informare\/documenti-tematici\/antiriciclaggio\/sintesi-della-presentazione-del-rapporto-annuale-sullattivita-svolta-dallunita-di-informazione-finanziaria-per-litalia-nel-2021\/#breadcrumb","itemListElement":[{"@type":"ListItem","position":1,"name":"Home","item":"https:\/\/welaikaadv.site\/avviso\/"},{"@type":"ListItem","position":2,"name":"Sintesi della Presentazione del Rapporto Annuale sull&#8217;attivit\u00e0 svolta dall&#8217;Unit\u00e0 di Informazione Finanziaria per l&#8217;Italia nel 2021"}]},{"@type":"WebSite","@id":"https:\/\/welaikaadv.site\/avviso\/#website","url":"https:\/\/welaikaadv.site\/avviso\/","name":"Staging Avviso Pubblico","description":"","publisher":{"@id":"https:\/\/welaikaadv.site\/avviso\/#organization"},"potentialAction":[{"@type":"SearchAction","target":{"@type":"EntryPoint","urlTemplate":"https:\/\/welaikaadv.site\/avviso\/?s={search_term_string}"},"query-input":{"@type":"PropertyValueSpecification","valueRequired":true,"valueName":"search_term_string"}}],"inLanguage":"it-IT"},{"@type":"Organization","@id":"https:\/\/welaikaadv.site\/avviso\/#organization","name":"Staging Avviso Pubblico","url":"https:\/\/welaikaadv.site\/avviso\/","logo":{"@type":"ImageObject","inLanguage":"it-IT","@id":"https:\/\/welaikaadv.site\/avviso\/#\/schema\/logo\/image\/","url":"https:\/\/welaikaadv.site\/avviso\/wp-content\/uploads\/2024\/08\/logoAPsito-400.png","contentUrl":"https:\/\/welaikaadv.site\/avviso\/wp-content\/uploads\/2024\/08\/logoAPsito-400.png","width":400,"height":97,"caption":"Staging Avviso Pubblico"},"image":{"@id":"https:\/\/welaikaadv.site\/avviso\/#\/schema\/logo\/image\/"}}]}},"_links":{"self":[{"href":"https:\/\/welaikaadv.site\/avviso\/wp-json\/wp\/v2\/pages\/50272","targetHints":{"allow":["GET"]}}],"collection":[{"href":"https:\/\/welaikaadv.site\/avviso\/wp-json\/wp\/v2\/pages"}],"about":[{"href":"https:\/\/welaikaadv.site\/avviso\/wp-json\/wp\/v2\/types\/page"}],"author":[{"embeddable":true,"href":"https:\/\/welaikaadv.site\/avviso\/wp-json\/wp\/v2\/users\/1"}],"replies":[{"embeddable":true,"href":"https:\/\/welaikaadv.site\/avviso\/wp-json\/wp\/v2\/comments?post=50272"}],"version-history":[{"count":0,"href":"https:\/\/welaikaadv.site\/avviso\/wp-json\/wp\/v2\/pages\/50272\/revisions"}],"up":[{"embeddable":true,"href":"https:\/\/welaikaadv.site\/avviso\/wp-json\/wp\/v2\/pages\/29353"}],"wp:attachment":[{"href":"https:\/\/welaikaadv.site\/avviso\/wp-json\/wp\/v2\/media?parent=50272"}],"curies":[{"name":"wp","href":"https:\/\/api.w.org\/{rel}","templated":true}]}}