{"id":52098,"date":"2023-01-10T09:00:50","date_gmt":"2023-01-10T08:00:50","guid":{"rendered":"https:\/\/www.avvisopubblico.it\/home\/?page_id=52098"},"modified":"2023-01-10T09:00:50","modified_gmt":"2023-01-10T08:00:50","slug":"il-tar-puglia-conferma-il-distanziometro-regionale","status":"publish","type":"page","link":"https:\/\/welaikaadv.site\/avviso\/home\/cosa-facciamo\/informare\/documenti-tematici\/gioco-dazzardo\/il-tar-puglia-conferma-il-distanziometro-regionale\/","title":{"rendered":"IL TAR PUGLIA CONFERMA IL DISTANZIOMETRO REGIONALE"},"content":{"rendered":"<div>\n<p><b>Premessa<\/b>. L\u2019art. 7, comma 2, della <a href=\"https:\/\/welaikaadv.site\/avviso\/home\/cosa-facciamo\/informare\/documenti-tematici\/gioco-dazzardo\/legge-della-regione-puglia-per-il-contrasto-alla-diffusione-del-gioco-dazzardo-patologico-gap\/\">legge regionale pugliese 43\/2013<\/a>, come modificato dall\u2019art. 1 della legge regionale pugliese 21\/2019, prevede che non vengono concesse nuove autorizzazioni all\u2019esercizio di attivit\u00e0 da gioco \u201cnel caso di ubicazioni in un raggio inferiore a 250 metri\u201d da una serie di luoghi sensibili, tra cui le strutture sanitarie.<\/p>\n<\/div>\n<div>\n<p>Il TAR Puglia, con la sentenza <a href=\"https:\/\/www.giustizia-amministrativa.it\/portale\/pages\/istituzionale\/visualizza\/?nodeRef=&amp;schema=tar_ba&amp;nrg=202100964&amp;nomeFile=202300034_01.html&amp;subDir=Provvedimenti\">34\/2023<\/a>, che qui si analizza, si \u00e8 pronunciato sul ricorso di un operatore del gioco, respingendo le sue doglianze. Quest\u2019ultimo aveva impugnato il provvedimento della Questura di Bari che aveva negato l\u2019autorizzazione all\u2019esercizio di raccolta scommesse per violazione delle distanze minime rispetto ad una struttura sanitaria.<\/p>\n<\/div>\n<div>\n<p><b>La legge regionale<\/b>. Secondo il TAR Puglia \u00e8 corretta l\u2019applicazione della normativa regionale effettuata dalla Questura: ai fini dell\u2019operativit\u00e0 del distanziometro, spiegano i giudici, e\u0300 necessario \u201cche preesista un luogo sensibile e che esso sia ubicato ad una distanza inferiore a duecentocinquanta metri dal locale presso cui sar\u00e0 svolta l\u2019attivit\u00e0 per cui si chiede l\u2019autorizzazione\u201d.<\/p>\n<\/div>\n<div>\n<p>Nel caso di specie ricorrono tali condizioni e il luogo sensibile individuato rientra, secondo il TAR, nel novero delle strutture sanitarie per come definite dall\u2019art. 2 della legge regionale pugliese 9\/2017.<\/p>\n<\/div>\n<div>\n<p><b>La competenza regionale<\/b>. I giudici respingono anche i dubbi di costituzionalit\u00e0 sollevati dall\u2019esercente in merito alla normativa regionale sul gioco.<\/p>\n<\/div>\n<div>\n<p>In particolare, per quel che concerne l\u2019asserito difetto di competenza legislativa regionale, il TAR (riprendendo Corte Cost., <a href=\"https:\/\/www.cortecostituzionale.it\/actionSchedaPronuncia.do?anno=2017&amp;numero=108\">108\/2017<\/a>) ribadisce che \u201cil legislatore pugliese non e\u0300 intervenuto per contrastare il gioco illegale, ne\u0301 per disciplinare direttamente le modalit\u00e0 di installazione e di utilizzo degli apparecchi da gioco leciti e nemmeno per individuare i giochi leciti\u201d (che rientrerebbero nella materia della tutela dell\u2019ordine pubblico e sicurezza), bens\u00ec ha perseguito finalit\u00e0 di carattere socio-sanitario (orientate a evitare la prossimit\u00e0 delle sale e degli apparecchi da gioco rispetto a determinati luoghi), rientranti nella materia concorrente della tutela della salute.<\/p>\n<\/div>\n<div>\n<p><b>La libert\u00e0 di iniziativa economica<\/b>. Infine, i giudici respingono anche le doglianze di parte ricorrente secondo cui sarebbe stata violata la libert\u00e0 di iniziativa economica. Sulla scorta dell\u2019art. 41 Cost., la libert\u00e0 di iniziativa economica pu\u00f2 essere \u201clegittimamente limitata\u201d per perseguire finalit\u00e0 di tutela della salute.<\/p>\n<\/div>\n<div>\n<p>A ci\u00f2 non osta nemmeno, contrariamente a quanto affermato dall\u2019esercente, la giurisprudenza comunitaria, che ha confermato le \u201crestrizioni alle attivit\u00e0 di gioco d&#8217;azzardo\u201d in caso di \u201cragioni imperative di interesse generale, quali la tutela dei consumatori e la prevenzione della frode e dell&#8217;incitamento dei cittadini ad una spesa eccessiva legata al gioco\u201d.<\/p>\n<\/div>\n","protected":false},"excerpt":{"rendered":"<p>Premessa. L\u2019art. 7, comma 2, della legge regionale pugliese 43\/2013, come modificato dall\u2019art. 1 della legge regionale pugliese 21\/2019, prevede che non vengono concesse nuove&nbsp;<span class=\"hellipsis\">[&hellip;]<\/span><a class=\"more-link\" href=\"https:\/\/welaikaadv.site\/avviso\/home\/cosa-facciamo\/informare\/documenti-tematici\/gioco-dazzardo\/il-tar-puglia-conferma-il-distanziometro-regionale\/\">Leggi tutto <span class=\"screen-reader-text\">IL TAR PUGLIA CONFERMA IL DISTANZIOMETRO REGIONALE<\/span> <span class=\"meta-nav\" aria-hidden=\"true\">&rarr;<\/span><\/a><\/p>\n","protected":false},"author":1,"featured_media":0,"parent":202,"menu_order":160,"comment_status":"closed","ping_status":"closed","template":"","meta":{"_acf_changed":false,"_exactmetrics_skip_tracking":false,"_exactmetrics_sitenote_active":false,"_exactmetrics_sitenote_note":"","_exactmetrics_sitenote_category":0,"wp_social_preview_title":"","wp_social_preview_description":"","wp_social_preview_image":0,"footnotes":""},"class_list":["post-52098","page","type-page","status-publish","hentry"],"acf":[],"yoast_head":"<!-- This site is optimized with the Yoast SEO plugin v27.2 - https:\/\/yoast.com\/product\/yoast-seo-wordpress\/ -->\n<title>IL TAR PUGLIA CONFERMA IL DISTANZIOMETRO REGIONALE - Staging Avviso Pubblico<\/title>\n<meta name=\"robots\" content=\"noindex, follow, max-snippet:-1, max-image-preview:large, max-video-preview:-1\" \/>\n<meta property=\"og:locale\" content=\"it_IT\" \/>\n<meta property=\"og:type\" content=\"article\" \/>\n<meta property=\"og:title\" content=\"IL TAR PUGLIA CONFERMA IL DISTANZIOMETRO REGIONALE - Staging Avviso Pubblico\" \/>\n<meta property=\"og:description\" content=\"Premessa. L\u2019art. 7, comma 2, della legge regionale pugliese 43\/2013, come modificato dall\u2019art. 1 della legge regionale pugliese 21\/2019, prevede che non vengono concesse nuove&nbsp;[&hellip;]Leggi tutto IL TAR PUGLIA CONFERMA IL DISTANZIOMETRO REGIONALE &rarr;\" \/>\n<meta property=\"og:url\" content=\"https:\/\/welaikaadv.site\/avviso\/home\/cosa-facciamo\/informare\/documenti-tematici\/gioco-dazzardo\/il-tar-puglia-conferma-il-distanziometro-regionale\/\" \/>\n<meta property=\"og:site_name\" content=\"Staging Avviso Pubblico\" \/>\n<meta name=\"twitter:card\" content=\"summary_large_image\" \/>\n<meta name=\"twitter:label1\" content=\"Tempo di lettura stimato\" \/>\n\t<meta name=\"twitter:data1\" content=\"5 minuti\" \/>\n<script type=\"application\/ld+json\" class=\"yoast-schema-graph\">{\"@context\":\"https:\/\/schema.org\",\"@graph\":[{\"@type\":\"WebPage\",\"@id\":\"https:\/\/welaikaadv.site\/avviso\/home\/cosa-facciamo\/informare\/documenti-tematici\/gioco-dazzardo\/il-tar-puglia-conferma-il-distanziometro-regionale\/\",\"url\":\"https:\/\/welaikaadv.site\/avviso\/home\/cosa-facciamo\/informare\/documenti-tematici\/gioco-dazzardo\/il-tar-puglia-conferma-il-distanziometro-regionale\/\",\"name\":\"IL TAR PUGLIA CONFERMA IL DISTANZIOMETRO REGIONALE - Staging Avviso Pubblico\",\"isPartOf\":{\"@id\":\"https:\/\/welaikaadv.site\/avviso\/#website\"},\"datePublished\":\"2023-01-10T08:00:50+00:00\",\"breadcrumb\":{\"@id\":\"https:\/\/welaikaadv.site\/avviso\/home\/cosa-facciamo\/informare\/documenti-tematici\/gioco-dazzardo\/il-tar-puglia-conferma-il-distanziometro-regionale\/#breadcrumb\"},\"inLanguage\":\"it-IT\",\"potentialAction\":[{\"@type\":\"ReadAction\",\"target\":[\"https:\/\/welaikaadv.site\/avviso\/home\/cosa-facciamo\/informare\/documenti-tematici\/gioco-dazzardo\/il-tar-puglia-conferma-il-distanziometro-regionale\/\"]}]},{\"@type\":\"BreadcrumbList\",\"@id\":\"https:\/\/welaikaadv.site\/avviso\/home\/cosa-facciamo\/informare\/documenti-tematici\/gioco-dazzardo\/il-tar-puglia-conferma-il-distanziometro-regionale\/#breadcrumb\",\"itemListElement\":[{\"@type\":\"ListItem\",\"position\":1,\"name\":\"Home\",\"item\":\"https:\/\/welaikaadv.site\/avviso\/\"},{\"@type\":\"ListItem\",\"position\":2,\"name\":\"IL TAR PUGLIA CONFERMA IL DISTANZIOMETRO REGIONALE\"}]},{\"@type\":\"WebSite\",\"@id\":\"https:\/\/welaikaadv.site\/avviso\/#website\",\"url\":\"https:\/\/welaikaadv.site\/avviso\/\",\"name\":\"Staging Avviso Pubblico\",\"description\":\"\",\"publisher\":{\"@id\":\"https:\/\/welaikaadv.site\/avviso\/#organization\"},\"potentialAction\":[{\"@type\":\"SearchAction\",\"target\":{\"@type\":\"EntryPoint\",\"urlTemplate\":\"https:\/\/welaikaadv.site\/avviso\/?s={search_term_string}\"},\"query-input\":{\"@type\":\"PropertyValueSpecification\",\"valueRequired\":true,\"valueName\":\"search_term_string\"}}],\"inLanguage\":\"it-IT\"},{\"@type\":\"Organization\",\"@id\":\"https:\/\/welaikaadv.site\/avviso\/#organization\",\"name\":\"Staging Avviso Pubblico\",\"url\":\"https:\/\/welaikaadv.site\/avviso\/\",\"logo\":{\"@type\":\"ImageObject\",\"inLanguage\":\"it-IT\",\"@id\":\"https:\/\/welaikaadv.site\/avviso\/#\/schema\/logo\/image\/\",\"url\":\"https:\/\/welaikaadv.site\/avviso\/wp-content\/uploads\/2024\/08\/logoAPsito-400.png\",\"contentUrl\":\"https:\/\/welaikaadv.site\/avviso\/wp-content\/uploads\/2024\/08\/logoAPsito-400.png\",\"width\":400,\"height\":97,\"caption\":\"Staging Avviso Pubblico\"},\"image\":{\"@id\":\"https:\/\/welaikaadv.site\/avviso\/#\/schema\/logo\/image\/\"}}]}<\/script>\n<!-- \/ Yoast SEO plugin. -->","yoast_head_json":{"title":"IL TAR PUGLIA CONFERMA IL DISTANZIOMETRO REGIONALE - Staging Avviso Pubblico","robots":{"index":"noindex","follow":"follow","max-snippet":"max-snippet:-1","max-image-preview":"max-image-preview:large","max-video-preview":"max-video-preview:-1"},"og_locale":"it_IT","og_type":"article","og_title":"IL TAR PUGLIA CONFERMA IL DISTANZIOMETRO REGIONALE - Staging Avviso Pubblico","og_description":"Premessa. L\u2019art. 7, comma 2, della legge regionale pugliese 43\/2013, come modificato dall\u2019art. 1 della legge regionale pugliese 21\/2019, prevede che non vengono concesse nuove&nbsp;[&hellip;]Leggi tutto IL TAR PUGLIA CONFERMA IL DISTANZIOMETRO REGIONALE &rarr;","og_url":"https:\/\/welaikaadv.site\/avviso\/home\/cosa-facciamo\/informare\/documenti-tematici\/gioco-dazzardo\/il-tar-puglia-conferma-il-distanziometro-regionale\/","og_site_name":"Staging Avviso Pubblico","twitter_card":"summary_large_image","twitter_misc":{"Tempo di lettura stimato":"5 minuti"},"schema":{"@context":"https:\/\/schema.org","@graph":[{"@type":"WebPage","@id":"https:\/\/welaikaadv.site\/avviso\/home\/cosa-facciamo\/informare\/documenti-tematici\/gioco-dazzardo\/il-tar-puglia-conferma-il-distanziometro-regionale\/","url":"https:\/\/welaikaadv.site\/avviso\/home\/cosa-facciamo\/informare\/documenti-tematici\/gioco-dazzardo\/il-tar-puglia-conferma-il-distanziometro-regionale\/","name":"IL TAR PUGLIA CONFERMA IL DISTANZIOMETRO REGIONALE - Staging Avviso Pubblico","isPartOf":{"@id":"https:\/\/welaikaadv.site\/avviso\/#website"},"datePublished":"2023-01-10T08:00:50+00:00","breadcrumb":{"@id":"https:\/\/welaikaadv.site\/avviso\/home\/cosa-facciamo\/informare\/documenti-tematici\/gioco-dazzardo\/il-tar-puglia-conferma-il-distanziometro-regionale\/#breadcrumb"},"inLanguage":"it-IT","potentialAction":[{"@type":"ReadAction","target":["https:\/\/welaikaadv.site\/avviso\/home\/cosa-facciamo\/informare\/documenti-tematici\/gioco-dazzardo\/il-tar-puglia-conferma-il-distanziometro-regionale\/"]}]},{"@type":"BreadcrumbList","@id":"https:\/\/welaikaadv.site\/avviso\/home\/cosa-facciamo\/informare\/documenti-tematici\/gioco-dazzardo\/il-tar-puglia-conferma-il-distanziometro-regionale\/#breadcrumb","itemListElement":[{"@type":"ListItem","position":1,"name":"Home","item":"https:\/\/welaikaadv.site\/avviso\/"},{"@type":"ListItem","position":2,"name":"IL TAR PUGLIA CONFERMA IL DISTANZIOMETRO REGIONALE"}]},{"@type":"WebSite","@id":"https:\/\/welaikaadv.site\/avviso\/#website","url":"https:\/\/welaikaadv.site\/avviso\/","name":"Staging Avviso Pubblico","description":"","publisher":{"@id":"https:\/\/welaikaadv.site\/avviso\/#organization"},"potentialAction":[{"@type":"SearchAction","target":{"@type":"EntryPoint","urlTemplate":"https:\/\/welaikaadv.site\/avviso\/?s={search_term_string}"},"query-input":{"@type":"PropertyValueSpecification","valueRequired":true,"valueName":"search_term_string"}}],"inLanguage":"it-IT"},{"@type":"Organization","@id":"https:\/\/welaikaadv.site\/avviso\/#organization","name":"Staging Avviso Pubblico","url":"https:\/\/welaikaadv.site\/avviso\/","logo":{"@type":"ImageObject","inLanguage":"it-IT","@id":"https:\/\/welaikaadv.site\/avviso\/#\/schema\/logo\/image\/","url":"https:\/\/welaikaadv.site\/avviso\/wp-content\/uploads\/2024\/08\/logoAPsito-400.png","contentUrl":"https:\/\/welaikaadv.site\/avviso\/wp-content\/uploads\/2024\/08\/logoAPsito-400.png","width":400,"height":97,"caption":"Staging Avviso Pubblico"},"image":{"@id":"https:\/\/welaikaadv.site\/avviso\/#\/schema\/logo\/image\/"}}]}},"_links":{"self":[{"href":"https:\/\/welaikaadv.site\/avviso\/wp-json\/wp\/v2\/pages\/52098","targetHints":{"allow":["GET"]}}],"collection":[{"href":"https:\/\/welaikaadv.site\/avviso\/wp-json\/wp\/v2\/pages"}],"about":[{"href":"https:\/\/welaikaadv.site\/avviso\/wp-json\/wp\/v2\/types\/page"}],"author":[{"embeddable":true,"href":"https:\/\/welaikaadv.site\/avviso\/wp-json\/wp\/v2\/users\/1"}],"replies":[{"embeddable":true,"href":"https:\/\/welaikaadv.site\/avviso\/wp-json\/wp\/v2\/comments?post=52098"}],"version-history":[{"count":0,"href":"https:\/\/welaikaadv.site\/avviso\/wp-json\/wp\/v2\/pages\/52098\/revisions"}],"up":[{"embeddable":true,"href":"https:\/\/welaikaadv.site\/avviso\/wp-json\/wp\/v2\/pages\/202"}],"wp:attachment":[{"href":"https:\/\/welaikaadv.site\/avviso\/wp-json\/wp\/v2\/media?parent=52098"}],"curies":[{"name":"wp","href":"https:\/\/api.w.org\/{rel}","templated":true}]}}