{"id":52481,"date":"2023-02-20T09:14:33","date_gmt":"2023-02-20T08:14:33","guid":{"rendered":"https:\/\/www.avvisopubblico.it\/home\/?page_id=52481"},"modified":"2023-02-20T09:14:33","modified_gmt":"2023-02-20T08:14:33","slug":"il-tar-piemonte-si-pronuncia-sui-limiti-orari-pre-modifica-legge-regionale-nel-comune-di-centallo-cuneo","status":"publish","type":"page","link":"https:\/\/welaikaadv.site\/avviso\/home\/cosa-facciamo\/informare\/documenti-tematici\/gioco-dazzardo\/il-tar-piemonte-si-pronuncia-sui-limiti-orari-pre-modifica-legge-regionale-nel-comune-di-centallo-cuneo\/","title":{"rendered":"IL TAR PIEMONTE SI PRONUNCIA SUI LIMITI ORARI PRE-MODIFICA LEGGE REGIONALE NEL COMUNE DI CENTALLO (CUNEO)"},"content":{"rendered":"<div>\n<p><b>La normativa e il caso<\/b>. Il Comune di Centallo (CN) con l&#8217;ordinanza n. 2495 del 27.9.2016 ha disciplinato gli orari di funzionamento degli apparecchi (sia nelle sale gioco sia negli esercizi cd. generalisti), disponendo che l\u2019attivit\u00e0 di gioco sia consentita dalle ore 12:00 alle ore 24:00.<\/p>\n<\/div>\n<div>\n<p>Una societ\u00e0 che svolge, nel territorio comunale, attivit\u00e0 di raccolta delle giocate, ha presentato nel 2016 ricorso al TAR Piemonte che si \u00e8 pronunciato con la sentenza <a href=\"https:\/\/www.giustizia-amministrativa.it\/portale\/pages\/istituzionale\/visualizza\/?nodeRef=&amp;schema=tar_to&amp;nrg=201601226&amp;nomeFile=202300169_01.html&amp;subDir=Provvedimenti\">169\/2023<\/a>.<\/p>\n<\/div>\n<div>\n<p>Va premesso che l\u2019ordinanza oggetto di impugnazione \u00e8 stata adottata in attuazione della legge regionale <a href=\"https:\/\/welaikaadv.site\/avviso\/home\/cosa-facciamo\/informare\/documenti-tematici\/gioco-dazzardo\/la-legge-della-regione-piemonte-contrasto-del-gioco-patologico\/\">9\/2016<\/a>, ora abrogata e sostituita dalla legge regionale <a href=\"https:\/\/welaikaadv.site\/avviso\/home\/cosa-facciamo\/informare\/documenti-tematici\/gioco-dazzardo\/la-nuova-legge-della-regione-piemonte-di-contrasto-del-gioco-patologico-n-19-del-2021\/\">19\/2021<\/a>. Oggi, in particolare, le fasce orarie di limitazione al gioco sono predeterminate per via legislativa (art. 19) e sono differenziate per tipologia di esercizio commerciale.<\/p>\n<\/div>\n<div>\n<p><b>La competenza del Sindaco e della Regione<\/b>. In primo luogo, il TAR nega che l\u2019ordinanza e la legge regionale su cui essa si fonda violino, in qualche misura, l\u2019ordinario riparto di competenze. Per quanto concerne le prerogative del Sindaco, infatti, va confermato che l\u2019ordinanza ex art. 50, comma 7, TUEL costituisce strumento idoneo per disciplinare gli orari delle sale giochi e degli esercizi nei quali sono installate le apparecchiature per il gioco (vd. Corte Cost., 220\/2014). Per la competenza regionale \u00e8 sufficiente sottolineare, come fa il TAR, la riconducibilit\u00e0 degli interventi limitativi degli orari nell\u2019ambito della competenza concorrente della tutela della salute.<\/p>\n<\/div>\n<div>\n<p>La formulazione dell\u2019art. 6 della vecchia legge regionale 9\/2016 (\u201cI comuni \u2026 dispongono limitazioni temporali all&#8217;esercizio del gioco \u2026 per una durata non inferiore a tre ore nell&#8217;arco dell&#8217;orario di apertura previsto\u2026\u201d) non comprime, secondo il TAR, \u201cl\u2019autonomia amministrativa degli enti locali, tenuto conto che a questi ultimi viene attribuita sia la verifica in ordine alla effettiva sussistenza, in ambito locale, di ragioni di interesse pubblico per disporre limitazioni temporali all\u2019esercizio del gioco lecito con vincite in denaro \u2026 sia la facolt\u00e0 di modulare liberamente il contenuto del provvedimento limitativo, con il solo rispetto di un limite minimo predeterminato di divieto di utilizzo degli apparecchi automatici (almeno 3 ore nell\u2019arco dell\u2019orario di apertura previsto)\u201d.<\/p>\n<\/div>\n<div>\n<p>Come accennato, la formulazione attuale sul punto \u00e8 stata modificata, non prevedendo pi\u00f9 la facolt\u00e0 comunale di modulare i limiti entro un limite predeterminato.<\/p>\n<\/div>\n<div>\n<p><b>L\u2019istruttoria e il principio di proporzionalit\u00e0<\/b>. L\u2019ordinanza sindacale del 2016 \u00e8 corretta, secondo il TAR, anche sotto il profilo dell\u2019attivit\u00e0 istruttoria e del rispetto del principio di proporzionalit\u00e0. In primo luogo, dicono i giudici, \u201cl\u2019esercizio dei poteri di cui alle ordinanze di cui all\u2019art. 50, comma 7, del TUEL e\u0300 connotato da ampia discrezionalit\u00e0 e pertanto, per giurisprudenza consolidata, il sindacato del giudice e\u0300 limitato agli eventuali profili vizi di macroscopica irragionevolezza o illogicit\u00e0 o travisamento del fatto\u201d. Inoltre, il TAR Piemonte aderisce al consolidato indirizzo secondo cui \u201cnell\u2019attuale momento storico, la diffusione del fenomeno della ludopatia in ampie fasce della popolazione costituisce un fatto notorio o, comunque, una nozione di fatto di comune esperienza\u201d.<\/p>\n<\/div>\n<div>\n<p>L\u2019ordinanza risulta, complessivamente, rispettosa anche del piano di proporzionalit\u00e0: i limiti previsti appaiono, al Collegio, adeguati e proporzionati \u201crispetto agli obiettivi perseguiti, ossia la prevenzione, il contrasto e la riduzione del gioco d\u2019azzardo patologico\u201d.<\/p>\n<\/div>\n<div>\n<p><b>L\u2019efficacia di tali limitazioni<\/b>. Il TAR rileva, poi, che \u201ca far data dal mese di agosto 2016, pressoch\u00e9 tutti i Comuni della Provincia di Cuneo, compreso il Comune resistente, hanno adottato omologhe ordinanze, ex art. 6 della L.R. n. 9\/2016, di limitazione dell\u2019orario di funzionamento degli apparecchi da gioco dalle ore 24,00 alle ore 14,00\u201d: il risultato \u00e8 che \u201ctutte le relazioni e i rapporti relativi alla Regione Piemonte ed alla Provincia di Cuneo registrano una sensibile diminuzione dei volumi di gioco d\u2019azzardo. Rispetto al dato del 2016, anno di entrata in vigore della Legge Piemontese, nel periodo 2017-2019 la diminuzione registrata in Piemonte e\u0300 di 572 milioni di Euro (-11%), mentre nel resto della Nazione la riduzione e\u0300 iniziata solo nel 2019, risultante pari a -18 milioni di Euro (-0,03%)\u201d.<\/p>\n<\/div>\n<div>\n<p><b>L\u2019assenza di distinzione, nei limiti orari, tra diverse tipologie di esercizi<\/b>. Una delle caratteristiche della legge del 2016 era quella di non prevedere distinzioni, nelle fasce orarie, tra sale gioco ed esercizi cd. generalisti. Secondo il TAR, questo approccio \u00e8 corretto perch\u00e9 in grado di \u201cprevenire la trasmigrazione degli utenti dall\u2019una all\u2019altra tipologia di esercizi, fenomeno che verosimilmente si verificherebbe in caso di diversificazione degli orari\u201d.<\/p>\n<\/div>\n<div>\n<p>Anche questo punto \u00e8 stato successivamente modificato con la legge regionale 19\/2021 attualmente in vigore.<\/p>\n<\/div>\n","protected":false},"excerpt":{"rendered":"<p>La normativa e il caso. Il Comune di Centallo (CN) con l&#8217;ordinanza n. 2495 del 27.9.2016 ha disciplinato gli orari di funzionamento degli apparecchi (sia&nbsp;<span class=\"hellipsis\">[&hellip;]<\/span><a class=\"more-link\" href=\"https:\/\/welaikaadv.site\/avviso\/home\/cosa-facciamo\/informare\/documenti-tematici\/gioco-dazzardo\/il-tar-piemonte-si-pronuncia-sui-limiti-orari-pre-modifica-legge-regionale-nel-comune-di-centallo-cuneo\/\">Leggi tutto <span class=\"screen-reader-text\">IL TAR PIEMONTE SI PRONUNCIA SUI LIMITI ORARI PRE-MODIFICA LEGGE REGIONALE NEL COMUNE DI CENTALLO (CUNEO)<\/span> <span class=\"meta-nav\" aria-hidden=\"true\">&rarr;<\/span><\/a><\/p>\n","protected":false},"author":1,"featured_media":0,"parent":202,"menu_order":160,"comment_status":"closed","ping_status":"closed","template":"","meta":{"_acf_changed":false,"_exactmetrics_skip_tracking":false,"_exactmetrics_sitenote_active":false,"_exactmetrics_sitenote_note":"","_exactmetrics_sitenote_category":0,"wp_social_preview_title":"","wp_social_preview_description":"","wp_social_preview_image":0,"footnotes":""},"class_list":["post-52481","page","type-page","status-publish","hentry"],"acf":[],"yoast_head":"<!-- This site is optimized with the Yoast SEO plugin v27.2 - https:\/\/yoast.com\/product\/yoast-seo-wordpress\/ -->\n<title>IL TAR PIEMONTE SI PRONUNCIA SUI LIMITI ORARI PRE-MODIFICA LEGGE REGIONALE NEL COMUNE DI CENTALLO (CUNEO) - Staging Avviso Pubblico<\/title>\n<meta name=\"robots\" content=\"noindex, follow, max-snippet:-1, max-image-preview:large, max-video-preview:-1\" \/>\n<meta property=\"og:locale\" content=\"it_IT\" \/>\n<meta property=\"og:type\" content=\"article\" \/>\n<meta property=\"og:title\" content=\"IL TAR PIEMONTE SI PRONUNCIA SUI LIMITI ORARI PRE-MODIFICA LEGGE REGIONALE NEL COMUNE DI CENTALLO (CUNEO) - Staging Avviso Pubblico\" \/>\n<meta property=\"og:description\" content=\"La normativa e il caso. Il Comune di Centallo (CN) con l&#8217;ordinanza n. 2495 del 27.9.2016 ha disciplinato gli orari di funzionamento degli apparecchi (sia&nbsp;[&hellip;]Leggi tutto IL TAR PIEMONTE SI PRONUNCIA SUI LIMITI ORARI PRE-MODIFICA LEGGE REGIONALE NEL COMUNE DI CENTALLO (CUNEO) &rarr;\" \/>\n<meta property=\"og:url\" content=\"https:\/\/welaikaadv.site\/avviso\/home\/cosa-facciamo\/informare\/documenti-tematici\/gioco-dazzardo\/il-tar-piemonte-si-pronuncia-sui-limiti-orari-pre-modifica-legge-regionale-nel-comune-di-centallo-cuneo\/\" \/>\n<meta property=\"og:site_name\" content=\"Staging Avviso Pubblico\" \/>\n<meta name=\"twitter:card\" content=\"summary_large_image\" \/>\n<meta name=\"twitter:label1\" content=\"Tempo di lettura stimato\" \/>\n\t<meta name=\"twitter:data1\" content=\"5 minuti\" \/>\n<script type=\"application\/ld+json\" class=\"yoast-schema-graph\">{\"@context\":\"https:\/\/schema.org\",\"@graph\":[{\"@type\":\"WebPage\",\"@id\":\"https:\/\/welaikaadv.site\/avviso\/home\/cosa-facciamo\/informare\/documenti-tematici\/gioco-dazzardo\/il-tar-piemonte-si-pronuncia-sui-limiti-orari-pre-modifica-legge-regionale-nel-comune-di-centallo-cuneo\/\",\"url\":\"https:\/\/welaikaadv.site\/avviso\/home\/cosa-facciamo\/informare\/documenti-tematici\/gioco-dazzardo\/il-tar-piemonte-si-pronuncia-sui-limiti-orari-pre-modifica-legge-regionale-nel-comune-di-centallo-cuneo\/\",\"name\":\"IL TAR PIEMONTE SI PRONUNCIA SUI LIMITI ORARI PRE-MODIFICA LEGGE REGIONALE NEL COMUNE DI CENTALLO (CUNEO) - Staging Avviso Pubblico\",\"isPartOf\":{\"@id\":\"https:\/\/welaikaadv.site\/avviso\/#website\"},\"datePublished\":\"2023-02-20T08:14:33+00:00\",\"breadcrumb\":{\"@id\":\"https:\/\/welaikaadv.site\/avviso\/home\/cosa-facciamo\/informare\/documenti-tematici\/gioco-dazzardo\/il-tar-piemonte-si-pronuncia-sui-limiti-orari-pre-modifica-legge-regionale-nel-comune-di-centallo-cuneo\/#breadcrumb\"},\"inLanguage\":\"it-IT\",\"potentialAction\":[{\"@type\":\"ReadAction\",\"target\":[\"https:\/\/welaikaadv.site\/avviso\/home\/cosa-facciamo\/informare\/documenti-tematici\/gioco-dazzardo\/il-tar-piemonte-si-pronuncia-sui-limiti-orari-pre-modifica-legge-regionale-nel-comune-di-centallo-cuneo\/\"]}]},{\"@type\":\"BreadcrumbList\",\"@id\":\"https:\/\/welaikaadv.site\/avviso\/home\/cosa-facciamo\/informare\/documenti-tematici\/gioco-dazzardo\/il-tar-piemonte-si-pronuncia-sui-limiti-orari-pre-modifica-legge-regionale-nel-comune-di-centallo-cuneo\/#breadcrumb\",\"itemListElement\":[{\"@type\":\"ListItem\",\"position\":1,\"name\":\"Home\",\"item\":\"https:\/\/welaikaadv.site\/avviso\/\"},{\"@type\":\"ListItem\",\"position\":2,\"name\":\"IL TAR PIEMONTE SI PRONUNCIA SUI LIMITI ORARI PRE-MODIFICA LEGGE REGIONALE NEL COMUNE DI CENTALLO (CUNEO)\"}]},{\"@type\":\"WebSite\",\"@id\":\"https:\/\/welaikaadv.site\/avviso\/#website\",\"url\":\"https:\/\/welaikaadv.site\/avviso\/\",\"name\":\"Staging Avviso Pubblico\",\"description\":\"\",\"publisher\":{\"@id\":\"https:\/\/welaikaadv.site\/avviso\/#organization\"},\"potentialAction\":[{\"@type\":\"SearchAction\",\"target\":{\"@type\":\"EntryPoint\",\"urlTemplate\":\"https:\/\/welaikaadv.site\/avviso\/?s={search_term_string}\"},\"query-input\":{\"@type\":\"PropertyValueSpecification\",\"valueRequired\":true,\"valueName\":\"search_term_string\"}}],\"inLanguage\":\"it-IT\"},{\"@type\":\"Organization\",\"@id\":\"https:\/\/welaikaadv.site\/avviso\/#organization\",\"name\":\"Staging Avviso Pubblico\",\"url\":\"https:\/\/welaikaadv.site\/avviso\/\",\"logo\":{\"@type\":\"ImageObject\",\"inLanguage\":\"it-IT\",\"@id\":\"https:\/\/welaikaadv.site\/avviso\/#\/schema\/logo\/image\/\",\"url\":\"https:\/\/welaikaadv.site\/avviso\/wp-content\/uploads\/2024\/08\/logoAPsito-400.png\",\"contentUrl\":\"https:\/\/welaikaadv.site\/avviso\/wp-content\/uploads\/2024\/08\/logoAPsito-400.png\",\"width\":400,\"height\":97,\"caption\":\"Staging Avviso Pubblico\"},\"image\":{\"@id\":\"https:\/\/welaikaadv.site\/avviso\/#\/schema\/logo\/image\/\"}}]}<\/script>\n<!-- \/ Yoast SEO plugin. -->","yoast_head_json":{"title":"IL TAR PIEMONTE SI PRONUNCIA SUI LIMITI ORARI PRE-MODIFICA LEGGE REGIONALE NEL COMUNE DI CENTALLO (CUNEO) - Staging Avviso Pubblico","robots":{"index":"noindex","follow":"follow","max-snippet":"max-snippet:-1","max-image-preview":"max-image-preview:large","max-video-preview":"max-video-preview:-1"},"og_locale":"it_IT","og_type":"article","og_title":"IL TAR PIEMONTE SI PRONUNCIA SUI LIMITI ORARI PRE-MODIFICA LEGGE REGIONALE NEL COMUNE DI CENTALLO (CUNEO) - Staging Avviso Pubblico","og_description":"La normativa e il caso. Il Comune di Centallo (CN) con l&#8217;ordinanza n. 2495 del 27.9.2016 ha disciplinato gli orari di funzionamento degli apparecchi (sia&nbsp;[&hellip;]Leggi tutto IL TAR PIEMONTE SI PRONUNCIA SUI LIMITI ORARI PRE-MODIFICA LEGGE REGIONALE NEL COMUNE DI CENTALLO (CUNEO) &rarr;","og_url":"https:\/\/welaikaadv.site\/avviso\/home\/cosa-facciamo\/informare\/documenti-tematici\/gioco-dazzardo\/il-tar-piemonte-si-pronuncia-sui-limiti-orari-pre-modifica-legge-regionale-nel-comune-di-centallo-cuneo\/","og_site_name":"Staging Avviso Pubblico","twitter_card":"summary_large_image","twitter_misc":{"Tempo di lettura stimato":"5 minuti"},"schema":{"@context":"https:\/\/schema.org","@graph":[{"@type":"WebPage","@id":"https:\/\/welaikaadv.site\/avviso\/home\/cosa-facciamo\/informare\/documenti-tematici\/gioco-dazzardo\/il-tar-piemonte-si-pronuncia-sui-limiti-orari-pre-modifica-legge-regionale-nel-comune-di-centallo-cuneo\/","url":"https:\/\/welaikaadv.site\/avviso\/home\/cosa-facciamo\/informare\/documenti-tematici\/gioco-dazzardo\/il-tar-piemonte-si-pronuncia-sui-limiti-orari-pre-modifica-legge-regionale-nel-comune-di-centallo-cuneo\/","name":"IL TAR PIEMONTE SI PRONUNCIA SUI LIMITI ORARI PRE-MODIFICA LEGGE REGIONALE NEL COMUNE DI CENTALLO (CUNEO) - Staging Avviso Pubblico","isPartOf":{"@id":"https:\/\/welaikaadv.site\/avviso\/#website"},"datePublished":"2023-02-20T08:14:33+00:00","breadcrumb":{"@id":"https:\/\/welaikaadv.site\/avviso\/home\/cosa-facciamo\/informare\/documenti-tematici\/gioco-dazzardo\/il-tar-piemonte-si-pronuncia-sui-limiti-orari-pre-modifica-legge-regionale-nel-comune-di-centallo-cuneo\/#breadcrumb"},"inLanguage":"it-IT","potentialAction":[{"@type":"ReadAction","target":["https:\/\/welaikaadv.site\/avviso\/home\/cosa-facciamo\/informare\/documenti-tematici\/gioco-dazzardo\/il-tar-piemonte-si-pronuncia-sui-limiti-orari-pre-modifica-legge-regionale-nel-comune-di-centallo-cuneo\/"]}]},{"@type":"BreadcrumbList","@id":"https:\/\/welaikaadv.site\/avviso\/home\/cosa-facciamo\/informare\/documenti-tematici\/gioco-dazzardo\/il-tar-piemonte-si-pronuncia-sui-limiti-orari-pre-modifica-legge-regionale-nel-comune-di-centallo-cuneo\/#breadcrumb","itemListElement":[{"@type":"ListItem","position":1,"name":"Home","item":"https:\/\/welaikaadv.site\/avviso\/"},{"@type":"ListItem","position":2,"name":"IL TAR PIEMONTE SI PRONUNCIA SUI LIMITI ORARI PRE-MODIFICA LEGGE REGIONALE NEL COMUNE DI CENTALLO (CUNEO)"}]},{"@type":"WebSite","@id":"https:\/\/welaikaadv.site\/avviso\/#website","url":"https:\/\/welaikaadv.site\/avviso\/","name":"Staging Avviso Pubblico","description":"","publisher":{"@id":"https:\/\/welaikaadv.site\/avviso\/#organization"},"potentialAction":[{"@type":"SearchAction","target":{"@type":"EntryPoint","urlTemplate":"https:\/\/welaikaadv.site\/avviso\/?s={search_term_string}"},"query-input":{"@type":"PropertyValueSpecification","valueRequired":true,"valueName":"search_term_string"}}],"inLanguage":"it-IT"},{"@type":"Organization","@id":"https:\/\/welaikaadv.site\/avviso\/#organization","name":"Staging Avviso Pubblico","url":"https:\/\/welaikaadv.site\/avviso\/","logo":{"@type":"ImageObject","inLanguage":"it-IT","@id":"https:\/\/welaikaadv.site\/avviso\/#\/schema\/logo\/image\/","url":"https:\/\/welaikaadv.site\/avviso\/wp-content\/uploads\/2024\/08\/logoAPsito-400.png","contentUrl":"https:\/\/welaikaadv.site\/avviso\/wp-content\/uploads\/2024\/08\/logoAPsito-400.png","width":400,"height":97,"caption":"Staging Avviso Pubblico"},"image":{"@id":"https:\/\/welaikaadv.site\/avviso\/#\/schema\/logo\/image\/"}}]}},"_links":{"self":[{"href":"https:\/\/welaikaadv.site\/avviso\/wp-json\/wp\/v2\/pages\/52481","targetHints":{"allow":["GET"]}}],"collection":[{"href":"https:\/\/welaikaadv.site\/avviso\/wp-json\/wp\/v2\/pages"}],"about":[{"href":"https:\/\/welaikaadv.site\/avviso\/wp-json\/wp\/v2\/types\/page"}],"author":[{"embeddable":true,"href":"https:\/\/welaikaadv.site\/avviso\/wp-json\/wp\/v2\/users\/1"}],"replies":[{"embeddable":true,"href":"https:\/\/welaikaadv.site\/avviso\/wp-json\/wp\/v2\/comments?post=52481"}],"version-history":[{"count":0,"href":"https:\/\/welaikaadv.site\/avviso\/wp-json\/wp\/v2\/pages\/52481\/revisions"}],"up":[{"embeddable":true,"href":"https:\/\/welaikaadv.site\/avviso\/wp-json\/wp\/v2\/pages\/202"}],"wp:attachment":[{"href":"https:\/\/welaikaadv.site\/avviso\/wp-json\/wp\/v2\/media?parent=52481"}],"curies":[{"name":"wp","href":"https:\/\/api.w.org\/{rel}","templated":true}]}}