{"id":53947,"date":"2023-06-05T08:23:01","date_gmt":"2023-06-05T06:23:01","guid":{"rendered":"https:\/\/www.avvisopubblico.it\/home\/?page_id=53947"},"modified":"2023-06-05T08:23:01","modified_gmt":"2023-06-05T06:23:01","slug":"legge-60-2023-procedibilita-dufficio-e-arresto-in-flagranza","status":"publish","type":"page","link":"https:\/\/welaikaadv.site\/avviso\/home\/cosa-facciamo\/informare\/osservatorio-parlamentare\/attivita-legislativa\/leggi-approvate\/legge-60-2023-procedibilita-dufficio-e-arresto-in-flagranza\/","title":{"rendered":"LEGGE 60\/2023: PROCEDIBILIT\u00c0 D&#8217;UFFICIO E ARRESTO IN FLAGRANZA"},"content":{"rendered":"<p>\u00c8 stata pubblicata in Gazzetta Ufficiale la Legge 24 Maggio 2023, n. 60 recante norme in materia di procedibilit\u00e0 d&#8217;ufficio e di arresto in flagranza. <a href=\"https:\/\/www.gazzettaufficiale.it\/atto\/serie_generale\/caricaDettaglioAtto\/originario?atto.dataPubblicazioneGazzetta=2023-06-01&amp;atto.codiceRedazionale=23G00067&amp;elenco30giorni=true\">Qui<\/a> il testo.<\/p>\n<p><strong>Tra i punti principali, <\/strong>si segnala <strong>l\u2019ampliamento dell\u2019elenco dei reati procedibili d\u2019ufficio<\/strong> comprendendo tutte le ipotesi in cui ricorra l\u2019aggravante del cosiddetto metodo mafioso di cui all\u2019articolo 416-bis.1, primo comma, del codice penale (delitti commessi avvalendosi delle condizioni previste dall\u2019articolo 416-bis ovvero al fine di agevolare l\u2019attivit\u00e0 delle associazioni di tipo mafioso). La modifica si \u00e8 resa necessaria in seguito alle novit\u00e0 introdotte dalla Riforma Cartabia in tema di procedibilit\u00e0 d\u2019ufficio.<\/p>\n<p>La legge 60\/2023 interviene, inoltre, anche sull\u2019art. 71 del Codice Antimafia prevedendo che anche per quel che riguarda il <strong>delitto di lesione personale<\/strong> (art. 582 c.p.) si applica l\u2019aumento di pena descritto dall\u2019art. 71 stesso nel caso in cui il fatto sia commesso da persona sottoposta con provvedimento definitivo ad una misura di prevenzione personale durante il periodo previsto di applicazione e sino a tre anni dal momento in cui ne \u00e8 cessata l&#8217;esecuzione.<\/p>\n<p><strong>L\u2019iter di approvazione<\/strong>. La II Commissione Giustizia ha avviato, nella seduta del\u00a0<a href=\"https:\/\/www.camera.it\/leg19\/824?tipo=C&amp;anno=2023&amp;mese=02&amp;giorno=15&amp;view=&amp;commissione=02&amp;pagina=data.20230215.com02.bollettino.sede00010.tit00020#data.20230215.com02.bollettino.sede00010.tit00020\">15 febbraio 2023<\/a>, l\u2019esame del DDL recante \u201cNorme in materia di procedibilit\u00e0 d\u2019ufficio e di arresto in flagranza\u201d. La relatrice ha sottolineato che il provvedimento, composto di 4 articoli, origina dalla considerazione che la Riforma Cartabia (decreto legislativo n. 150 del 2022) ha aumentato i casi di reati per i quali la procedibilit\u00e0 \u00e8 subordinata alla proposizione di querela da parte della persona offesa. Tra gli elementi principali del\u00a0<a href=\"http:\/\/documenti.camera.it\/leg19\/pdl\/pdf\/leg.19.pdl.camera.831.19PDL0021630.pdf\">testo<\/a>, si segnala l\u2019intervento in forza del quale tutti i reati procedibili a querela divengano procedibili d\u2019ufficio ove ricorra l\u2019aggravante del cosiddetto metodo mafioso, di cui all\u2019articolo 416-bis.1, primo comma, del codice penale.<\/p>\n<p>Nella seduta del\u00a0<a href=\"http:\/\/documenti.camera.it\/leg19\/resoconti\/commissioni\/bollettini\/html\/2023\/02\/21\/02\/comunic.htm#data.20230221.com02.bollettino.sede00020.tit00020\">21 Febbraio<\/a>\u00a0la II Commissione Giustizia della Camera ha svolto una serie di audizioni informali. In particolare, sono stati auditi<strong>:<\/strong><strong>\u00a0<\/strong>Ludovico Vaccaro, Procuratore della Repubblica presso il Tribunale di Foggia; Maurizio De Lucia, Procuratore della Repubblica di Palermo; Calogero Gaetano Paci, Procuratore della Repubblica di Reggio Emilia; Piercamillo Davigo, gi\u00e0 Presidente della II Sezione Penale presso la Corte di cassazione e membro togato del CSM; Gian Luigi Gatta, Professore ordinario di Diritto penale e Direttore del Dipartimento di scienze giuridiche \u00abC. Beccaria\u00bb presso l\u2019Universit\u00e0 degli Studi di Milano; Luca Masini, Procuratore della Repubblica di Modena; Antonio Maria La Scala, presidente dell\u2019Associazione Gens Nova; Elisabetta Aldrovandi, Presidente dell\u2019Osservatorio Nazionale Sostegno Vittime;rappresentanti di Unione sindacale italiana poliziotti (USIP), Sindacato autonomo di polizia (SAP), Sindacato italiano unitario dei lavoratori della polizia (SIULP), Sindacato italiano lavoratori polizia (SILP-CGIL), Sindacato italiano appartenenti polizia (SIAP), e Federazione sindacale di polizia (FSP); Giovanni Melillo, Procuratore Nazionale Antimafia e Antiterrorismo.<\/p>\n<p>Nella seduta del\u00a0<a href=\"https:\/\/www.camera.it\/leg19\/824?tipo=C&amp;anno=2023&amp;mese=02&amp;giorno=28&amp;view=&amp;commissione=02&amp;pagina=data.20230228.com02.bollettino.sede00010.tit00010#data.20230228.com02.bollettino.sede00010.tit00010\">28\/02\/2023<\/a>, la II Commissione Giustizia della Camera ha respinto la proposta di abbinamento con il testo\u00a0<a href=\"https:\/\/www.camera.it\/leg19\/126?leg=19&amp;idDocumento=834\">AC 834<\/a>\u00a0(Cafiero De Raho). La scadenza del termine per la presentazione delle proposte emendative \u00e8 stata posticipata a gioved\u00ec 2 marzo.<\/p>\n<p>La II Commissione Giustizia della Camera, nella seduta del\u00a0<a href=\"http:\/\/documenti.camera.it\/leg19\/resoconti\/commissioni\/bollettini\/html\/2023\/03\/07\/02\/comunic.htm#data.20230307.com02.bollettino.sede00010.tit00020\">7 Marzo<\/a>, ha concluso le votazioni sulle\u00a0<a href=\"http:\/\/documenti.camera.it\/leg19\/resoconti\/commissioni\/bollettini\/html\/2023\/03\/07\/02\/allegato.htm#data.20230307.com02.allegati.all00010\">proposte emendative<\/a>\u00a0al testo. Nella successiva seduta dell\u2019<a href=\"http:\/\/documenti.camera.it\/leg19\/resoconti\/commissioni\/bollettini\/html\/2023\/03\/08\/02\/comunic.htm#data.20230308.com02.bollettino.sede00010.tit00010\">8 Marzo,<\/a>\u00a0la Commissione conclude l\u2019esame deliberando di conferire mandato a riferire favorevolmente in Aula sul\u00a0<a href=\"https:\/\/documenti.camera.it\/leg19\/pdl\/pdf\/leg.19.pdl.camera.831_A.19PDL0025490.pdf\">testo<\/a>\u00a0risultante dal lavoro nelle Commissioni.<\/p>\n<p>L\u2019Aula della Camera, nella seduta del\u00a0<a href=\"https:\/\/www.camera.it\/leg19\/410?idSeduta=0068&amp;tipo=stenografico#sed0068.stenografico.tit00070.sub00050\">14 Marzo<\/a>, ha approvato il\u00a0<a href=\"https:\/\/www.senato.it\/service\/PDF\/PDFServer\/BGT\/01372306.pdf\">testo<\/a>\u00a0in prima lettura. Ora la discussione passa al Senato dove ha assunto la numerazione\u00a0<a href=\"https:\/\/www.senato.it\/leg\/19\/BGT\/Schede\/Ddliter\/56778.htm\">AS 592<\/a>. Tra gli elementi principali del testo, si sottolinea l\u2019intervento in forza del quale tutti i reati procedibili a querela diventano procedibili d\u2019ufficio ove ricorra l\u2019aggravante del cosiddetto metodo mafioso, di cui all\u2019articolo 416-bis.1, primo comma, del codice penale.<\/p>\n<p>Nella seduta del\u00a0<a href=\"https:\/\/www.senato.it\/japp\/bgt\/showdoc\/frame.jsp?tipodoc=SommComm&amp;leg=19&amp;id=1373071&amp;part=doc_dc-sedetit_isr\">4 Aprile<\/a>, la II Commissione Giustizia del Senato ha avviato la discussione del DDL AS 592 (gi\u00e0 approvato alla Camera) in tema di procedibilit\u00e0 d\u2019ufficio, con l\u2019illustrazione del testo e l\u2019abbinamento alle proposte AS 468 e 474. Nella seduta del\u00a0<a href=\"https:\/\/www.senato.it\/japp\/bgt\/showdoc\/frame.jsp?tipodoc=SommComm&amp;leg=19&amp;id=1373603&amp;part=doc_dc-sedetit_isr\">5 Aprile<\/a>, la discussione \u00e8 stata rinviata.<\/p>\n<p>La II Commissione Giustizia del Senato, nella seduta del\u00a0<a href=\"https:\/\/www.senato.it\/japp\/bgt\/showdoc\/frame.jsp?tipodoc=SommComm&amp;leg=19&amp;id=1374066\">12 Aprile<\/a>, ha preso in esame l\u2019ipotesi di avviare un ciclo di audizioni e il trasferimento dell\u2019esame alla sede referente. Il Seguito della discussione \u00e8 stato rinviato.<\/p>\n<p>La II Commissione Giustizia del Senato, nelle sedute del\u00a0<a href=\"https:\/\/www.senato.it\/japp\/bgt\/showdoc\/frame.jsp?tipodoc=SommComm&amp;leg=19&amp;id=1375334&amp;part=doc_dc-sedetit_isr\">19<\/a>\u00a0e\u00a0<a href=\"https:\/\/www.senato.it\/japp\/bgt\/showdoc\/frame.jsp?tipodoc=SommComm&amp;leg=19&amp;id=1375397&amp;part=doc_dc-sedetit_isr\">20<\/a>\u00a0Aprile, ha svolto la discussione generale e su proposta del relatore ha adottato come testo base il disegno di legge n. 592 e ha fissato il termine per la presentazione di eventuali ordini del giorno ed emendamenti a gioved\u00ec 27 aprile.<\/p>\n<p>La II Commissione Giustizia del Senato, nella seduta del\u00a0<a href=\"https:\/\/www.senato.it\/japp\/bgt\/showdoc\/frame.jsp?tipodoc=SommComm&amp;leg=19&amp;id=1375701&amp;part=doc_dc-sedetit_isr\">2 Maggio<\/a>, ha concluso l\u2019esame del testo AS 592 (con assorbimento delle proposte nn. 468 e 474). La Commissione ha quindi conferito mandato al relatore a riferire favorevolmente all\u2019Assemblea sul testo approvato.<\/p>\n<p>L\u2019Aula del Senato, nelle sedute del\u00a0<a href=\"https:\/\/www.senato.it\/japp\/bgt\/showdoc\/frame.jsp?tipodoc=Resaula&amp;leg=19&amp;id=1376355&amp;part=doc_dc-ressten_rs\">16<\/a>\u00a0e\u00a0<a href=\"https:\/\/www.senato.it\/japp\/bgt\/showdoc\/frame.jsp?tipodoc=Resaula&amp;leg=19&amp;id=1376417\">17<\/a>\u00a0Maggio, ha approvato definitivamente il testo n. 592 (nella versione trasmessa dalla Camera dei Deputati) recante norme in materia di procedibilit\u00e0 d\u2019ufficio e di arresto in flagranza.\u00a0<a href=\"https:\/\/www.senato.it\/service\/PDF\/PDFServer\/BGT\/01376425.pdf\">Qui<\/a>\u00a0il testo, in versione provvisoria, in attesa della pubblicazione in Gazzetta Ufficiale. Tra i punti principali, si segnala l\u2019ampliamento dell\u2019elenco dei reati procedibili d\u2019ufficio comprendendo tutte le ipotesi in cui ricorra l\u2019aggravante del cosiddetto metodo mafioso di cui all\u2019articolo 416-bis.1, primo comma, del codice penale.<\/p>\n","protected":false},"excerpt":{"rendered":"<p>\u00c8 stata pubblicata in Gazzetta Ufficiale la Legge 24 Maggio 2023, n. 60 recante norme in materia di procedibilit\u00e0 d&#8217;ufficio e di arresto in flagranza.&nbsp;<span class=\"hellipsis\">[&hellip;]<\/span><a class=\"more-link\" href=\"https:\/\/welaikaadv.site\/avviso\/home\/cosa-facciamo\/informare\/osservatorio-parlamentare\/attivita-legislativa\/leggi-approvate\/legge-60-2023-procedibilita-dufficio-e-arresto-in-flagranza\/\">Leggi tutto <span class=\"screen-reader-text\">LEGGE 60\/2023: PROCEDIBILIT\u00c0 D&#8217;UFFICIO E ARRESTO IN FLAGRANZA<\/span> <span class=\"meta-nav\" aria-hidden=\"true\">&rarr;<\/span><\/a><\/p>\n","protected":false},"author":1,"featured_media":0,"parent":2575,"menu_order":0,"comment_status":"closed","ping_status":"closed","template":"","meta":{"_acf_changed":false,"_exactmetrics_skip_tracking":false,"_exactmetrics_sitenote_active":false,"_exactmetrics_sitenote_note":"","_exactmetrics_sitenote_category":0,"wp_social_preview_title":"","wp_social_preview_description":"","wp_social_preview_image":0,"footnotes":""},"class_list":["post-53947","page","type-page","status-publish","hentry"],"acf":[],"yoast_head":"<!-- This site is optimized with the Yoast SEO plugin v27.2 - https:\/\/yoast.com\/product\/yoast-seo-wordpress\/ -->\n<title>LEGGE 60\/2023: PROCEDIBILIT\u00c0 D&#039;UFFICIO E ARRESTO IN FLAGRANZA - Staging Avviso Pubblico<\/title>\n<meta name=\"robots\" content=\"noindex, follow, max-snippet:-1, max-image-preview:large, max-video-preview:-1\" \/>\n<meta property=\"og:locale\" content=\"it_IT\" \/>\n<meta property=\"og:type\" content=\"article\" \/>\n<meta property=\"og:title\" content=\"LEGGE 60\/2023: PROCEDIBILIT\u00c0 D&#039;UFFICIO E ARRESTO IN FLAGRANZA - Staging Avviso Pubblico\" \/>\n<meta property=\"og:description\" content=\"\u00c8 stata pubblicata in Gazzetta Ufficiale la Legge 24 Maggio 2023, n. 60 recante norme in materia di procedibilit\u00e0 d&#8217;ufficio e di arresto in flagranza.&nbsp;[&hellip;]Leggi tutto LEGGE 60\/2023: PROCEDIBILIT\u00c0 D&#8217;UFFICIO E ARRESTO IN FLAGRANZA &rarr;\" \/>\n<meta property=\"og:url\" content=\"https:\/\/welaikaadv.site\/avviso\/home\/cosa-facciamo\/informare\/osservatorio-parlamentare\/attivita-legislativa\/leggi-approvate\/legge-60-2023-procedibilita-dufficio-e-arresto-in-flagranza\/\" \/>\n<meta property=\"og:site_name\" content=\"Staging Avviso Pubblico\" \/>\n<meta name=\"twitter:card\" content=\"summary_large_image\" \/>\n<meta name=\"twitter:label1\" content=\"Tempo di lettura stimato\" \/>\n\t<meta name=\"twitter:data1\" content=\"3 minuti\" \/>\n<script type=\"application\/ld+json\" class=\"yoast-schema-graph\">{\"@context\":\"https:\/\/schema.org\",\"@graph\":[{\"@type\":\"WebPage\",\"@id\":\"https:\/\/welaikaadv.site\/avviso\/home\/cosa-facciamo\/informare\/osservatorio-parlamentare\/attivita-legislativa\/leggi-approvate\/legge-60-2023-procedibilita-dufficio-e-arresto-in-flagranza\/\",\"url\":\"https:\/\/welaikaadv.site\/avviso\/home\/cosa-facciamo\/informare\/osservatorio-parlamentare\/attivita-legislativa\/leggi-approvate\/legge-60-2023-procedibilita-dufficio-e-arresto-in-flagranza\/\",\"name\":\"LEGGE 60\/2023: PROCEDIBILIT\u00c0 D'UFFICIO E ARRESTO IN FLAGRANZA - Staging Avviso Pubblico\",\"isPartOf\":{\"@id\":\"https:\/\/welaikaadv.site\/avviso\/#website\"},\"datePublished\":\"2023-06-05T06:23:01+00:00\",\"breadcrumb\":{\"@id\":\"https:\/\/welaikaadv.site\/avviso\/home\/cosa-facciamo\/informare\/osservatorio-parlamentare\/attivita-legislativa\/leggi-approvate\/legge-60-2023-procedibilita-dufficio-e-arresto-in-flagranza\/#breadcrumb\"},\"inLanguage\":\"it-IT\",\"potentialAction\":[{\"@type\":\"ReadAction\",\"target\":[\"https:\/\/welaikaadv.site\/avviso\/home\/cosa-facciamo\/informare\/osservatorio-parlamentare\/attivita-legislativa\/leggi-approvate\/legge-60-2023-procedibilita-dufficio-e-arresto-in-flagranza\/\"]}]},{\"@type\":\"BreadcrumbList\",\"@id\":\"https:\/\/welaikaadv.site\/avviso\/home\/cosa-facciamo\/informare\/osservatorio-parlamentare\/attivita-legislativa\/leggi-approvate\/legge-60-2023-procedibilita-dufficio-e-arresto-in-flagranza\/#breadcrumb\",\"itemListElement\":[{\"@type\":\"ListItem\",\"position\":1,\"name\":\"Home\",\"item\":\"https:\/\/welaikaadv.site\/avviso\/\"},{\"@type\":\"ListItem\",\"position\":2,\"name\":\"LEGGE 60\/2023: PROCEDIBILIT\u00c0 D&#8217;UFFICIO E ARRESTO IN FLAGRANZA\"}]},{\"@type\":\"WebSite\",\"@id\":\"https:\/\/welaikaadv.site\/avviso\/#website\",\"url\":\"https:\/\/welaikaadv.site\/avviso\/\",\"name\":\"Staging Avviso Pubblico\",\"description\":\"\",\"publisher\":{\"@id\":\"https:\/\/welaikaadv.site\/avviso\/#organization\"},\"potentialAction\":[{\"@type\":\"SearchAction\",\"target\":{\"@type\":\"EntryPoint\",\"urlTemplate\":\"https:\/\/welaikaadv.site\/avviso\/?s={search_term_string}\"},\"query-input\":{\"@type\":\"PropertyValueSpecification\",\"valueRequired\":true,\"valueName\":\"search_term_string\"}}],\"inLanguage\":\"it-IT\"},{\"@type\":\"Organization\",\"@id\":\"https:\/\/welaikaadv.site\/avviso\/#organization\",\"name\":\"Staging Avviso Pubblico\",\"url\":\"https:\/\/welaikaadv.site\/avviso\/\",\"logo\":{\"@type\":\"ImageObject\",\"inLanguage\":\"it-IT\",\"@id\":\"https:\/\/welaikaadv.site\/avviso\/#\/schema\/logo\/image\/\",\"url\":\"https:\/\/welaikaadv.site\/avviso\/wp-content\/uploads\/2024\/08\/logoAPsito-400.png\",\"contentUrl\":\"https:\/\/welaikaadv.site\/avviso\/wp-content\/uploads\/2024\/08\/logoAPsito-400.png\",\"width\":400,\"height\":97,\"caption\":\"Staging Avviso Pubblico\"},\"image\":{\"@id\":\"https:\/\/welaikaadv.site\/avviso\/#\/schema\/logo\/image\/\"}}]}<\/script>\n<!-- \/ Yoast SEO plugin. -->","yoast_head_json":{"title":"LEGGE 60\/2023: PROCEDIBILIT\u00c0 D'UFFICIO E ARRESTO IN FLAGRANZA - Staging Avviso Pubblico","robots":{"index":"noindex","follow":"follow","max-snippet":"max-snippet:-1","max-image-preview":"max-image-preview:large","max-video-preview":"max-video-preview:-1"},"og_locale":"it_IT","og_type":"article","og_title":"LEGGE 60\/2023: PROCEDIBILIT\u00c0 D'UFFICIO E ARRESTO IN FLAGRANZA - Staging Avviso Pubblico","og_description":"\u00c8 stata pubblicata in Gazzetta Ufficiale la Legge 24 Maggio 2023, n. 60 recante norme in materia di procedibilit\u00e0 d&#8217;ufficio e di arresto in flagranza.&nbsp;[&hellip;]Leggi tutto LEGGE 60\/2023: PROCEDIBILIT\u00c0 D&#8217;UFFICIO E ARRESTO IN FLAGRANZA &rarr;","og_url":"https:\/\/welaikaadv.site\/avviso\/home\/cosa-facciamo\/informare\/osservatorio-parlamentare\/attivita-legislativa\/leggi-approvate\/legge-60-2023-procedibilita-dufficio-e-arresto-in-flagranza\/","og_site_name":"Staging Avviso Pubblico","twitter_card":"summary_large_image","twitter_misc":{"Tempo di lettura stimato":"3 minuti"},"schema":{"@context":"https:\/\/schema.org","@graph":[{"@type":"WebPage","@id":"https:\/\/welaikaadv.site\/avviso\/home\/cosa-facciamo\/informare\/osservatorio-parlamentare\/attivita-legislativa\/leggi-approvate\/legge-60-2023-procedibilita-dufficio-e-arresto-in-flagranza\/","url":"https:\/\/welaikaadv.site\/avviso\/home\/cosa-facciamo\/informare\/osservatorio-parlamentare\/attivita-legislativa\/leggi-approvate\/legge-60-2023-procedibilita-dufficio-e-arresto-in-flagranza\/","name":"LEGGE 60\/2023: PROCEDIBILIT\u00c0 D'UFFICIO E ARRESTO IN FLAGRANZA - Staging Avviso Pubblico","isPartOf":{"@id":"https:\/\/welaikaadv.site\/avviso\/#website"},"datePublished":"2023-06-05T06:23:01+00:00","breadcrumb":{"@id":"https:\/\/welaikaadv.site\/avviso\/home\/cosa-facciamo\/informare\/osservatorio-parlamentare\/attivita-legislativa\/leggi-approvate\/legge-60-2023-procedibilita-dufficio-e-arresto-in-flagranza\/#breadcrumb"},"inLanguage":"it-IT","potentialAction":[{"@type":"ReadAction","target":["https:\/\/welaikaadv.site\/avviso\/home\/cosa-facciamo\/informare\/osservatorio-parlamentare\/attivita-legislativa\/leggi-approvate\/legge-60-2023-procedibilita-dufficio-e-arresto-in-flagranza\/"]}]},{"@type":"BreadcrumbList","@id":"https:\/\/welaikaadv.site\/avviso\/home\/cosa-facciamo\/informare\/osservatorio-parlamentare\/attivita-legislativa\/leggi-approvate\/legge-60-2023-procedibilita-dufficio-e-arresto-in-flagranza\/#breadcrumb","itemListElement":[{"@type":"ListItem","position":1,"name":"Home","item":"https:\/\/welaikaadv.site\/avviso\/"},{"@type":"ListItem","position":2,"name":"LEGGE 60\/2023: PROCEDIBILIT\u00c0 D&#8217;UFFICIO E ARRESTO IN FLAGRANZA"}]},{"@type":"WebSite","@id":"https:\/\/welaikaadv.site\/avviso\/#website","url":"https:\/\/welaikaadv.site\/avviso\/","name":"Staging Avviso Pubblico","description":"","publisher":{"@id":"https:\/\/welaikaadv.site\/avviso\/#organization"},"potentialAction":[{"@type":"SearchAction","target":{"@type":"EntryPoint","urlTemplate":"https:\/\/welaikaadv.site\/avviso\/?s={search_term_string}"},"query-input":{"@type":"PropertyValueSpecification","valueRequired":true,"valueName":"search_term_string"}}],"inLanguage":"it-IT"},{"@type":"Organization","@id":"https:\/\/welaikaadv.site\/avviso\/#organization","name":"Staging Avviso Pubblico","url":"https:\/\/welaikaadv.site\/avviso\/","logo":{"@type":"ImageObject","inLanguage":"it-IT","@id":"https:\/\/welaikaadv.site\/avviso\/#\/schema\/logo\/image\/","url":"https:\/\/welaikaadv.site\/avviso\/wp-content\/uploads\/2024\/08\/logoAPsito-400.png","contentUrl":"https:\/\/welaikaadv.site\/avviso\/wp-content\/uploads\/2024\/08\/logoAPsito-400.png","width":400,"height":97,"caption":"Staging Avviso Pubblico"},"image":{"@id":"https:\/\/welaikaadv.site\/avviso\/#\/schema\/logo\/image\/"}}]}},"_links":{"self":[{"href":"https:\/\/welaikaadv.site\/avviso\/wp-json\/wp\/v2\/pages\/53947","targetHints":{"allow":["GET"]}}],"collection":[{"href":"https:\/\/welaikaadv.site\/avviso\/wp-json\/wp\/v2\/pages"}],"about":[{"href":"https:\/\/welaikaadv.site\/avviso\/wp-json\/wp\/v2\/types\/page"}],"author":[{"embeddable":true,"href":"https:\/\/welaikaadv.site\/avviso\/wp-json\/wp\/v2\/users\/1"}],"replies":[{"embeddable":true,"href":"https:\/\/welaikaadv.site\/avviso\/wp-json\/wp\/v2\/comments?post=53947"}],"version-history":[{"count":0,"href":"https:\/\/welaikaadv.site\/avviso\/wp-json\/wp\/v2\/pages\/53947\/revisions"}],"up":[{"embeddable":true,"href":"https:\/\/welaikaadv.site\/avviso\/wp-json\/wp\/v2\/pages\/2575"}],"wp:attachment":[{"href":"https:\/\/welaikaadv.site\/avviso\/wp-json\/wp\/v2\/media?parent=53947"}],"curies":[{"name":"wp","href":"https:\/\/api.w.org\/{rel}","templated":true}]}}