{"id":54759,"date":"2023-08-23T12:19:34","date_gmt":"2023-08-23T10:19:34","guid":{"rendered":"https:\/\/www.avvisopubblico.it\/home\/?page_id=54759"},"modified":"2023-08-23T12:19:34","modified_gmt":"2023-08-23T10:19:34","slug":"il-consiglio-di-stato-conferma-le-limitazioni-orarie-introdotte-dal-comune-di-firenze","status":"publish","type":"page","link":"https:\/\/welaikaadv.site\/avviso\/home\/cosa-facciamo\/informare\/documenti-tematici\/gioco-dazzardo\/il-consiglio-di-stato-conferma-le-limitazioni-orarie-introdotte-dal-comune-di-firenze\/","title":{"rendered":"IL CONSIGLIO DI STATO CONFERMA LE LIMITAZIONI ORARIE INTRODOTTE DAL COMUNE DI FIRENZE"},"content":{"rendered":"<p><strong>Premessa<\/strong>. Il Comune di Firenze, prima con l\u2019ordinanza <a href=\"https:\/\/welaikaadv.site\/avviso\/wp-content\/uploads\/2018\/07\/Ordinanza-Firenze-1.pdf\">204\/2018<\/a> e poi con l\u2019ordinanza, di rettifica, 215\/2018, ha disposto che le sale giochi autorizzate ex artt. 86 e 88 TULPS devono restare chiuse dalle 18:00 a mezzanotte e che gli apparecchi da gioco ex art. 110 TULPS devono restare spenti dalle ore 13:00 alle ore 19:00.<\/p>\n<p>Avverso le due ordinanze aveva presentato ricorso una sala bingo operante nel Comune di Firenze: il TAR Toscana, con la sentenza <a href=\"https:\/\/www.giustizia-amministrativa.it\/portale\/pages\/istituzionale\/visualizza\/?nodeRef=&amp;schema=tar_fi&amp;nrg=201801234&amp;nomeFile=201900020_01.html&amp;subDir=Provvedimenti\">20\/2019<\/a> lo aveva respinto. Analoga sorte ha subito anche l\u2019appello con la pronuncia <a href=\"https:\/\/www.giustizia-amministrativa.it\/portale\/pages\/istituzionale\/visualizza\/?nodeRef=&amp;schema=cds&amp;nrg=201906114&amp;nomeFile=202307873_11.html&amp;subDir=Provvedimenti\">7873\/2023<\/a> del Consiglio di Stato che ha definitivamente confermato la legittimit\u00e0 dei provvedimenti comunali.<\/p>\n<p><strong>L\u2019istruttoria<\/strong>. Il nucleo centrale delle argomentazioni dell\u2019esercente consiste nella contestazione della carenza di istruttoria procedimentale.<\/p>\n<p>Il Consiglio di Stato rigetta questa doglianza ritenendo adeguate le motivazioni portate dal Comune. In particolare, l\u2019Ente ha fatto riferimento a uno studio dell\u2019Universit\u00e0 di Firenze che, secondo i giudici, \u201cha definito una situazione di particolare diffusione del gioco sul territorio comunale di per se\u0301 tale da giustificare l\u2019intervento dell\u2019amministrazione\u201d.<\/p>\n<p>Tale studio si basava su dati del 2016 (si tenga conto che l\u2019ordinanza \u00e8 del 2018, che costituisce dunque l\u2019anno di valutazione di riferimento) ma, sempre secondo il CDS, l\u2019asserita parzialit\u00e0 o limitatezza temporale dei dati \u201cnon \u00e8 un rilievo sufficiente per inficiarne la valenza conoscitiva, sia perch\u00e9 <u>ci\u00f2 che rileva \u00e8 la tendenza del fenomeno<\/u> (e lo studio dimostra che il fenomeno del gioco d\u2019azzardo nel territorio fiorentino e\u0300 in forte crescita, con una diffusione in aumento dell\u201911,84% nel 2016 rispetto al 2015), sia perch\u00e9 non e\u0300 plausibile che tale dato sia diminuito o fortemente attenuato, vista la tendenza in atto, nell\u2019arco di soli due anni (ossia dal 2016, anno di riferimento degli ultimi dati raccolti; al 2018, anno di adozione dell\u2019ordinanza del Sindaco)\u201d, sia perch\u00e9 nessun altro elemento di prova, a titolo contrario, e\u0300 stata prodotto in giudizio dall\u2019appellante.<\/p>\n<p><strong>Le zone territoriali<\/strong>. I giudici contestano poi la richiesta di parte ricorrente di procedere ad una dettagliata analisi delle singole zone territoriali interne al Comune.<\/p>\n<p>Secondo i giudici \u00e8, invece, corretta la valutazione secondo cui <u>il contrasto al fenomeno deve investire l\u2019intero territorio comunale<\/u>, ci\u00f2 che la distinzione per zone potrebbe invero pregiudicare vista la \u201campia mobilita\u0300 cha connota le grandi aggregazioni urbane\u201d.<\/p>\n<p><strong>Il principio di proporzionalit\u00e0<\/strong>. Posto che, secondo un orientamento gi\u00e0 espresso dal CDS in altre occasioni, i limiti orari mirano a contrastare quel \u201cdisturbo psichico che spinge l&#8217;individuo a concentrare ogni suo interesse sul gioco\u201d, appare secondo i giudici proporzionata la scelta operata dal Comune con le ordinanze \u201cpoich\u00e9 in potenza capace di conseguire l&#8217;obiettivo prefissato\u201d oltre a essere giustificato il sacrificio imposto al diritto di impresa dei privati; un sacrificio che, peraltro, sottolinea il Collegio, \u00e8 limitato alla chiusura delle sale giochi o allo spegnimento degli apparecchi per sole 6 ore, rispettoso del canone della proporzionalit\u00e0.<\/p>\n<p><strong>L\u2019intesa<\/strong>. Infine, ribadisce il Consiglio di Stato che tutte queste argomentazioni non sono inficiate dal rilievo relativo alla asserita violazione dell\u2019Intesa in Conferenza Unificata del 2017.<\/p>\n<p>Al netto della considerazione che, nel caso del Comune di Firenze, la chiusura delle sale giochi e lo spegnimento degli apparecchi sono limitate a 6 ore giornaliere, non essendo corretto, secondo il Collegio, sommare le ore di chiusura che distintamente riguardano locali e attivit\u00e0 diverse, in ogni caso l\u2019efficacia dell\u2019Intesa resta subordinata al recepimento in un decreto del MEF non emanato.<\/p>\n","protected":false},"excerpt":{"rendered":"<p>Premessa. Il Comune di Firenze, prima con l\u2019ordinanza 204\/2018 e poi con l\u2019ordinanza, di rettifica, 215\/2018, ha disposto che le sale giochi autorizzate ex artt.&nbsp;<span class=\"hellipsis\">[&hellip;]<\/span><a class=\"more-link\" href=\"https:\/\/welaikaadv.site\/avviso\/home\/cosa-facciamo\/informare\/documenti-tematici\/gioco-dazzardo\/il-consiglio-di-stato-conferma-le-limitazioni-orarie-introdotte-dal-comune-di-firenze\/\">Leggi tutto <span class=\"screen-reader-text\">IL CONSIGLIO DI STATO CONFERMA LE LIMITAZIONI ORARIE INTRODOTTE DAL COMUNE DI FIRENZE<\/span> <span class=\"meta-nav\" aria-hidden=\"true\">&rarr;<\/span><\/a><\/p>\n","protected":false},"author":1,"featured_media":0,"parent":202,"menu_order":160,"comment_status":"closed","ping_status":"closed","template":"","meta":{"_acf_changed":false,"_exactmetrics_skip_tracking":false,"_exactmetrics_sitenote_active":false,"_exactmetrics_sitenote_note":"","_exactmetrics_sitenote_category":0,"wp_social_preview_title":"","wp_social_preview_description":"","wp_social_preview_image":0,"footnotes":""},"class_list":["post-54759","page","type-page","status-publish","hentry"],"acf":[],"yoast_head":"<!-- This site is optimized with the Yoast SEO plugin v27.2 - https:\/\/yoast.com\/product\/yoast-seo-wordpress\/ -->\n<title>IL CONSIGLIO DI STATO CONFERMA LE LIMITAZIONI ORARIE INTRODOTTE DAL COMUNE DI FIRENZE - Staging Avviso Pubblico<\/title>\n<meta name=\"robots\" content=\"noindex, follow, max-snippet:-1, max-image-preview:large, max-video-preview:-1\" \/>\n<meta property=\"og:locale\" content=\"it_IT\" \/>\n<meta property=\"og:type\" content=\"article\" \/>\n<meta property=\"og:title\" content=\"IL CONSIGLIO DI STATO CONFERMA LE LIMITAZIONI ORARIE INTRODOTTE DAL COMUNE DI FIRENZE - Staging Avviso Pubblico\" \/>\n<meta property=\"og:description\" content=\"Premessa. Il Comune di Firenze, prima con l\u2019ordinanza 204\/2018 e poi con l\u2019ordinanza, di rettifica, 215\/2018, ha disposto che le sale giochi autorizzate ex artt.&nbsp;[&hellip;]Leggi tutto IL CONSIGLIO DI STATO CONFERMA LE LIMITAZIONI ORARIE INTRODOTTE DAL COMUNE DI FIRENZE &rarr;\" \/>\n<meta property=\"og:url\" content=\"https:\/\/welaikaadv.site\/avviso\/home\/cosa-facciamo\/informare\/documenti-tematici\/gioco-dazzardo\/il-consiglio-di-stato-conferma-le-limitazioni-orarie-introdotte-dal-comune-di-firenze\/\" \/>\n<meta property=\"og:site_name\" content=\"Staging Avviso Pubblico\" \/>\n<meta name=\"twitter:card\" content=\"summary_large_image\" \/>\n<meta name=\"twitter:label1\" content=\"Tempo di lettura stimato\" \/>\n\t<meta name=\"twitter:data1\" content=\"11 minuti\" \/>\n<script type=\"application\/ld+json\" class=\"yoast-schema-graph\">{\"@context\":\"https:\/\/schema.org\",\"@graph\":[{\"@type\":\"WebPage\",\"@id\":\"https:\/\/welaikaadv.site\/avviso\/home\/cosa-facciamo\/informare\/documenti-tematici\/gioco-dazzardo\/il-consiglio-di-stato-conferma-le-limitazioni-orarie-introdotte-dal-comune-di-firenze\/\",\"url\":\"https:\/\/welaikaadv.site\/avviso\/home\/cosa-facciamo\/informare\/documenti-tematici\/gioco-dazzardo\/il-consiglio-di-stato-conferma-le-limitazioni-orarie-introdotte-dal-comune-di-firenze\/\",\"name\":\"IL CONSIGLIO DI STATO CONFERMA LE LIMITAZIONI ORARIE INTRODOTTE DAL COMUNE DI FIRENZE - Staging Avviso Pubblico\",\"isPartOf\":{\"@id\":\"https:\/\/welaikaadv.site\/avviso\/#website\"},\"datePublished\":\"2023-08-23T10:19:34+00:00\",\"breadcrumb\":{\"@id\":\"https:\/\/welaikaadv.site\/avviso\/home\/cosa-facciamo\/informare\/documenti-tematici\/gioco-dazzardo\/il-consiglio-di-stato-conferma-le-limitazioni-orarie-introdotte-dal-comune-di-firenze\/#breadcrumb\"},\"inLanguage\":\"it-IT\",\"potentialAction\":[{\"@type\":\"ReadAction\",\"target\":[\"https:\/\/welaikaadv.site\/avviso\/home\/cosa-facciamo\/informare\/documenti-tematici\/gioco-dazzardo\/il-consiglio-di-stato-conferma-le-limitazioni-orarie-introdotte-dal-comune-di-firenze\/\"]}]},{\"@type\":\"BreadcrumbList\",\"@id\":\"https:\/\/welaikaadv.site\/avviso\/home\/cosa-facciamo\/informare\/documenti-tematici\/gioco-dazzardo\/il-consiglio-di-stato-conferma-le-limitazioni-orarie-introdotte-dal-comune-di-firenze\/#breadcrumb\",\"itemListElement\":[{\"@type\":\"ListItem\",\"position\":1,\"name\":\"Home\",\"item\":\"https:\/\/welaikaadv.site\/avviso\/\"},{\"@type\":\"ListItem\",\"position\":2,\"name\":\"IL CONSIGLIO DI STATO CONFERMA LE LIMITAZIONI ORARIE INTRODOTTE DAL COMUNE DI FIRENZE\"}]},{\"@type\":\"WebSite\",\"@id\":\"https:\/\/welaikaadv.site\/avviso\/#website\",\"url\":\"https:\/\/welaikaadv.site\/avviso\/\",\"name\":\"Staging Avviso Pubblico\",\"description\":\"\",\"publisher\":{\"@id\":\"https:\/\/welaikaadv.site\/avviso\/#organization\"},\"potentialAction\":[{\"@type\":\"SearchAction\",\"target\":{\"@type\":\"EntryPoint\",\"urlTemplate\":\"https:\/\/welaikaadv.site\/avviso\/?s={search_term_string}\"},\"query-input\":{\"@type\":\"PropertyValueSpecification\",\"valueRequired\":true,\"valueName\":\"search_term_string\"}}],\"inLanguage\":\"it-IT\"},{\"@type\":\"Organization\",\"@id\":\"https:\/\/welaikaadv.site\/avviso\/#organization\",\"name\":\"Staging Avviso Pubblico\",\"url\":\"https:\/\/welaikaadv.site\/avviso\/\",\"logo\":{\"@type\":\"ImageObject\",\"inLanguage\":\"it-IT\",\"@id\":\"https:\/\/welaikaadv.site\/avviso\/#\/schema\/logo\/image\/\",\"url\":\"https:\/\/welaikaadv.site\/avviso\/wp-content\/uploads\/2024\/08\/logoAPsito-400.png\",\"contentUrl\":\"https:\/\/welaikaadv.site\/avviso\/wp-content\/uploads\/2024\/08\/logoAPsito-400.png\",\"width\":400,\"height\":97,\"caption\":\"Staging Avviso Pubblico\"},\"image\":{\"@id\":\"https:\/\/welaikaadv.site\/avviso\/#\/schema\/logo\/image\/\"}}]}<\/script>\n<!-- \/ Yoast SEO plugin. -->","yoast_head_json":{"title":"IL CONSIGLIO DI STATO CONFERMA LE LIMITAZIONI ORARIE INTRODOTTE DAL COMUNE DI FIRENZE - Staging Avviso Pubblico","robots":{"index":"noindex","follow":"follow","max-snippet":"max-snippet:-1","max-image-preview":"max-image-preview:large","max-video-preview":"max-video-preview:-1"},"og_locale":"it_IT","og_type":"article","og_title":"IL CONSIGLIO DI STATO CONFERMA LE LIMITAZIONI ORARIE INTRODOTTE DAL COMUNE DI FIRENZE - Staging Avviso Pubblico","og_description":"Premessa. Il Comune di Firenze, prima con l\u2019ordinanza 204\/2018 e poi con l\u2019ordinanza, di rettifica, 215\/2018, ha disposto che le sale giochi autorizzate ex artt.&nbsp;[&hellip;]Leggi tutto IL CONSIGLIO DI STATO CONFERMA LE LIMITAZIONI ORARIE INTRODOTTE DAL COMUNE DI FIRENZE &rarr;","og_url":"https:\/\/welaikaadv.site\/avviso\/home\/cosa-facciamo\/informare\/documenti-tematici\/gioco-dazzardo\/il-consiglio-di-stato-conferma-le-limitazioni-orarie-introdotte-dal-comune-di-firenze\/","og_site_name":"Staging Avviso Pubblico","twitter_card":"summary_large_image","twitter_misc":{"Tempo di lettura stimato":"11 minuti"},"schema":{"@context":"https:\/\/schema.org","@graph":[{"@type":"WebPage","@id":"https:\/\/welaikaadv.site\/avviso\/home\/cosa-facciamo\/informare\/documenti-tematici\/gioco-dazzardo\/il-consiglio-di-stato-conferma-le-limitazioni-orarie-introdotte-dal-comune-di-firenze\/","url":"https:\/\/welaikaadv.site\/avviso\/home\/cosa-facciamo\/informare\/documenti-tematici\/gioco-dazzardo\/il-consiglio-di-stato-conferma-le-limitazioni-orarie-introdotte-dal-comune-di-firenze\/","name":"IL CONSIGLIO DI STATO CONFERMA LE LIMITAZIONI ORARIE INTRODOTTE DAL COMUNE DI FIRENZE - Staging Avviso Pubblico","isPartOf":{"@id":"https:\/\/welaikaadv.site\/avviso\/#website"},"datePublished":"2023-08-23T10:19:34+00:00","breadcrumb":{"@id":"https:\/\/welaikaadv.site\/avviso\/home\/cosa-facciamo\/informare\/documenti-tematici\/gioco-dazzardo\/il-consiglio-di-stato-conferma-le-limitazioni-orarie-introdotte-dal-comune-di-firenze\/#breadcrumb"},"inLanguage":"it-IT","potentialAction":[{"@type":"ReadAction","target":["https:\/\/welaikaadv.site\/avviso\/home\/cosa-facciamo\/informare\/documenti-tematici\/gioco-dazzardo\/il-consiglio-di-stato-conferma-le-limitazioni-orarie-introdotte-dal-comune-di-firenze\/"]}]},{"@type":"BreadcrumbList","@id":"https:\/\/welaikaadv.site\/avviso\/home\/cosa-facciamo\/informare\/documenti-tematici\/gioco-dazzardo\/il-consiglio-di-stato-conferma-le-limitazioni-orarie-introdotte-dal-comune-di-firenze\/#breadcrumb","itemListElement":[{"@type":"ListItem","position":1,"name":"Home","item":"https:\/\/welaikaadv.site\/avviso\/"},{"@type":"ListItem","position":2,"name":"IL CONSIGLIO DI STATO CONFERMA LE LIMITAZIONI ORARIE INTRODOTTE DAL COMUNE DI FIRENZE"}]},{"@type":"WebSite","@id":"https:\/\/welaikaadv.site\/avviso\/#website","url":"https:\/\/welaikaadv.site\/avviso\/","name":"Staging Avviso Pubblico","description":"","publisher":{"@id":"https:\/\/welaikaadv.site\/avviso\/#organization"},"potentialAction":[{"@type":"SearchAction","target":{"@type":"EntryPoint","urlTemplate":"https:\/\/welaikaadv.site\/avviso\/?s={search_term_string}"},"query-input":{"@type":"PropertyValueSpecification","valueRequired":true,"valueName":"search_term_string"}}],"inLanguage":"it-IT"},{"@type":"Organization","@id":"https:\/\/welaikaadv.site\/avviso\/#organization","name":"Staging Avviso Pubblico","url":"https:\/\/welaikaadv.site\/avviso\/","logo":{"@type":"ImageObject","inLanguage":"it-IT","@id":"https:\/\/welaikaadv.site\/avviso\/#\/schema\/logo\/image\/","url":"https:\/\/welaikaadv.site\/avviso\/wp-content\/uploads\/2024\/08\/logoAPsito-400.png","contentUrl":"https:\/\/welaikaadv.site\/avviso\/wp-content\/uploads\/2024\/08\/logoAPsito-400.png","width":400,"height":97,"caption":"Staging Avviso Pubblico"},"image":{"@id":"https:\/\/welaikaadv.site\/avviso\/#\/schema\/logo\/image\/"}}]}},"_links":{"self":[{"href":"https:\/\/welaikaadv.site\/avviso\/wp-json\/wp\/v2\/pages\/54759","targetHints":{"allow":["GET"]}}],"collection":[{"href":"https:\/\/welaikaadv.site\/avviso\/wp-json\/wp\/v2\/pages"}],"about":[{"href":"https:\/\/welaikaadv.site\/avviso\/wp-json\/wp\/v2\/types\/page"}],"author":[{"embeddable":true,"href":"https:\/\/welaikaadv.site\/avviso\/wp-json\/wp\/v2\/users\/1"}],"replies":[{"embeddable":true,"href":"https:\/\/welaikaadv.site\/avviso\/wp-json\/wp\/v2\/comments?post=54759"}],"version-history":[{"count":0,"href":"https:\/\/welaikaadv.site\/avviso\/wp-json\/wp\/v2\/pages\/54759\/revisions"}],"up":[{"embeddable":true,"href":"https:\/\/welaikaadv.site\/avviso\/wp-json\/wp\/v2\/pages\/202"}],"wp:attachment":[{"href":"https:\/\/welaikaadv.site\/avviso\/wp-json\/wp\/v2\/media?parent=54759"}],"curies":[{"name":"wp","href":"https:\/\/api.w.org\/{rel}","templated":true}]}}