{"id":67923,"date":"2024-01-05T11:58:54","date_gmt":"2024-01-05T10:58:54","guid":{"rendered":"https:\/\/www.avvisopubblico.it\/home\/?page_id=67923"},"modified":"2024-01-05T11:58:54","modified_gmt":"2024-01-05T10:58:54","slug":"legge-30-dicembre-2023-n-214-legge-annuale-per-il-mercato-e-la-concorrenza","status":"publish","type":"page","link":"https:\/\/welaikaadv.site\/avviso\/home\/cosa-facciamo\/informare\/osservatorio-parlamentare\/attivita-legislativa\/leggi-approvate\/legge-30-dicembre-2023-n-214-legge-annuale-per-il-mercato-e-la-concorrenza\/","title":{"rendered":"Legge 30 dicembre 2023, n. 214 &#8211; Legge annuale per il mercato e la concorrenza"},"content":{"rendered":"<p>\u00c8 stata pubblicata in Gazzetta Ufficiale la <a href=\"https:\/\/www.gazzettaufficiale.it\/atto\/serie_generale\/caricaDettaglioAtto\/originario?atto.dataPubblicazioneGazzetta=2023-12-30&amp;atto.codiceRedazionale=23G00220&amp;elenco30giorni=true\">Legge 30 dicembre 2023, n. 214<\/a> &#8211; Legge annuale per il mercato e la concorrenza 2022.<\/p>\n<p>Tra le disposizioni contenute si segnala il Capo II recante misure in materia di <strong>commercio al dettaglio<\/strong>.<\/p>\n<p>In particolare, l\u2019art. 11 contiene le modalit\u00e0 di assegnazione delle <strong>concessioni per il commercio su aree pubbliche<\/strong>. Si stabilisce, nello specifico, che \u201cle concessioni di posteggio per l\u2019esercizio del commercio su aree pubbliche sono rilasciate, per una durata di dieci anni, sulla base di <strong>procedure selettive<\/strong>\u201d secondo linee guida del Ministero delle imprese e del made in Italy, previa intesa in sede di Conferenza unificata, che prevedono: clausole sociali per promuovere la stabilit\u00e0 occupazionale; la valorizzazione dei requisiti dimensionali della microimpresa; un numero massimo di concessioni di cui ciascun operatore pu\u00f2 essere titolare, possessore o detentore. \u00c8 prevista inoltre una <strong>ricognizione annuale<\/strong> da parte delle amministrazioni competenti delle aree destinate al commercio.<\/p>\n<p>L\u2019art. 11 della Legge Concorrenza contiene, inoltre, nei commi 4 e 5, la <strong>proroga<\/strong> delle concessioni gi\u00e0 assegnate: si specifica, infatti, che continuano ad avere efficacia, fino al termine previsto nel relativo titolo, anche le concessioni gi\u00e0 riassegnate ai sensi dell\u2019articolo 181, commi 4-bis e 4-ter, del DL 34\/2020 (come convertito). In particolare, il richiamato comma 4-bis prevedeva il rinnovo per dodici anni delle concessioni aventi scadenza entro il 31 dicembre 2020: i procedimenti tesi al rinnovo di queste concessioni sono conclusi, specifica l\u2019art. 11 della Legge Concorrenza, secondo le disposizioni dell\u2019art. 181 del DL 34\/2020 e \u201cnel rispetto del termine di durata del rinnovo ivi previsto\u201d. Si prevede, inoltre, che anche le altre concessioni non interessate da questi procedimenti di rinnovo sono prorogate almeno sino al 31 dicembre 2025, ferma restando l\u2019eventuale maggiore durata prevista.<\/p>\n<p>Sul punto si \u00e8 espresso il Presidente Mattarella con una <strong><a href=\"https:\/\/www.quirinale.it\/elementi\/103918\">lettera<\/a> <\/strong>indirizzata ai Presidenti del Senato, della Camera e del Consiglio, in cui viene richiamata, tra le altre, anche la <a href=\"https:\/\/www.cortecostituzionale.it\/actionPronuncia.do\">sentenza 291\/2012 della Corte costituzionale<\/a>: in quel caso la Consulta, rifacendosi alla direttiva (auto-applicativa) 2006\/123\/CE in tema di \u201cservizi nel mercato interno\u201d, si esprimeva nel senso dell\u2019obbligo di una procedura di selezione qualora il numero di autorizzazioni disponibili per una determinata attivit\u00e0 sia limitato per via della scarsit\u00e0 delle risorse naturali o delle capacit\u00e0 tecniche utilizzabili, con conseguente necessit\u00e0 della disapplicazione delle norme interne incompatibili con la direttiva UE. La lettera del Presidente della Repubblica cita anche la <a href=\"https:\/\/portali.giustizia-amministrativa.it\/portale\/pages\/istituzionale\/visualizza\/?nodeRef=&amp;schema=cds&amp;nrg=202205795&amp;nomeFile=202309104_11.html&amp;subDir=Provvedimenti\">sentenza 9104\/2023 del Consiglio di Stato<\/a> (sulla disapplicazione da parte del Comune di Roma del comma 4-bis dell\u2019art. 181 del DL 34\/2020) e il <a href=\"https:\/\/www.agcm.it\/dotcmsCustom\/getDominoAttach?urlStr=192.168.14.10:8080\/C12563290035806C\/0\/14A48DB7433E8BFEC125867E0053B619\/$File\/AS1721.pdf\">parere del 15 febbraio 2021<\/a> dell\u2019Autorit\u00e0 garante della concorrenza e del mercato. La lettera, infine, ha richiamato anche la vicenda, ritenuta analoga, delle concessioni demaniali marittime.<\/p>\n<p>L\u2019art. 12 della Legge Concorrenza contiene, inoltre, alcune misure di <strong>semplificazione<\/strong> in materia di attivit\u00e0 commerciali che riguardano anche i <strong>Comuni<\/strong>. In particolare:<\/p>\n<ul>\n<li>In tema di <strong>valorizzazione degli esercizi di vicinato e di botteghe artigiane<\/strong>, si prevede che le regioni, le citta\u0300 metropolitane e i comuni, d\u2019intesa con le associazioni degli operatori e senza discriminazioni tra essi, possano porre \u201climitazioni all\u2019insediamento di determinate attivit\u00e0 commerciali in talune aree o l\u2019adozione di misure di tutela e valorizzazione di talune tipologie di esercizi di vicinato e di botteghe artigiane, tipizzati sotto il profilo storico-culturale o commerciale, anche tramite costituzione di specifici albi volti a valorizzarli\u201d. Tali albi possono essere raccolti a livello nazionale ai fini della valorizzazione turistica e commerciale di tali attivit\u00e0. I comuni, inoltre, possono \u201cpromuovere percorsi conciliativi tra esercenti e proprietari dei locali, volti a evitare fenomeni di espulsione di operatori commerciali qualificati dai centri storici\u201d;<\/li>\n<li><span style=\"font-size: 1rem;\">In tema di <\/span><strong style=\"font-size: 1rem;\">vendite straordinarie<\/strong><span style=\"font-size: 1rem;\"> (art. 15, d.lgs. 114\/1998), si prevede che se un\u2019impresa intende svolgere tali vendite contemporaneamente in esercizi commerciali situati in Comuni diversi, essa pu\u00f2 presentare un\u2019unica comunicazione al Suap del Comune ove ha la sede legale e sar\u00e0 compito del Suap ricevente trasmettere tale comunicazione agli altri Suap territorialmente competenti.\u00a0<\/span><\/li>\n<\/ul>\n","protected":false},"excerpt":{"rendered":"<p>\u00c8 stata pubblicata in Gazzetta Ufficiale la Legge 30 dicembre 2023, n. 214 &#8211; Legge annuale per il mercato e la concorrenza 2022. Tra le&nbsp;<span class=\"hellipsis\">[&hellip;]<\/span><a class=\"more-link\" href=\"https:\/\/welaikaadv.site\/avviso\/home\/cosa-facciamo\/informare\/osservatorio-parlamentare\/attivita-legislativa\/leggi-approvate\/legge-30-dicembre-2023-n-214-legge-annuale-per-il-mercato-e-la-concorrenza\/\">Leggi tutto <span class=\"screen-reader-text\">Legge 30 dicembre 2023, n. 214 &#8211; Legge annuale per il mercato e la concorrenza<\/span> <span class=\"meta-nav\" aria-hidden=\"true\">&rarr;<\/span><\/a><\/p>\n","protected":false},"author":1,"featured_media":0,"parent":2575,"menu_order":0,"comment_status":"closed","ping_status":"closed","template":"","meta":{"_acf_changed":false,"_exactmetrics_skip_tracking":false,"_exactmetrics_sitenote_active":false,"_exactmetrics_sitenote_note":"","_exactmetrics_sitenote_category":0,"wp_social_preview_title":"","wp_social_preview_description":"","wp_social_preview_image":0,"footnotes":""},"class_list":["post-67923","page","type-page","status-publish","hentry"],"acf":[],"yoast_head":"<!-- This site is optimized with the Yoast SEO plugin v27.2 - https:\/\/yoast.com\/product\/yoast-seo-wordpress\/ -->\n<title>Legge 30 dicembre 2023, n. 214 - Legge annuale per il mercato e la concorrenza - Staging Avviso Pubblico<\/title>\n<meta name=\"robots\" content=\"noindex, follow, max-snippet:-1, max-image-preview:large, max-video-preview:-1\" \/>\n<meta property=\"og:locale\" content=\"it_IT\" \/>\n<meta property=\"og:type\" content=\"article\" \/>\n<meta property=\"og:title\" content=\"Legge 30 dicembre 2023, n. 214 - Legge annuale per il mercato e la concorrenza - Staging Avviso Pubblico\" \/>\n<meta property=\"og:description\" content=\"\u00c8 stata pubblicata in Gazzetta Ufficiale la Legge 30 dicembre 2023, n. 214 &#8211; Legge annuale per il mercato e la concorrenza 2022. Tra le&nbsp;[&hellip;]Leggi tutto Legge 30 dicembre 2023, n. 214 &#8211; Legge annuale per il mercato e la concorrenza &rarr;\" \/>\n<meta property=\"og:url\" content=\"https:\/\/welaikaadv.site\/avviso\/home\/cosa-facciamo\/informare\/osservatorio-parlamentare\/attivita-legislativa\/leggi-approvate\/legge-30-dicembre-2023-n-214-legge-annuale-per-il-mercato-e-la-concorrenza\/\" \/>\n<meta property=\"og:site_name\" content=\"Staging Avviso Pubblico\" \/>\n<meta name=\"twitter:card\" content=\"summary_large_image\" \/>\n<meta name=\"twitter:label1\" content=\"Tempo di lettura stimato\" \/>\n\t<meta name=\"twitter:data1\" content=\"3 minuti\" \/>\n<script type=\"application\/ld+json\" class=\"yoast-schema-graph\">{\"@context\":\"https:\/\/schema.org\",\"@graph\":[{\"@type\":\"WebPage\",\"@id\":\"https:\/\/welaikaadv.site\/avviso\/home\/cosa-facciamo\/informare\/osservatorio-parlamentare\/attivita-legislativa\/leggi-approvate\/legge-30-dicembre-2023-n-214-legge-annuale-per-il-mercato-e-la-concorrenza\/\",\"url\":\"https:\/\/welaikaadv.site\/avviso\/home\/cosa-facciamo\/informare\/osservatorio-parlamentare\/attivita-legislativa\/leggi-approvate\/legge-30-dicembre-2023-n-214-legge-annuale-per-il-mercato-e-la-concorrenza\/\",\"name\":\"Legge 30 dicembre 2023, n. 214 - Legge annuale per il mercato e la concorrenza - Staging Avviso Pubblico\",\"isPartOf\":{\"@id\":\"https:\/\/welaikaadv.site\/avviso\/#website\"},\"datePublished\":\"2024-01-05T10:58:54+00:00\",\"breadcrumb\":{\"@id\":\"https:\/\/welaikaadv.site\/avviso\/home\/cosa-facciamo\/informare\/osservatorio-parlamentare\/attivita-legislativa\/leggi-approvate\/legge-30-dicembre-2023-n-214-legge-annuale-per-il-mercato-e-la-concorrenza\/#breadcrumb\"},\"inLanguage\":\"it-IT\",\"potentialAction\":[{\"@type\":\"ReadAction\",\"target\":[\"https:\/\/welaikaadv.site\/avviso\/home\/cosa-facciamo\/informare\/osservatorio-parlamentare\/attivita-legislativa\/leggi-approvate\/legge-30-dicembre-2023-n-214-legge-annuale-per-il-mercato-e-la-concorrenza\/\"]}]},{\"@type\":\"BreadcrumbList\",\"@id\":\"https:\/\/welaikaadv.site\/avviso\/home\/cosa-facciamo\/informare\/osservatorio-parlamentare\/attivita-legislativa\/leggi-approvate\/legge-30-dicembre-2023-n-214-legge-annuale-per-il-mercato-e-la-concorrenza\/#breadcrumb\",\"itemListElement\":[{\"@type\":\"ListItem\",\"position\":1,\"name\":\"Home\",\"item\":\"https:\/\/welaikaadv.site\/avviso\/\"},{\"@type\":\"ListItem\",\"position\":2,\"name\":\"Legge 30 dicembre 2023, n. 214 &#8211; Legge annuale per il mercato e la concorrenza\"}]},{\"@type\":\"WebSite\",\"@id\":\"https:\/\/welaikaadv.site\/avviso\/#website\",\"url\":\"https:\/\/welaikaadv.site\/avviso\/\",\"name\":\"Staging Avviso Pubblico\",\"description\":\"\",\"publisher\":{\"@id\":\"https:\/\/welaikaadv.site\/avviso\/#organization\"},\"potentialAction\":[{\"@type\":\"SearchAction\",\"target\":{\"@type\":\"EntryPoint\",\"urlTemplate\":\"https:\/\/welaikaadv.site\/avviso\/?s={search_term_string}\"},\"query-input\":{\"@type\":\"PropertyValueSpecification\",\"valueRequired\":true,\"valueName\":\"search_term_string\"}}],\"inLanguage\":\"it-IT\"},{\"@type\":\"Organization\",\"@id\":\"https:\/\/welaikaadv.site\/avviso\/#organization\",\"name\":\"Staging Avviso Pubblico\",\"url\":\"https:\/\/welaikaadv.site\/avviso\/\",\"logo\":{\"@type\":\"ImageObject\",\"inLanguage\":\"it-IT\",\"@id\":\"https:\/\/welaikaadv.site\/avviso\/#\/schema\/logo\/image\/\",\"url\":\"https:\/\/welaikaadv.site\/avviso\/wp-content\/uploads\/2024\/08\/logoAPsito-400.png\",\"contentUrl\":\"https:\/\/welaikaadv.site\/avviso\/wp-content\/uploads\/2024\/08\/logoAPsito-400.png\",\"width\":400,\"height\":97,\"caption\":\"Staging Avviso Pubblico\"},\"image\":{\"@id\":\"https:\/\/welaikaadv.site\/avviso\/#\/schema\/logo\/image\/\"}}]}<\/script>\n<!-- \/ Yoast SEO plugin. -->","yoast_head_json":{"title":"Legge 30 dicembre 2023, n. 214 - Legge annuale per il mercato e la concorrenza - Staging Avviso Pubblico","robots":{"index":"noindex","follow":"follow","max-snippet":"max-snippet:-1","max-image-preview":"max-image-preview:large","max-video-preview":"max-video-preview:-1"},"og_locale":"it_IT","og_type":"article","og_title":"Legge 30 dicembre 2023, n. 214 - Legge annuale per il mercato e la concorrenza - Staging Avviso Pubblico","og_description":"\u00c8 stata pubblicata in Gazzetta Ufficiale la Legge 30 dicembre 2023, n. 214 &#8211; Legge annuale per il mercato e la concorrenza 2022. Tra le&nbsp;[&hellip;]Leggi tutto Legge 30 dicembre 2023, n. 214 &#8211; Legge annuale per il mercato e la concorrenza &rarr;","og_url":"https:\/\/welaikaadv.site\/avviso\/home\/cosa-facciamo\/informare\/osservatorio-parlamentare\/attivita-legislativa\/leggi-approvate\/legge-30-dicembre-2023-n-214-legge-annuale-per-il-mercato-e-la-concorrenza\/","og_site_name":"Staging Avviso Pubblico","twitter_card":"summary_large_image","twitter_misc":{"Tempo di lettura stimato":"3 minuti"},"schema":{"@context":"https:\/\/schema.org","@graph":[{"@type":"WebPage","@id":"https:\/\/welaikaadv.site\/avviso\/home\/cosa-facciamo\/informare\/osservatorio-parlamentare\/attivita-legislativa\/leggi-approvate\/legge-30-dicembre-2023-n-214-legge-annuale-per-il-mercato-e-la-concorrenza\/","url":"https:\/\/welaikaadv.site\/avviso\/home\/cosa-facciamo\/informare\/osservatorio-parlamentare\/attivita-legislativa\/leggi-approvate\/legge-30-dicembre-2023-n-214-legge-annuale-per-il-mercato-e-la-concorrenza\/","name":"Legge 30 dicembre 2023, n. 214 - Legge annuale per il mercato e la concorrenza - Staging Avviso Pubblico","isPartOf":{"@id":"https:\/\/welaikaadv.site\/avviso\/#website"},"datePublished":"2024-01-05T10:58:54+00:00","breadcrumb":{"@id":"https:\/\/welaikaadv.site\/avviso\/home\/cosa-facciamo\/informare\/osservatorio-parlamentare\/attivita-legislativa\/leggi-approvate\/legge-30-dicembre-2023-n-214-legge-annuale-per-il-mercato-e-la-concorrenza\/#breadcrumb"},"inLanguage":"it-IT","potentialAction":[{"@type":"ReadAction","target":["https:\/\/welaikaadv.site\/avviso\/home\/cosa-facciamo\/informare\/osservatorio-parlamentare\/attivita-legislativa\/leggi-approvate\/legge-30-dicembre-2023-n-214-legge-annuale-per-il-mercato-e-la-concorrenza\/"]}]},{"@type":"BreadcrumbList","@id":"https:\/\/welaikaadv.site\/avviso\/home\/cosa-facciamo\/informare\/osservatorio-parlamentare\/attivita-legislativa\/leggi-approvate\/legge-30-dicembre-2023-n-214-legge-annuale-per-il-mercato-e-la-concorrenza\/#breadcrumb","itemListElement":[{"@type":"ListItem","position":1,"name":"Home","item":"https:\/\/welaikaadv.site\/avviso\/"},{"@type":"ListItem","position":2,"name":"Legge 30 dicembre 2023, n. 214 &#8211; Legge annuale per il mercato e la concorrenza"}]},{"@type":"WebSite","@id":"https:\/\/welaikaadv.site\/avviso\/#website","url":"https:\/\/welaikaadv.site\/avviso\/","name":"Staging Avviso Pubblico","description":"","publisher":{"@id":"https:\/\/welaikaadv.site\/avviso\/#organization"},"potentialAction":[{"@type":"SearchAction","target":{"@type":"EntryPoint","urlTemplate":"https:\/\/welaikaadv.site\/avviso\/?s={search_term_string}"},"query-input":{"@type":"PropertyValueSpecification","valueRequired":true,"valueName":"search_term_string"}}],"inLanguage":"it-IT"},{"@type":"Organization","@id":"https:\/\/welaikaadv.site\/avviso\/#organization","name":"Staging Avviso Pubblico","url":"https:\/\/welaikaadv.site\/avviso\/","logo":{"@type":"ImageObject","inLanguage":"it-IT","@id":"https:\/\/welaikaadv.site\/avviso\/#\/schema\/logo\/image\/","url":"https:\/\/welaikaadv.site\/avviso\/wp-content\/uploads\/2024\/08\/logoAPsito-400.png","contentUrl":"https:\/\/welaikaadv.site\/avviso\/wp-content\/uploads\/2024\/08\/logoAPsito-400.png","width":400,"height":97,"caption":"Staging Avviso Pubblico"},"image":{"@id":"https:\/\/welaikaadv.site\/avviso\/#\/schema\/logo\/image\/"}}]}},"_links":{"self":[{"href":"https:\/\/welaikaadv.site\/avviso\/wp-json\/wp\/v2\/pages\/67923","targetHints":{"allow":["GET"]}}],"collection":[{"href":"https:\/\/welaikaadv.site\/avviso\/wp-json\/wp\/v2\/pages"}],"about":[{"href":"https:\/\/welaikaadv.site\/avviso\/wp-json\/wp\/v2\/types\/page"}],"author":[{"embeddable":true,"href":"https:\/\/welaikaadv.site\/avviso\/wp-json\/wp\/v2\/users\/1"}],"replies":[{"embeddable":true,"href":"https:\/\/welaikaadv.site\/avviso\/wp-json\/wp\/v2\/comments?post=67923"}],"version-history":[{"count":0,"href":"https:\/\/welaikaadv.site\/avviso\/wp-json\/wp\/v2\/pages\/67923\/revisions"}],"up":[{"embeddable":true,"href":"https:\/\/welaikaadv.site\/avviso\/wp-json\/wp\/v2\/pages\/2575"}],"wp:attachment":[{"href":"https:\/\/welaikaadv.site\/avviso\/wp-json\/wp\/v2\/media?parent=67923"}],"curies":[{"name":"wp","href":"https:\/\/api.w.org\/{rel}","templated":true}]}}