{"id":7267,"date":"2017-09-26T15:04:23","date_gmt":"2017-09-26T13:04:23","guid":{"rendered":"http:\/\/www.avvisopubblico.it\/home\/?page_id=7267"},"modified":"2017-09-26T15:04:23","modified_gmt":"2017-09-26T13:04:23","slug":"raggiunta-lintesa-sul-gioco-dazzardo-conferenza-unificata-un-primo-commento","status":"publish","type":"page","link":"https:\/\/welaikaadv.site\/avviso\/home\/cosa-facciamo\/informare\/documenti-tematici\/gioco-dazzardo\/raggiunta-lintesa-sul-gioco-dazzardo-conferenza-unificata-un-primo-commento\/","title":{"rendered":"Raggiunta l\u2019Intesa sul gioco d\u2019azzardo in Conferenza unificata: un primo commento"},"content":{"rendered":"<p>La Conferenza Unificata Stato-autonomie locali ha approvato il 7 settembre 2017 le nuove Linee guida sulle caratteristiche dei punti di vendita ove si raccoglie gioco pubblico, nonch\u00e8 i criteri per la loro distribuzione e concentrazione territoriale, previste dalla legge di stabilit\u00e0 per il 2016.<\/p>\n<p>Avviso Pubblico ha espresso una\u00a0<a href=\"https:\/\/welaikaadv.site\/avviso\/gioco-dazzardo-il-7-settembre-riunione-della-conferenza-unificata-per-valutare-le-proposte-del-governo\/\"><strong>posizione critica sulle proposte avanzate dal Governo<\/strong><\/a><strong>,<\/strong>\u00a0con riferimento soprattutto alla insufficiente riduzione dell\u2019offerta di gioco, alla genericit\u00e0 degli impegni in tema di pubblicit\u00e0 e di contrasto della presenza della criminalit\u00e0 organizzata nel settore, oltre che all\u2019assenza di qualsiasi riferimento alla problematica del gioco on line.<\/p>\n<p>Desta in particolare preoccupazione la previsione di un numero elevatissimo di \u201cmini casin\u00f2\u201d, nei quali installare senza alcuna limitazione anche le famigerate VLT (il cui numero non \u00e8 stato ridotto, a differenza di quanto disposto per le slot machine), che non sarebbero stati soggetti alle normative restrittive approvate in questi anni da Regioni ed Enti locali \u2013 in termini di collocazione dei punti vendita, di orari e di requisiti dei locali etc \u2013 per contrastare il fenomeno del gioco d\u2019azzardo patologico. Da questo punto di vista, va valutato con favore l\u2019emendamento approvato in sede di Conferenza, proposto dalla Provincia dell\u2019Alto Adige, in base al quale \u201c<em>le disposizioni specifiche in materia, previste in ogni Regione e Provincia autonoma, se prevedono una tutela maggiore, continueranno comunque ad esplicare la loro efficacia. Inoltre le Regioni ai fini del contrasto delle patologie afferenti alla dipendenza da gioco d\u2019azzardo, potranno prevedere forme maggiori di tutela per la popolazione<\/em>\u201d: ci\u00f2 assicurer\u00e0 la legittimit\u00e0 degli interventi previsti da leggi e regolamenti (come ad esempio quelli della provincia Alto Adige, il Piemonte o l\u2019Emilia Romagna) volti non solo a impedire un\u2019ulteriore proliferazione dei punti di gioco ma anche la loro progressiva riduzione, con riferimento alle licenze gi\u00e0 concesse. \u00a0Cos\u00ec come \u00e8 positivo l\u2019obbligo per l\u2019Agenzia delle dogane e dei monopoli di fornire gratuitamente a Regioni e Comuni i dati aggiornati sulla presenza degli apparecchi per il gioco d\u2019azzardo lecito, sui punti gioco e sulla spesa per il gioco, ci\u00f2 che consentir\u00e0 di avere ulteriori elementi utili a contrastare il gioco d\u2019azzardo patologico nei singoli territori. Sar\u00e0 ovviamente importante vigilare attentamente perch\u00e8 nel decreto ministeriale di recepimento dell\u2019Intesa siano pienamente salvaguardati i poteri di Regioni ed Enti locali in materia ed evitare che il riferimento alla \u201c<em>tutela degli investimenti esistenti<\/em>\u201d costituisca un vincolo per gli interventi di riduzione dell\u2019offerta.<\/p>\n<p>Avviso Pubblico continuer\u00e0 a svolgere la sua azione di supporto affinch\u00e8 siano sempre meglio definiti gli strumenti di contrasto della ludopatia ed estese in tutto il Paese le buone prassi gi\u00e0 realizzate: si pone in quest\u2019ottica anche la realizzazione di un nuovo volume\u00a0<a href=\"https:\/\/welaikaadv.site\/avviso\/lose-for-life-un-libro-e-una-campagna-per-salvare-il-paese-in-overdose-da-gioco-dazzardo\/\"><strong>Lose for life<\/strong><\/a>, che affronta in modo organico la tematica del gioco d\u2019azzardo in Italia (dal punto di vista socio-sanitario, economico, del sistema legislativo, delle esperienze positive in atto etc), presentato il 21 settembre 2017 presso il Senato.<\/p>\n<p><strong>Post scriptum<\/strong>. L\u2019Intesa in sede di Conferenza unificata deve essere recepita con un decreto ministeriale, previo parere delle Commissioni parlamentari: a met\u00e0 dicembre 2017, peraltro, non si conosce ancora il testo del decreto. Invece un riferimento all\u2019Intesa del 7 settembre 2017 \u00e8 contenuto nella\u00a0<strong><a href=\"https:\/\/welaikaadv.site\/avviso\/home\/cosa-facciamo\/informare\/osservatorio-parlamentare\/attivita-legislativa\/leggi-approvate\/le-leggi-approvate-nella-xvii-legislatura\/legge-n-205-del-2017-legge-bilancio-2018\/\">legge di bilancio per il 2018<\/a><\/strong>: l\u2019art. 1, commi 1047 ss, nel prevedere una proroga onerosa delle attuali concessioni per l\u2019anno prossimo, indica nel 30 settembre 2018 la data per l\u2019indizione della gara per le nuove concessioni: a tal fine \u201c<em>le Regioni adeguano le proprie leggi in materia di dislocazione dei punti vendita del gioco pubblico all\u2019intesa sancita in data 7 settembre 2017 in sede di Conferenza unificata\u201d.<\/em><\/p>\n<p>Tale disposizione appare volta a dare concreta attuazione ad una sola parte dell\u2019Intesa, quella sulla redistribuzione a livello territoriale degli esercizi in cui si pratica il gioco (sale scommesse, sale bingo, corner etc) al solo fine di consentire l\u2019avvio delle procedure di assegnazione delle nuove concessioni e garantire cos\u00ec maggiori entrate fiscali, complessivamente stimate in 468 milioni di euro per il 2018. Tutto ci\u00f2 per\u00f2 in assenza del decreto ministeriale che doveva attuare tutti i contenuti dell\u2019Intesa; e soprattutto non sembra tener in alcun conto l\u2019emendamento formalmente approvato dalla Conferenza, che fa salve le disposizioni specifiche di maggior tutela deliberate dalle Regioni.\u00a0Si spiega in quest\u2019ottica l\u2019emendamento proposto in sede di Conferenza Stato Regioni, con riferimento alle\u00a0<strong><a href=\"https:\/\/welaikaadv.site\/avviso\/home\/cosa-facciamo\/informare\/documenti-tematici\/gioco-dazzardo\/osservatorio-sul-gioco-dazzardo-linee-guida-prevenzione-cura-riabilitazione-rivolte-alle-persone-affette-dal-gioco-dazzardo-patologico\/\">Linee guida in materia di prevenzione<\/a><\/strong>, volto a ribadire la piena efficacia delle disposizioni approvate da Regioni e province autonome, che per\u00f2 non \u00e8 stato recepito del testo della legge di bilancio.<\/p>\n<p>(<em>ultimo aggiornamento 31 dicembre 2017<\/em>)<\/p>\n","protected":false},"excerpt":{"rendered":"<p>La Conferenza Unificata Stato-autonomie locali ha approvato il 7 settembre 2017 le nuove Linee guida sulle caratteristiche dei punti di vendita ove si raccoglie gioco&nbsp;<span class=\"hellipsis\">[&hellip;]<\/span><a class=\"more-link\" href=\"https:\/\/welaikaadv.site\/avviso\/home\/cosa-facciamo\/informare\/documenti-tematici\/gioco-dazzardo\/raggiunta-lintesa-sul-gioco-dazzardo-conferenza-unificata-un-primo-commento\/\">Leggi tutto <span class=\"screen-reader-text\">Raggiunta l\u2019Intesa sul gioco d\u2019azzardo in Conferenza unificata: un primo commento<\/span> <span class=\"meta-nav\" aria-hidden=\"true\">&rarr;<\/span><\/a><\/p>\n","protected":false},"author":1,"featured_media":0,"parent":202,"menu_order":50,"comment_status":"closed","ping_status":"closed","template":"","meta":{"_acf_changed":false,"_exactmetrics_skip_tracking":false,"_exactmetrics_sitenote_active":false,"_exactmetrics_sitenote_note":"","_exactmetrics_sitenote_category":0,"wp_social_preview_title":"","wp_social_preview_description":"","wp_social_preview_image":0,"footnotes":""},"class_list":["post-7267","page","type-page","status-publish","hentry"],"acf":[],"yoast_head":"<!-- This site is optimized with the Yoast SEO plugin v27.2 - https:\/\/yoast.com\/product\/yoast-seo-wordpress\/ -->\n<title>Raggiunta l\u2019Intesa sul gioco d\u2019azzardo in Conferenza unificata: un primo commento - Staging Avviso Pubblico<\/title>\n<meta name=\"robots\" content=\"noindex, follow, max-snippet:-1, max-image-preview:large, max-video-preview:-1\" \/>\n<meta property=\"og:locale\" content=\"it_IT\" \/>\n<meta property=\"og:type\" content=\"article\" \/>\n<meta property=\"og:title\" content=\"Raggiunta l\u2019Intesa sul gioco d\u2019azzardo in Conferenza unificata: un primo commento - Staging Avviso Pubblico\" \/>\n<meta property=\"og:description\" content=\"La Conferenza Unificata Stato-autonomie locali ha approvato il 7 settembre 2017 le nuove Linee guida sulle caratteristiche dei punti di vendita ove si raccoglie gioco&nbsp;[&hellip;]Leggi tutto Raggiunta l\u2019Intesa sul gioco d\u2019azzardo in Conferenza unificata: un primo commento &rarr;\" \/>\n<meta property=\"og:url\" content=\"https:\/\/welaikaadv.site\/avviso\/home\/cosa-facciamo\/informare\/documenti-tematici\/gioco-dazzardo\/raggiunta-lintesa-sul-gioco-dazzardo-conferenza-unificata-un-primo-commento\/\" \/>\n<meta property=\"og:site_name\" content=\"Staging Avviso Pubblico\" \/>\n<meta name=\"twitter:card\" content=\"summary_large_image\" \/>\n<meta name=\"twitter:label1\" content=\"Tempo di lettura stimato\" \/>\n\t<meta name=\"twitter:data1\" content=\"4 minuti\" \/>\n<script type=\"application\/ld+json\" class=\"yoast-schema-graph\">{\"@context\":\"https:\/\/schema.org\",\"@graph\":[{\"@type\":\"WebPage\",\"@id\":\"https:\/\/welaikaadv.site\/avviso\/home\/cosa-facciamo\/informare\/documenti-tematici\/gioco-dazzardo\/raggiunta-lintesa-sul-gioco-dazzardo-conferenza-unificata-un-primo-commento\/\",\"url\":\"https:\/\/welaikaadv.site\/avviso\/home\/cosa-facciamo\/informare\/documenti-tematici\/gioco-dazzardo\/raggiunta-lintesa-sul-gioco-dazzardo-conferenza-unificata-un-primo-commento\/\",\"name\":\"Raggiunta l\u2019Intesa sul gioco d\u2019azzardo in Conferenza unificata: un primo commento - Staging Avviso Pubblico\",\"isPartOf\":{\"@id\":\"https:\/\/welaikaadv.site\/avviso\/#website\"},\"datePublished\":\"2017-09-26T13:04:23+00:00\",\"breadcrumb\":{\"@id\":\"https:\/\/welaikaadv.site\/avviso\/home\/cosa-facciamo\/informare\/documenti-tematici\/gioco-dazzardo\/raggiunta-lintesa-sul-gioco-dazzardo-conferenza-unificata-un-primo-commento\/#breadcrumb\"},\"inLanguage\":\"it-IT\",\"potentialAction\":[{\"@type\":\"ReadAction\",\"target\":[\"https:\/\/welaikaadv.site\/avviso\/home\/cosa-facciamo\/informare\/documenti-tematici\/gioco-dazzardo\/raggiunta-lintesa-sul-gioco-dazzardo-conferenza-unificata-un-primo-commento\/\"]}]},{\"@type\":\"BreadcrumbList\",\"@id\":\"https:\/\/welaikaadv.site\/avviso\/home\/cosa-facciamo\/informare\/documenti-tematici\/gioco-dazzardo\/raggiunta-lintesa-sul-gioco-dazzardo-conferenza-unificata-un-primo-commento\/#breadcrumb\",\"itemListElement\":[{\"@type\":\"ListItem\",\"position\":1,\"name\":\"Home\",\"item\":\"https:\/\/welaikaadv.site\/avviso\/\"},{\"@type\":\"ListItem\",\"position\":2,\"name\":\"Raggiunta l\u2019Intesa sul gioco d\u2019azzardo in Conferenza unificata: un primo commento\"}]},{\"@type\":\"WebSite\",\"@id\":\"https:\/\/welaikaadv.site\/avviso\/#website\",\"url\":\"https:\/\/welaikaadv.site\/avviso\/\",\"name\":\"Staging Avviso Pubblico\",\"description\":\"\",\"publisher\":{\"@id\":\"https:\/\/welaikaadv.site\/avviso\/#organization\"},\"potentialAction\":[{\"@type\":\"SearchAction\",\"target\":{\"@type\":\"EntryPoint\",\"urlTemplate\":\"https:\/\/welaikaadv.site\/avviso\/?s={search_term_string}\"},\"query-input\":{\"@type\":\"PropertyValueSpecification\",\"valueRequired\":true,\"valueName\":\"search_term_string\"}}],\"inLanguage\":\"it-IT\"},{\"@type\":\"Organization\",\"@id\":\"https:\/\/welaikaadv.site\/avviso\/#organization\",\"name\":\"Staging Avviso Pubblico\",\"url\":\"https:\/\/welaikaadv.site\/avviso\/\",\"logo\":{\"@type\":\"ImageObject\",\"inLanguage\":\"it-IT\",\"@id\":\"https:\/\/welaikaadv.site\/avviso\/#\/schema\/logo\/image\/\",\"url\":\"https:\/\/welaikaadv.site\/avviso\/wp-content\/uploads\/2024\/08\/logoAPsito-400.png\",\"contentUrl\":\"https:\/\/welaikaadv.site\/avviso\/wp-content\/uploads\/2024\/08\/logoAPsito-400.png\",\"width\":400,\"height\":97,\"caption\":\"Staging Avviso Pubblico\"},\"image\":{\"@id\":\"https:\/\/welaikaadv.site\/avviso\/#\/schema\/logo\/image\/\"}}]}<\/script>\n<!-- \/ Yoast SEO plugin. -->","yoast_head_json":{"title":"Raggiunta l\u2019Intesa sul gioco d\u2019azzardo in Conferenza unificata: un primo commento - Staging Avviso Pubblico","robots":{"index":"noindex","follow":"follow","max-snippet":"max-snippet:-1","max-image-preview":"max-image-preview:large","max-video-preview":"max-video-preview:-1"},"og_locale":"it_IT","og_type":"article","og_title":"Raggiunta l\u2019Intesa sul gioco d\u2019azzardo in Conferenza unificata: un primo commento - Staging Avviso Pubblico","og_description":"La Conferenza Unificata Stato-autonomie locali ha approvato il 7 settembre 2017 le nuove Linee guida sulle caratteristiche dei punti di vendita ove si raccoglie gioco&nbsp;[&hellip;]Leggi tutto Raggiunta l\u2019Intesa sul gioco d\u2019azzardo in Conferenza unificata: un primo commento &rarr;","og_url":"https:\/\/welaikaadv.site\/avviso\/home\/cosa-facciamo\/informare\/documenti-tematici\/gioco-dazzardo\/raggiunta-lintesa-sul-gioco-dazzardo-conferenza-unificata-un-primo-commento\/","og_site_name":"Staging Avviso Pubblico","twitter_card":"summary_large_image","twitter_misc":{"Tempo di lettura stimato":"4 minuti"},"schema":{"@context":"https:\/\/schema.org","@graph":[{"@type":"WebPage","@id":"https:\/\/welaikaadv.site\/avviso\/home\/cosa-facciamo\/informare\/documenti-tematici\/gioco-dazzardo\/raggiunta-lintesa-sul-gioco-dazzardo-conferenza-unificata-un-primo-commento\/","url":"https:\/\/welaikaadv.site\/avviso\/home\/cosa-facciamo\/informare\/documenti-tematici\/gioco-dazzardo\/raggiunta-lintesa-sul-gioco-dazzardo-conferenza-unificata-un-primo-commento\/","name":"Raggiunta l\u2019Intesa sul gioco d\u2019azzardo in Conferenza unificata: un primo commento - Staging Avviso Pubblico","isPartOf":{"@id":"https:\/\/welaikaadv.site\/avviso\/#website"},"datePublished":"2017-09-26T13:04:23+00:00","breadcrumb":{"@id":"https:\/\/welaikaadv.site\/avviso\/home\/cosa-facciamo\/informare\/documenti-tematici\/gioco-dazzardo\/raggiunta-lintesa-sul-gioco-dazzardo-conferenza-unificata-un-primo-commento\/#breadcrumb"},"inLanguage":"it-IT","potentialAction":[{"@type":"ReadAction","target":["https:\/\/welaikaadv.site\/avviso\/home\/cosa-facciamo\/informare\/documenti-tematici\/gioco-dazzardo\/raggiunta-lintesa-sul-gioco-dazzardo-conferenza-unificata-un-primo-commento\/"]}]},{"@type":"BreadcrumbList","@id":"https:\/\/welaikaadv.site\/avviso\/home\/cosa-facciamo\/informare\/documenti-tematici\/gioco-dazzardo\/raggiunta-lintesa-sul-gioco-dazzardo-conferenza-unificata-un-primo-commento\/#breadcrumb","itemListElement":[{"@type":"ListItem","position":1,"name":"Home","item":"https:\/\/welaikaadv.site\/avviso\/"},{"@type":"ListItem","position":2,"name":"Raggiunta l\u2019Intesa sul gioco d\u2019azzardo in Conferenza unificata: un primo commento"}]},{"@type":"WebSite","@id":"https:\/\/welaikaadv.site\/avviso\/#website","url":"https:\/\/welaikaadv.site\/avviso\/","name":"Staging Avviso Pubblico","description":"","publisher":{"@id":"https:\/\/welaikaadv.site\/avviso\/#organization"},"potentialAction":[{"@type":"SearchAction","target":{"@type":"EntryPoint","urlTemplate":"https:\/\/welaikaadv.site\/avviso\/?s={search_term_string}"},"query-input":{"@type":"PropertyValueSpecification","valueRequired":true,"valueName":"search_term_string"}}],"inLanguage":"it-IT"},{"@type":"Organization","@id":"https:\/\/welaikaadv.site\/avviso\/#organization","name":"Staging Avviso Pubblico","url":"https:\/\/welaikaadv.site\/avviso\/","logo":{"@type":"ImageObject","inLanguage":"it-IT","@id":"https:\/\/welaikaadv.site\/avviso\/#\/schema\/logo\/image\/","url":"https:\/\/welaikaadv.site\/avviso\/wp-content\/uploads\/2024\/08\/logoAPsito-400.png","contentUrl":"https:\/\/welaikaadv.site\/avviso\/wp-content\/uploads\/2024\/08\/logoAPsito-400.png","width":400,"height":97,"caption":"Staging Avviso Pubblico"},"image":{"@id":"https:\/\/welaikaadv.site\/avviso\/#\/schema\/logo\/image\/"}}]}},"_links":{"self":[{"href":"https:\/\/welaikaadv.site\/avviso\/wp-json\/wp\/v2\/pages\/7267","targetHints":{"allow":["GET"]}}],"collection":[{"href":"https:\/\/welaikaadv.site\/avviso\/wp-json\/wp\/v2\/pages"}],"about":[{"href":"https:\/\/welaikaadv.site\/avviso\/wp-json\/wp\/v2\/types\/page"}],"author":[{"embeddable":true,"href":"https:\/\/welaikaadv.site\/avviso\/wp-json\/wp\/v2\/users\/1"}],"replies":[{"embeddable":true,"href":"https:\/\/welaikaadv.site\/avviso\/wp-json\/wp\/v2\/comments?post=7267"}],"version-history":[{"count":0,"href":"https:\/\/welaikaadv.site\/avviso\/wp-json\/wp\/v2\/pages\/7267\/revisions"}],"up":[{"embeddable":true,"href":"https:\/\/welaikaadv.site\/avviso\/wp-json\/wp\/v2\/pages\/202"}],"wp:attachment":[{"href":"https:\/\/welaikaadv.site\/avviso\/wp-json\/wp\/v2\/media?parent=7267"}],"curies":[{"name":"wp","href":"https:\/\/api.w.org\/{rel}","templated":true}]}}