{"id":772,"date":"2017-08-16T13:16:29","date_gmt":"2017-08-16T11:16:29","guid":{"rendered":"http:\/\/www.avvisopubblico.it\/home\/?page_id=772"},"modified":"2017-08-16T13:16:29","modified_gmt":"2017-08-16T11:16:29","slug":"nuove-regole-gli-amministratori-giudiziari-dei-beni-confiscati-alle-mafie","status":"publish","type":"page","link":"https:\/\/welaikaadv.site\/avviso\/home\/cosa-facciamo\/informare\/documenti-tematici\/beni-confiscati\/nuove-regole-gli-amministratori-giudiziari-dei-beni-confiscati-alle-mafie\/","title":{"rendered":"Nuove regole per gli amministratori giudiziari dei beni confiscati alle mafie"},"content":{"rendered":"<p><strong>Premessa<\/strong>. Il tema degli amministratori giudiziari cui \u00e8 affidata la gestione dei beni confiscati alla criminalit\u00e0 organizzata, prima della loro destinazione definitiva, \u00e8 da tempo al centro del dibattito, anche alla luce delle inchieste giudiziarie \u2013 come quella riguardante la sezione Misure di prevenzione del tribunale di Palermo \u2013 che hanno messo in luce fenomeni di \u201cmalagestione\u201d di tali beni.<\/p>\n<p><strong>La discussione in Parlamento<\/strong>. I progetti di legge di riforma del codice antimafia, da tempo all\u2019esame delle Camere (<a href=\"https:\/\/welaikaadv.site\/avviso\/leggi-contro-mafie-e-corruzione-anche-i-comuni-di-rivoli-to-san-donato-milanese-mi-e-san-giuliano-terme-pi-sostengono-lappello-di-avviso-pubblico-libera-legambiente-cgil-cisl-uil\/\">Avviso Pubblico ha promosso un Appello per la loro sollecita approvazione<\/a>) intervengono sui criteri di scelta degli amministratori giudiziari e sugli adempimenti connessi alla cessazione del loro incarico (art. 13). In particolare, si prevede l\u2019istituzione di un apposito Albo e nomine effettuate in base ai principi di trasparenza, rotazione e corrispondenza tra i profili professionali del professionista e la tipologia dei beni interessati. appresi in via cautelare; i criteri di nomina \u00e8 affidata ad un successivo decreto del Ministro della giustizia. Ci sono disposizioni pi\u00f9 dettagliate sulla relazione dell&#8217;amministratore giudiziario, nella quale si devono indicare i provvedimenti da adottare per la liberazione dei beni sequestrati; \u00e8 le forme di gestione pi\u00f9 idonee dei beni devono essere finalizzate anche alle determinazioni del tribunale.<\/p>\n<p><strong>L\u2019iniziativa del Tribunale di Palermo<\/strong>. In attesa dell\u2019approvazione della nuova disciplina, il Tribunale di Palermo (Sezione Misure di Prevenzione) ha definito le \u201cDirettive per lo svolgimento dell\u2019incarico di amministratore giudiziario\u201d (<em>pubblicate in allegato<\/em>) finalizzate a garantire la trasparenza delle procedure di nomina e gestione.<\/p>\n<p>Tali direttive riguardano differenti profili: requisiti di nomina; contenuti delle relazioni, istanze e note riservate; rapporti con il giudice delegato; nomina e compenso di coadiutori e collaboratori; indicazioni sull\u2019impiego delle diverse tipologie di beni \u2013 aziende, immobili, beni mobili, prodotti finanziari &#8211; \u00a0e adempimenti fiscali; rapporti con il Fondo unico per la giustizia; gestione delle spese e rendiconto. Di particolare interesse le disposizioni su:<\/p>\n<ul>\n<li>verifica delle situazioni di incompatibilit\u00e0 e conflitto di interesse e obbligo di osservare il codice di comportamento dei dipendenti pubblici;<\/li>\n<li>limitazioni alla discrezionalit\u00e0 nella scelta dei coadiutori (necessari ai fini del sequestro di prevenzione, il cui compenso, stabilito dal Tribunale, \u00e8 a carico dell\u2019Erario) e dei collaboratori (commercialisti, legali, etc necessari per la gestione dei beni, con oneri a carico del conto di gestione); anche per tali figure valgono le clausole di \u00a0incompatibilit\u00e0 e conflitto di interesse.<\/li>\n<li>limiti al numero e valore degli incarichi<\/li>\n<\/ul>\n<p><a href=\"https:\/\/welaikaadv.site\/avviso\/wp-content\/uploads\/2017\/03\/circolare-su-amministratori-giudiziari-palermo.pdf\" target=\"_blank\" rel=\"noopener noreferrer\"><em>Direttive del Tribunale di Palermo del 17 gennaio 2017<\/em><\/a><\/p>\n","protected":false},"excerpt":{"rendered":"<p>Premessa. Il tema degli amministratori giudiziari cui \u00e8 affidata la gestione dei beni confiscati alla criminalit\u00e0 organizzata, prima della loro destinazione definitiva, \u00e8 da tempo&nbsp;<span class=\"hellipsis\">[&hellip;]<\/span><a class=\"more-link\" href=\"https:\/\/welaikaadv.site\/avviso\/home\/cosa-facciamo\/informare\/documenti-tematici\/beni-confiscati\/nuove-regole-gli-amministratori-giudiziari-dei-beni-confiscati-alle-mafie\/\">Leggi tutto <span class=\"screen-reader-text\">Nuove regole per gli amministratori giudiziari dei beni confiscati alle mafie<\/span> <span class=\"meta-nav\" aria-hidden=\"true\">&rarr;<\/span><\/a><\/p>\n","protected":false},"author":1,"featured_media":0,"parent":190,"menu_order":50,"comment_status":"closed","ping_status":"closed","template":"page-templates\/boxed-sidebar-template.php","meta":{"_acf_changed":false,"_exactmetrics_skip_tracking":false,"_exactmetrics_sitenote_active":false,"_exactmetrics_sitenote_note":"","_exactmetrics_sitenote_category":0,"wp_social_preview_title":"","wp_social_preview_description":"","wp_social_preview_image":0,"footnotes":""},"class_list":["post-772","page","type-page","status-publish","hentry"],"acf":[],"yoast_head":"<!-- This site is optimized with the Yoast SEO plugin v27.2 - https:\/\/yoast.com\/product\/yoast-seo-wordpress\/ -->\n<title>Nuove regole per gli amministratori giudiziari dei beni confiscati alle mafie - Staging Avviso Pubblico<\/title>\n<meta name=\"description\" content=\"Sintesi delle novit\u00e0 nelle regole per gli amministratori giudiziari dei beni confiscati (febbraio 2017)\" \/>\n<meta name=\"robots\" content=\"noindex, follow, max-snippet:-1, max-image-preview:large, max-video-preview:-1\" \/>\n<meta property=\"og:locale\" content=\"it_IT\" \/>\n<meta property=\"og:type\" content=\"article\" \/>\n<meta property=\"og:title\" content=\"Nuove regole per gli amministratori giudiziari dei beni confiscati alle mafie - Staging Avviso Pubblico\" \/>\n<meta property=\"og:description\" content=\"Sintesi delle novit\u00e0 nelle regole per gli amministratori giudiziari dei beni confiscati (febbraio 2017)\" \/>\n<meta property=\"og:url\" content=\"https:\/\/welaikaadv.site\/avviso\/home\/cosa-facciamo\/informare\/documenti-tematici\/beni-confiscati\/nuove-regole-gli-amministratori-giudiziari-dei-beni-confiscati-alle-mafie\/\" \/>\n<meta property=\"og:site_name\" content=\"Staging Avviso Pubblico\" \/>\n<meta name=\"twitter:card\" content=\"summary_large_image\" \/>\n<meta name=\"twitter:label1\" content=\"Tempo di lettura stimato\" \/>\n\t<meta name=\"twitter:data1\" content=\"2 minuti\" \/>\n<script type=\"application\/ld+json\" class=\"yoast-schema-graph\">{\"@context\":\"https:\/\/schema.org\",\"@graph\":[{\"@type\":\"WebPage\",\"@id\":\"https:\/\/welaikaadv.site\/avviso\/home\/cosa-facciamo\/informare\/documenti-tematici\/beni-confiscati\/nuove-regole-gli-amministratori-giudiziari-dei-beni-confiscati-alle-mafie\/\",\"url\":\"https:\/\/welaikaadv.site\/avviso\/home\/cosa-facciamo\/informare\/documenti-tematici\/beni-confiscati\/nuove-regole-gli-amministratori-giudiziari-dei-beni-confiscati-alle-mafie\/\",\"name\":\"Nuove regole per gli amministratori giudiziari dei beni confiscati alle mafie - Staging Avviso Pubblico\",\"isPartOf\":{\"@id\":\"https:\/\/welaikaadv.site\/avviso\/#website\"},\"datePublished\":\"2017-08-16T11:16:29+00:00\",\"description\":\"Sintesi delle novit\u00e0 nelle regole per gli amministratori giudiziari dei beni confiscati (febbraio 2017)\",\"breadcrumb\":{\"@id\":\"https:\/\/welaikaadv.site\/avviso\/home\/cosa-facciamo\/informare\/documenti-tematici\/beni-confiscati\/nuove-regole-gli-amministratori-giudiziari-dei-beni-confiscati-alle-mafie\/#breadcrumb\"},\"inLanguage\":\"it-IT\",\"potentialAction\":[{\"@type\":\"ReadAction\",\"target\":[\"https:\/\/welaikaadv.site\/avviso\/home\/cosa-facciamo\/informare\/documenti-tematici\/beni-confiscati\/nuove-regole-gli-amministratori-giudiziari-dei-beni-confiscati-alle-mafie\/\"]}]},{\"@type\":\"BreadcrumbList\",\"@id\":\"https:\/\/welaikaadv.site\/avviso\/home\/cosa-facciamo\/informare\/documenti-tematici\/beni-confiscati\/nuove-regole-gli-amministratori-giudiziari-dei-beni-confiscati-alle-mafie\/#breadcrumb\",\"itemListElement\":[{\"@type\":\"ListItem\",\"position\":1,\"name\":\"Home\",\"item\":\"https:\/\/welaikaadv.site\/avviso\/\"},{\"@type\":\"ListItem\",\"position\":2,\"name\":\"Nuove regole per gli amministratori giudiziari dei beni confiscati alle mafie\"}]},{\"@type\":\"WebSite\",\"@id\":\"https:\/\/welaikaadv.site\/avviso\/#website\",\"url\":\"https:\/\/welaikaadv.site\/avviso\/\",\"name\":\"Staging Avviso Pubblico\",\"description\":\"\",\"publisher\":{\"@id\":\"https:\/\/welaikaadv.site\/avviso\/#organization\"},\"potentialAction\":[{\"@type\":\"SearchAction\",\"target\":{\"@type\":\"EntryPoint\",\"urlTemplate\":\"https:\/\/welaikaadv.site\/avviso\/?s={search_term_string}\"},\"query-input\":{\"@type\":\"PropertyValueSpecification\",\"valueRequired\":true,\"valueName\":\"search_term_string\"}}],\"inLanguage\":\"it-IT\"},{\"@type\":\"Organization\",\"@id\":\"https:\/\/welaikaadv.site\/avviso\/#organization\",\"name\":\"Staging Avviso Pubblico\",\"url\":\"https:\/\/welaikaadv.site\/avviso\/\",\"logo\":{\"@type\":\"ImageObject\",\"inLanguage\":\"it-IT\",\"@id\":\"https:\/\/welaikaadv.site\/avviso\/#\/schema\/logo\/image\/\",\"url\":\"https:\/\/welaikaadv.site\/avviso\/wp-content\/uploads\/2024\/08\/logoAPsito-400.png\",\"contentUrl\":\"https:\/\/welaikaadv.site\/avviso\/wp-content\/uploads\/2024\/08\/logoAPsito-400.png\",\"width\":400,\"height\":97,\"caption\":\"Staging Avviso Pubblico\"},\"image\":{\"@id\":\"https:\/\/welaikaadv.site\/avviso\/#\/schema\/logo\/image\/\"}}]}<\/script>\n<!-- \/ Yoast SEO plugin. -->","yoast_head_json":{"title":"Nuove regole per gli amministratori giudiziari dei beni confiscati alle mafie - Staging Avviso Pubblico","description":"Sintesi delle novit\u00e0 nelle regole per gli amministratori giudiziari dei beni confiscati (febbraio 2017)","robots":{"index":"noindex","follow":"follow","max-snippet":"max-snippet:-1","max-image-preview":"max-image-preview:large","max-video-preview":"max-video-preview:-1"},"og_locale":"it_IT","og_type":"article","og_title":"Nuove regole per gli amministratori giudiziari dei beni confiscati alle mafie - Staging Avviso Pubblico","og_description":"Sintesi delle novit\u00e0 nelle regole per gli amministratori giudiziari dei beni confiscati (febbraio 2017)","og_url":"https:\/\/welaikaadv.site\/avviso\/home\/cosa-facciamo\/informare\/documenti-tematici\/beni-confiscati\/nuove-regole-gli-amministratori-giudiziari-dei-beni-confiscati-alle-mafie\/","og_site_name":"Staging Avviso Pubblico","twitter_card":"summary_large_image","twitter_misc":{"Tempo di lettura stimato":"2 minuti"},"schema":{"@context":"https:\/\/schema.org","@graph":[{"@type":"WebPage","@id":"https:\/\/welaikaadv.site\/avviso\/home\/cosa-facciamo\/informare\/documenti-tematici\/beni-confiscati\/nuove-regole-gli-amministratori-giudiziari-dei-beni-confiscati-alle-mafie\/","url":"https:\/\/welaikaadv.site\/avviso\/home\/cosa-facciamo\/informare\/documenti-tematici\/beni-confiscati\/nuove-regole-gli-amministratori-giudiziari-dei-beni-confiscati-alle-mafie\/","name":"Nuove regole per gli amministratori giudiziari dei beni confiscati alle mafie - Staging Avviso Pubblico","isPartOf":{"@id":"https:\/\/welaikaadv.site\/avviso\/#website"},"datePublished":"2017-08-16T11:16:29+00:00","description":"Sintesi delle novit\u00e0 nelle regole per gli amministratori giudiziari dei beni confiscati (febbraio 2017)","breadcrumb":{"@id":"https:\/\/welaikaadv.site\/avviso\/home\/cosa-facciamo\/informare\/documenti-tematici\/beni-confiscati\/nuove-regole-gli-amministratori-giudiziari-dei-beni-confiscati-alle-mafie\/#breadcrumb"},"inLanguage":"it-IT","potentialAction":[{"@type":"ReadAction","target":["https:\/\/welaikaadv.site\/avviso\/home\/cosa-facciamo\/informare\/documenti-tematici\/beni-confiscati\/nuove-regole-gli-amministratori-giudiziari-dei-beni-confiscati-alle-mafie\/"]}]},{"@type":"BreadcrumbList","@id":"https:\/\/welaikaadv.site\/avviso\/home\/cosa-facciamo\/informare\/documenti-tematici\/beni-confiscati\/nuove-regole-gli-amministratori-giudiziari-dei-beni-confiscati-alle-mafie\/#breadcrumb","itemListElement":[{"@type":"ListItem","position":1,"name":"Home","item":"https:\/\/welaikaadv.site\/avviso\/"},{"@type":"ListItem","position":2,"name":"Nuove regole per gli amministratori giudiziari dei beni confiscati alle mafie"}]},{"@type":"WebSite","@id":"https:\/\/welaikaadv.site\/avviso\/#website","url":"https:\/\/welaikaadv.site\/avviso\/","name":"Staging Avviso Pubblico","description":"","publisher":{"@id":"https:\/\/welaikaadv.site\/avviso\/#organization"},"potentialAction":[{"@type":"SearchAction","target":{"@type":"EntryPoint","urlTemplate":"https:\/\/welaikaadv.site\/avviso\/?s={search_term_string}"},"query-input":{"@type":"PropertyValueSpecification","valueRequired":true,"valueName":"search_term_string"}}],"inLanguage":"it-IT"},{"@type":"Organization","@id":"https:\/\/welaikaadv.site\/avviso\/#organization","name":"Staging Avviso Pubblico","url":"https:\/\/welaikaadv.site\/avviso\/","logo":{"@type":"ImageObject","inLanguage":"it-IT","@id":"https:\/\/welaikaadv.site\/avviso\/#\/schema\/logo\/image\/","url":"https:\/\/welaikaadv.site\/avviso\/wp-content\/uploads\/2024\/08\/logoAPsito-400.png","contentUrl":"https:\/\/welaikaadv.site\/avviso\/wp-content\/uploads\/2024\/08\/logoAPsito-400.png","width":400,"height":97,"caption":"Staging Avviso Pubblico"},"image":{"@id":"https:\/\/welaikaadv.site\/avviso\/#\/schema\/logo\/image\/"}}]}},"_links":{"self":[{"href":"https:\/\/welaikaadv.site\/avviso\/wp-json\/wp\/v2\/pages\/772","targetHints":{"allow":["GET"]}}],"collection":[{"href":"https:\/\/welaikaadv.site\/avviso\/wp-json\/wp\/v2\/pages"}],"about":[{"href":"https:\/\/welaikaadv.site\/avviso\/wp-json\/wp\/v2\/types\/page"}],"author":[{"embeddable":true,"href":"https:\/\/welaikaadv.site\/avviso\/wp-json\/wp\/v2\/users\/1"}],"replies":[{"embeddable":true,"href":"https:\/\/welaikaadv.site\/avviso\/wp-json\/wp\/v2\/comments?post=772"}],"version-history":[{"count":0,"href":"https:\/\/welaikaadv.site\/avviso\/wp-json\/wp\/v2\/pages\/772\/revisions"}],"up":[{"embeddable":true,"href":"https:\/\/welaikaadv.site\/avviso\/wp-json\/wp\/v2\/pages\/190"}],"wp:attachment":[{"href":"https:\/\/welaikaadv.site\/avviso\/wp-json\/wp\/v2\/media?parent=772"}],"curies":[{"name":"wp","href":"https:\/\/api.w.org\/{rel}","templated":true}]}}