{"id":245,"date":"2020-04-21T11:15:02","date_gmt":"2020-04-21T11:15:02","guid":{"rendered":"https:\/\/welaikaadv.site\/manasrlwp\/?page_id=245"},"modified":"2020-04-22T08:02:25","modified_gmt":"2020-04-22T08:02:25","slug":"buone-prassi","status":"publish","type":"page","link":"https:\/\/welaikaadv.site\/manasrlwp\/impianti\/buone-prassi\/","title":{"rendered":"Buone prassi"},"content":{"rendered":"<div id=\"pl-245\"  class=\"panel-layout\" ><div id=\"pg-245-0\"  class=\"panel-grid panel-has-style\" ><div class=\"panel-row-style panel-row-style-for-245-0\" ><div id=\"pgc-245-0-0\"  class=\"panel-grid-cell\" ><div id=\"panel-245-0-0-0\" class=\"so-panel widget widget_sow-headline panel-first-child panel-last-child\" data-index=\"0\" ><div class=\"panel-widget-style panel-widget-style-for-245-0-0-0\" ><div class=\"so-widget-sow-headline so-widget-sow-headline-default-771b70f7f01f-245\"><div class=\"sow-headline-container \">\n\t<h2 class='sow-headline'>Il nostro decalogo di buone prassi per l'impiantistica<\/h2><\/div><\/div><\/div><\/div><\/div><\/div><\/div><div id=\"pg-245-1\"  class=\"panel-grid panel-has-style\" ><div class=\"panel-row-style panel-row-style-for-245-1\" ><div id=\"pgc-245-1-0\"  class=\"panel-grid-cell\" ><div id=\"panel-245-1-0-0\" class=\"so-panel widget widget_sow-image panel-first-child\" data-index=\"1\" ><div class=\"so-widget-sow-image so-widget-sow-image-default-6b88c04c1f9b-245\">\n\n<div class=\"sow-image-container\">\n\t\t<img src=\"https:\/\/welaikaadv.site\/manasrlwp\/wp-content\/uploads\/2019\/09\/icoEnergia100.png\" width=\"100\" height=\"100\" sizes=\"(max-width: 100px) 100vw, 100px\" title=\"Neutralit\u00e0 tecnologica\" alt=\"Energia\" loading=\"lazy\" \t\tclass=\"so-widget-image\"\/>\n\t<\/div>\n\n<h3 class=\"widget-title\">Neutralit\u00e0 tecnologica<\/h3><\/div><\/div><div id=\"panel-245-1-0-1\" class=\"so-panel widget widget_text panel-last-child\" data-index=\"2\" ><div class=\"text--centered panel-widget-style panel-widget-style-for-245-1-0-1\" >\t\t\t<div class=\"textwidget\"><p>applichiamo il principio di neutralit\u00e0 tecnologica: per ogni lavoro usiamo la miglior tecnologia possibile in efficienza e sostenibilit\u00e0<\/p>\n<\/div>\n\t\t<\/div><\/div><\/div><div id=\"pgc-245-1-1\"  class=\"panel-grid-cell\" ><div id=\"panel-245-1-1-0\" class=\"so-panel widget widget_sow-image panel-first-child\" data-index=\"3\" ><div class=\"so-widget-sow-image so-widget-sow-image-default-6b88c04c1f9b-245\">\n\n<div class=\"sow-image-container\">\n\t\t<img src=\"https:\/\/welaikaadv.site\/manasrlwp\/wp-content\/uploads\/2020\/04\/icoTecnologiaImpianti100.png\" width=\"100\" height=\"100\" sizes=\"(max-width: 100px) 100vw, 100px\" title=\"Tecnologia\" alt=\"\" loading=\"lazy\" \t\tclass=\"so-widget-image\"\/>\n\t<\/div>\n\n<h3 class=\"widget-title\">Tecnologia<\/h3><\/div><\/div><div id=\"panel-245-1-1-1\" class=\"so-panel widget widget_text panel-last-child\" data-index=\"4\" ><div class=\"text--centered panel-widget-style panel-widget-style-for-245-1-1-1\" >\t\t\t<div class=\"textwidget\"><p>ricerchiamo e sviluppiamo tecnologie innovative<\/p>\n<\/div>\n\t\t<\/div><\/div><\/div><div id=\"pgc-245-1-2\"  class=\"panel-grid-cell\" ><div id=\"panel-245-1-2-0\" class=\"so-panel widget widget_sow-image panel-first-child\" data-index=\"5\" ><div class=\"so-widget-sow-image so-widget-sow-image-default-6b88c04c1f9b-245\">\n\n<div class=\"sow-image-container\">\n\t\t<img src=\"https:\/\/welaikaadv.site\/manasrlwp\/wp-content\/uploads\/2019\/09\/icoTrasporti100.png\" width=\"100\" height=\"100\" sizes=\"(max-width: 100px) 100vw, 100px\" title=\"Trasporti\" alt=\"Trasporti\" loading=\"lazy\" \t\tclass=\"so-widget-image\"\/>\n\t<\/div>\n\n<h3 class=\"widget-title\">Trasporti<\/h3><\/div><\/div><div id=\"panel-245-1-2-1\" class=\"so-panel widget widget_text panel-last-child\" data-index=\"6\" ><div class=\"text--centered panel-widget-style panel-widget-style-for-245-1-2-1\" >\t\t\t<div class=\"textwidget\"><p>perseguiamo la sostenibilit\u00e0 dei trasporti in ogni nostra operazione tramite l\u2019utilizzo di veicoli ecologici e, ove possibile, smart working<\/p>\n<\/div>\n\t\t<\/div><\/div><\/div><\/div><\/div><div id=\"pg-245-2\"  class=\"panel-grid panel-has-style\" ><div class=\"panel-row-style panel-row-style-for-245-2\" ><div id=\"pgc-245-2-0\"  class=\"panel-grid-cell\" ><div id=\"panel-245-2-0-0\" class=\"so-panel widget widget_sow-image panel-first-child\" data-index=\"7\" ><div class=\"so-widget-sow-image so-widget-sow-image-default-6b88c04c1f9b-245\">\n\n<div class=\"sow-image-container\">\n\t\t<img src=\"https:\/\/welaikaadv.site\/manasrlwp\/wp-content\/uploads\/2020\/04\/icoEconomiaCircolare100.png\" width=\"100\" height=\"100\" sizes=\"(max-width: 100px) 100vw, 100px\" title=\"Economia circolare\" alt=\"\" loading=\"lazy\" \t\tclass=\"so-widget-image\"\/>\n\t<\/div>\n\n<h3 class=\"widget-title\">Economia circolare<\/h3><\/div><\/div><div id=\"panel-245-2-0-1\" class=\"so-panel widget widget_text panel-last-child\" data-index=\"8\" ><div class=\"text--centered panel-widget-style panel-widget-style-for-245-2-0-1\" >\t\t\t<div class=\"textwidget\"><p>mettiamo particolare attenzione ai meccanismi dell\u2019economia circolare<\/p>\n<\/div>\n\t\t<\/div><\/div><\/div><div id=\"pgc-245-2-1\"  class=\"panel-grid-cell\" ><div id=\"panel-245-2-1-0\" class=\"so-panel widget widget_sow-image panel-first-child\" data-index=\"9\" ><div class=\"so-widget-sow-image so-widget-sow-image-default-6b88c04c1f9b-245\">\n\n<div class=\"sow-image-container\">\n\t\t<img src=\"https:\/\/welaikaadv.site\/manasrlwp\/wp-content\/uploads\/2019\/09\/icoLocation100.png\" width=\"100\" height=\"100\" sizes=\"(max-width: 100px) 100vw, 100px\" title=\"Territorio\" alt=\"\" loading=\"lazy\" \t\tclass=\"so-widget-image\"\/>\n\t<\/div>\n\n<h3 class=\"widget-title\">Territorio<\/h3><\/div><\/div><div id=\"panel-245-2-1-1\" class=\"so-panel widget widget_text panel-last-child\" data-index=\"10\" ><div class=\"text--centered panel-widget-style panel-widget-style-for-245-2-1-1\" >\t\t\t<div class=\"textwidget\"><p>studiamo il territorio per progettare al meglio le soluzioni di approvvigionamento energetico<\/p>\n<\/div>\n\t\t<\/div><\/div><\/div><div id=\"pgc-245-2-2\"  class=\"panel-grid-cell\" ><div id=\"panel-245-2-2-0\" class=\"so-panel widget widget_sow-image panel-first-child\" data-index=\"11\" ><div class=\"so-widget-sow-image so-widget-sow-image-default-6b88c04c1f9b-245\">\n\n<div class=\"sow-image-container\">\n\t\t<img src=\"https:\/\/welaikaadv.site\/manasrlwp\/wp-content\/uploads\/2019\/09\/icoAnalisi100.png\" width=\"100\" height=\"100\" sizes=\"(max-width: 100px) 100vw, 100px\" title=\"Analisi\" alt=\"Analisi dell&#039;evento\" loading=\"lazy\" \t\tclass=\"so-widget-image\"\/>\n\t<\/div>\n\n<h3 class=\"widget-title\">Analisi<\/h3><\/div><\/div><div id=\"panel-245-2-2-1\" class=\"so-panel widget widget_text panel-last-child\" data-index=\"12\" ><div class=\"text--centered panel-widget-style panel-widget-style-for-245-2-2-1\" >\t\t\t<div class=\"textwidget\"><p>analizziamo e profiliamo il cliente per progettare al meglio ed in maniera sostenibile tutti gli interventi<\/p>\n<\/div>\n\t\t<\/div><\/div><\/div><\/div><\/div><div id=\"pg-245-3\"  class=\"panel-grid panel-has-style\" ><div class=\"panel-row-style panel-row-style-for-245-3\" ><div id=\"pgc-245-3-0\"  class=\"panel-grid-cell\" ><div id=\"panel-245-3-0-0\" class=\"so-panel widget widget_sow-image panel-first-child\" data-index=\"13\" ><div class=\"so-widget-sow-image so-widget-sow-image-default-6b88c04c1f9b-245\">\n\n<div class=\"sow-image-container\">\n\t\t<img src=\"https:\/\/welaikaadv.site\/manasrlwp\/wp-content\/uploads\/2019\/09\/icoCompensazione100.png\" width=\"100\" height=\"100\" sizes=\"(max-width: 100px) 100vw, 100px\" title=\"Impatto ambientale\" alt=\"Compensazione\" loading=\"lazy\" \t\tclass=\"so-widget-image\"\/>\n\t<\/div>\n\n<h3 class=\"widget-title\">Impatto ambientale<\/h3><\/div><\/div><div id=\"panel-245-3-0-1\" class=\"so-panel widget widget_text panel-last-child\" data-index=\"14\" ><div class=\"text--centered panel-widget-style panel-widget-style-for-245-3-0-1\" >\t\t\t<div class=\"textwidget\"><p>studiamo i meccanismi di produzione e il loro impatto sull\u2019aria: il benessere ambientale \u00e8 anche quello umano<\/p>\n<\/div>\n\t\t<\/div><\/div><\/div><div id=\"pgc-245-3-1\"  class=\"panel-grid-cell\" ><div id=\"panel-245-3-1-0\" class=\"so-panel widget widget_sow-image panel-first-child\" data-index=\"15\" ><div class=\"so-widget-sow-image so-widget-sow-image-default-6b88c04c1f9b-245\">\n\n<div class=\"sow-image-container\">\n\t\t<img src=\"https:\/\/welaikaadv.site\/manasrlwp\/wp-content\/uploads\/2019\/09\/icoComunicazione100.png\" width=\"100\" height=\"100\" sizes=\"(max-width: 100px) 100vw, 100px\" title=\"Visibilit\u00e0\" alt=\"\" loading=\"lazy\" \t\tclass=\"so-widget-image\"\/>\n\t<\/div>\n\n<h3 class=\"widget-title\">Visibilit\u00e0<\/h3><\/div><\/div><div id=\"panel-245-3-1-1\" class=\"so-panel widget widget_text panel-last-child\" data-index=\"16\" ><div class=\"text--centered panel-widget-style panel-widget-style-for-245-3-1-1\" >\t\t\t<div class=\"textwidget\"><p>diamo voce alle startup e alle imprese che ricercano e studiano nel campo della sostenibilit\u00e0<\/p>\n<\/div>\n\t\t<\/div><\/div><\/div><div id=\"pgc-245-3-2\"  class=\"panel-grid-cell\" ><div id=\"panel-245-3-2-0\" class=\"so-panel widget widget_sow-image panel-first-child\" data-index=\"17\" ><div class=\"so-widget-sow-image so-widget-sow-image-default-6b88c04c1f9b-245\">\n\n<div class=\"sow-image-container\">\n\t\t<img src=\"https:\/\/welaikaadv.site\/manasrlwp\/wp-content\/uploads\/2020\/04\/icoInvestimentiImpianti100.png\" width=\"100\" height=\"100\" sizes=\"(max-width: 100px) 100vw, 100px\" title=\"Investimenti\" alt=\"\" loading=\"lazy\" \t\tclass=\"so-widget-image\"\/>\n\t<\/div>\n\n<h3 class=\"widget-title\">Investimenti<\/h3><\/div><\/div><div id=\"panel-245-3-2-1\" class=\"so-panel widget widget_text panel-last-child\" data-index=\"18\" ><div class=\"text--centered panel-widget-style panel-widget-style-for-245-3-2-1\" >\t\t\t<div class=\"textwidget\"><p>investiamo parte dei ricavi in piantumazioni o altri progetti volti all\u2019abbattimento dei gas serra<\/p>\n<\/div>\n\t\t<\/div><\/div><\/div><\/div><\/div><div id=\"pg-245-4\"  class=\"panel-grid panel-has-style\" ><div class=\"panel-row-style panel-row-style-for-245-4\" ><div id=\"pgc-245-4-0\"  class=\"panel-grid-cell panel-grid-cell-empty\" ><\/div><div id=\"pgc-245-4-1\"  class=\"panel-grid-cell panel-grid-cell-mobile-last\" ><div id=\"panel-245-4-1-0\" class=\"so-panel widget widget_sow-image panel-first-child\" data-index=\"19\" ><div class=\"so-widget-sow-image so-widget-sow-image-default-6b88c04c1f9b-245\">\n\n<div class=\"sow-image-container\">\n\t\t<img src=\"https:\/\/welaikaadv.site\/manasrlwp\/wp-content\/uploads\/2019\/09\/icoInvestimenti100.png\" width=\"100\" height=\"100\" sizes=\"(max-width: 100px) 100vw, 100px\" title=\"Futuro sostenibile\" alt=\"Investimenti\" loading=\"lazy\" \t\tclass=\"so-widget-image\"\/>\n\t<\/div>\n\n<h3 class=\"widget-title\">Futuro sostenibile<\/h3><\/div><\/div><div id=\"panel-245-4-1-1\" class=\"so-panel widget widget_text panel-last-child\" data-index=\"20\" ><div class=\"text--centered panel-widget-style panel-widget-style-for-245-4-1-1\" >\t\t\t<div class=\"textwidget\"><p>siamo convinti che la riconversione delle filiere produttive ed economiche sia un passo avanti verso un futuro sostenibile<\/p>\n<\/div>\n\t\t<\/div><\/div><\/div><div id=\"pgc-245-4-2\"  class=\"panel-grid-cell panel-grid-cell-empty\" ><\/div><\/div><\/div><\/div>","protected":false},"excerpt":{"rendered":"<p>applichiamo il principio di neutralit\u00e0 tecnologica: per ogni lavoro usiamo la miglior tecnologia possibile in efficienza e sostenibilit\u00e0 ricerchiamo e sviluppiamo tecnologie innovative perseguiamo la sostenibilit\u00e0 dei trasporti in ogni nostra operazione tramite l\u2019utilizzo di veicoli ecologici e, ove possibile, smart working\n <a href=\"https:\/\/welaikaadv.site\/manasrlwp\/impianti\/buone-prassi\/\" class=\"read-more below\" title=\"READ MORE\">READ MORE<\/a><\/p>","protected":false},"author":1,"featured_media":0,"parent":216,"menu_order":20,"comment_status":"closed","ping_status":"closed","template":"template-full-width-no-bottom-margin.php","meta":[],"_links":{"self":[{"href":"https:\/\/welaikaadv.site\/manasrlwp\/wp-json\/wp\/v2\/pages\/245"}],"collection":[{"href":"https:\/\/welaikaadv.site\/manasrlwp\/wp-json\/wp\/v2\/pages"}],"about":[{"href":"https:\/\/welaikaadv.site\/manasrlwp\/wp-json\/wp\/v2\/types\/page"}],"author":[{"embeddable":true,"href":"https:\/\/welaikaadv.site\/manasrlwp\/wp-json\/wp\/v2\/users\/1"}],"replies":[{"embeddable":true,"href":"https:\/\/welaikaadv.site\/manasrlwp\/wp-json\/wp\/v2\/comments?post=245"}],"version-history":[{"count":8,"href":"https:\/\/welaikaadv.site\/manasrlwp\/wp-json\/wp\/v2\/pages\/245\/revisions"}],"predecessor-version":[{"id":333,"href":"https:\/\/welaikaadv.site\/manasrlwp\/wp-json\/wp\/v2\/pages\/245\/revisions\/333"}],"up":[{"embeddable":true,"href":"https:\/\/welaikaadv.site\/manasrlwp\/wp-json\/wp\/v2\/pages\/216"}],"wp:attachment":[{"href":"https:\/\/welaikaadv.site\/manasrlwp\/wp-json\/wp\/v2\/media?parent=245"}],"curies":[{"name":"wp","href":"https:\/\/api.w.org\/{rel}","templated":true}]}}